159
CXUS54 KSHV 011400
CF6GGG
PRELIMINARY LOCAL CLIMATOLOGICAL DATA (WS FORM: F-6)
STATION: LONGVIEW
MONTH: NOVEMBER
YEAR: 2020
LATITUDE: 32 22 N
LONGITUDE: 94 43 W
TEMPERATURE IN F: :PCPN: SNOW: WIND :SUNSHINE: SKY :PK WND
================================================================================
1 2 3 4 5 6A 6B 7 8 9 10 11 12 13 14 15 16 17 18
12Z AVG MX 2MIN
DY MAX MIN AVG DEP HDD CDD WTR SNW DPTH SPD SPD DIR MIN PSBL S-S WX SPD DR
================================================================================
1 75 41 58 -3 7 0 0.00 0.0 0 4.7 15 40 M M 0 1 22 50
2 68 36 52 -9 13 0 0.00 0.0 0 2.5 13 130 M M 0 16 120
3 75 38 57 -4 8 0 0.00 0.0 0 3.9 9 230 M M 0 14 220
4 76 40 58 -2 7 0 0.00 0.0 0 5.7 15 200 M M 0 19 190
5 79 48 64 4 1 0 0.00 0.0 0 4.4 10 130 M M 3 14 200
6 76 50 63 3 2 0 0.00 0.0 0 2.3 10 100 M M 1 13 100
7 80 47 64 5 1 0 0.00 0.0 0 3.4 13 80 M M 1 1 16 90
8 77 60 69 10 0 4 0.00 0.0 0 6.3 15 140 M M 7 18 17 140
9 76 67 72 13 0 7 T 0.0 0 7.4 17 150 M M 9 1 20 140
10 81 63 72 14 0 7 0.01 0.0 0 7.6 15 170 M M 8 20 170
11 77 49 63 5 2 0 0.00 0.0 0 4.7 12 350 M M 2 14 340
12 80 45 63 5 2 0 0.00 0.0 0 3.7 9 120 M M 0 14 270
13 79 52 66 9 0 1 0.00 0.0 0 6.0 10 120 M M 2 14 90
14 82 62 72 15 0 7 0.00 0.0 0 11.1 22 190 M M 6 29 180
15 73 38 56 0 9 0 T 0.0 0 8.8 30 320 M M 1 39 340
16 69 32 51 -5 14 0 0.00 0.0 0 2.3 12 150 M M 0 15 150
17 74 35 55 -1 10 0 0.00 0.0 0 3.2 12 80 M M 0 16 80
18 73 39 56 1 9 0 0.00 0.0 0 6.8 17 150 M M 0 21 140
19 77 40 59 4 6 0 0.00 0.0 0 9.5 17 180 M M 0 25 160
20 72 54 63 8 2 0 0.00 0.0 0 5.1 10 170 M M 5 18 13 80
21 78 51 65 11 0 0 0.00 0.0 0 3.9 13 150 M M 4 12 16 170
22 73 52 63 9 2 0 0.14 0.0 0 6.4 21 340 M M 8 1 25 340
23 63 48 56 2 9 0 0.00 0.0 0 6.9 12 140 M M 4 16 90
24 72 45 59 6 6 0 0.02 0.0 0 10.1 24 180 M M 8 1 30 190
25 71 40 56 3 9 0 0.56 0.0 0 7.5 30 270 M M 2 13 39 300
26 71 36 54 2 11 0 0.00 0.0 0 5.2 13 130 M M 2 1 17 120
27 64 58 61 9 4 0 T 0.0 0 5.1 12 150 M M 10 18 17 20
28 58 48 53 1 12 0 0.04 0.0 0 7.8 14 60 M M 7 8 20 50
29 50 43 47 -5 18 0 0.15 0.0 0 8.9 21 320 M M 8 1 26 330
30 52 27 40 -11 25 0 0.00 0.0 0 9.8 24 340 M M 0 32 350
================================================================================
SM 2171 1384 189 26 0.92 0.0 181.0 M 98
================================================================================
AV 72.4 46.1 6.0 FASTST M M 3 MAX(MPH)
MISC ----> # 30 320 # 39 340
================================================================================
NOTES:
# LAST OF SEVERAL OCCURRENCES
COLUMN 17 PEAK WIND IN M.P.H.
PRELIMINARY LOCAL CLIMATOLOGICAL DATA (WS FORM: F-6) , PAGE 2
STATION: LONGVIEW
MONTH: NOVEMBER
YEAR: 2020
LATITUDE: 32 22 N
LONGITUDE: 94 43 W
[TEMPERATURE DATA] [PRECIPITATION DATA] SYMBOLS USED IN COLUMN 16
AVERAGE MONTHLY: 59.3 TOTAL FOR MONTH: 0.92 1 = FOG OR MIST
DPTR FM NORMAL: 3.0 DPTR FM NORMAL: -3.57 2 = FOG REDUCING VISIBILITY
HIGHEST: 82 ON 14 GRTST 24HR 0.58 ON 24-25 TO 1/4 MILE OR LESS
LOWEST: 27 ON 30 3 = THUNDER
SNOW, ICE PELLETS, HAIL 4 = ICE PELLETS
TOTAL MONTH: 0.0 INCH 5 = HAIL
GRTST 24HR 0.0 6 = FREEZING RAIN OR DRIZZLE
GRTST DEPTH: 0 7 = DUSTSTORM OR SANDSTORM:
VSBY 1/2 MILE OR LESS
8 = SMOKE OR HAZE
[NO. OF DAYS WITH] [WEATHER - DAYS WITH] 9 = BLOWING SNOW
X = TORNADO
MAX 32 OR BELOW: 0 0.01 INCH OR MORE: 6
MAX 90 OR ABOVE: 0 0.10 INCH OR MORE: 3
MIN 32 OR BELOW: 2 0.50 INCH OR MORE: 1
MIN 0 OR BELOW: 0 1.00 INCH OR MORE: 0
[HDD (BASE 65) ]
TOTAL THIS MO. 189 CLEAR (SCALE 0-3) 18
DPTR FM NORMAL -94 PTCLDY (SCALE 4-7) 8
TOTAL FM JUL 1 300 CLOUDY (SCALE 8-10) 4
DPTR FM NORMAL -70
[CDD (BASE 65) ]
TOTAL THIS MO. 26
DPTR FM NORMAL 4 [PRESSURE DATA]
TOTAL FM JAN 1 2513 HIGHEST SLP 30.56 ON 2
DPTR FM NORMAL 96 LOWEST SLP 29.73 ON 14
[REMARKS]
#FINAL-11-20#