000
CXUS55 KGJT 011020
CF6GJT
PRELIMINARY LOCAL CLIMATOLOGICAL DATA (WS FORM: F-6)

                                          STATION:   GRAND JUNCTION CO
                                          MONTH:     JANUARY
                                          YEAR:      2018
                                          LATITUDE:   39  7 N
                                          LONGITUDE: 108 32 W

  TEMPERATURE IN F:       :PCPN:    SNOW:  WIND      :SUNSHINE: SKY     :PK WND
================================================================================
1   2   3   4   5  6A  6B    7    8   9   10  11  12  13   14  15   16   17  18
                                     12Z  AVG MX 2MIN
DY MAX MIN AVG DEP HDD CDD  WTR  SNW DPTH SPD SPD DIR MIN PSBL S-S WX    SPD DR
================================================================================

 1  48  18  33   7  32   0 0.00  0.0    0  4.0 12 120   M    M   0        13 120
 2  46  16  31   5  34   0 0.00  0.0    0  4.5 15 130   M    M   0        16  30
 3  41  12  27   1  38   0 0.00  0.0    0  5.9 16 140   M    M   0        19 130
 4  44  10  27   1  38   0 0.00  0.0    0  4.8 12 300   M    M   0        13 300
 5  46  14  30   4  35   0 0.00  0.0    0  3.6 10 300   M    M   0        13 300
 6  40  19  30   4  35   0 0.12  0.9    0  4.7 13  10   M    M   6 1      15  20
 7  43  23  33   7  32   0 0.00  0.0    1  3.8 12 330   M    M   6 1      14 350
 8  40  19  30   4  35   0 0.03    T    0  3.2  9  30   M    M   3 1      11  30
 9  44  32  38  12  27   0 0.02  0.0    0  1.9  9 310   M    M   9 1      11 320
10  40  35  38  11  27   0 0.13  0.0    0  8.6 23 330   M    M  10 12     27 340
11  44  26  35   8  30   0 0.00  0.0    0  5.4 16  50   M    M   3        19  70
12  46  25  36   9  29   0 0.00  0.0    0  4.9 15 110   M    M   2        18 110
13  47  23  35   8  30   0 0.00  0.0    0  5.4 14 120   M    M   0 8      16 120
14  49  23  36   9  29   0 0.00  0.0    0  5.3 15 120   M    M   0        16 120
15  50  19  35   8  30   0 0.00  0.0    0  5.6 18  50   M    M   0        23  40
16  43  18  31   4  34   0 0.00  0.0    0  4.9 14 130   M    M   0        15 130
17  46  15  31   4  34   0 0.00  0.0    0  4.9 15 150   M    M   0        17 140
18  48  18  33   6  32   0 0.00  0.0    0  4.7 14 120   M    M   0        16 120
19  48  23  36   9  29   0 0.00  0.0    0  3.5 13 130   M    M   0        13 130
20  51  28  40  13  25   0 0.05  0.0    0  9.5 28 160   M    M   7 1      34 160
21  35  12  24  -4  41   0 0.41  3.4    2 10.4 25 310   M    M   8 1      28 320
22  28   7  18 -10  47   0 0.00  0.0    2  5.5 14  90   M    M   2        15 120
23  35  10  23  -5  42   0 0.00  0.0    2  4.4  8  90   M    M   1        10  80
24  38  10  24  -4  41   0 0.00  0.0    2  4.2 14 110   M    M   0        15 110
25  36  15  26  -2  39   0 0.00  0.0    1  3.5 15 310   M    M   0        18 310
26  41  21  31   3  34   0    T    T    1  5.0 16 300   M    M   4 1      20 310
27  39  17  28  -1  37   0 0.00  0.0    1  7.9 18 110   M    M   1        21 100
28  46  15  31   2  34   0 0.00  0.0    1  4.6 13 120   M    M   0        13 110
29  49  22  36   7  29   0 0.00  0.0    T  4.9 13 120   M    M   0        14 110
30  50  25  38   9  27   0 0.00  0.0    T  3.7 13 320   M    M   0        15 310
31  52  27  40  10  25   0 0.00  0.0    T  2.4 10  70   M    M   0        12  70
================================================================================
SM 1353  597      1031   0  0.76     4.3 155.6          M       62
================================================================================
AV 43.7 19.3                               5.0 FASTST   M    M   2    MAX(MPH)
                                 MISC ---->  # 28 160               # 34  160
================================================================================
NOTES:
# LAST OF SEVERAL OCCURRENCES

COLUMN 17 PEAK WIND IN M.P.H.

PRELIMINARY LOCAL CLIMATOLOGICAL DATA (WS FORM: F-6) , PAGE 2

                                          STATION:  GRAND JUNCTION CO
                                          MONTH:    JANUARY
                                          YEAR:     2018
                                          LATITUDE:   39  7 N
                                          LONGITUDE: 108 32 W

[TEMPERATURE DATA]      [PRECIPITATION DATA]       SYMBOLS USED IN COLUMN 16

AVERAGE MONTHLY: 31.5   TOTAL FOR MONTH:   0.76    1 = FOG OR MIST
DPTR FM NORMAL:   4.1   DPTR FM NORMAL:    0.18    2 = FOG REDUCING VISIBILITY
HIGHEST:    52 ON 31    GRTST 24HR  0.41 ON 21-21      TO 1/4 MILE OR LESS
LOWEST:      7 ON 22                               3 = THUNDER
                        SNOW, ICE PELLETS, HAIL    4 = ICE PELLETS
                        TOTAL MONTH:   4.3 INCHES  5 = HAIL
                        GRTST 24HR   3.4 ON 21-21  6 = FREEZING RAIN OR DRIZZLE
                        GRTST DEPTH:   2 ON 24,23  7 = DUSTSTORM OR SANDSTORM:
                                                       VSBY 1/2 MILE OR LESS
                                                   8 = SMOKE OR HAZE
[NO. OF DAYS WITH]      [WEATHER - DAYS WITH]      9 = BLOWING SNOW
                                                   X = TORNADO
MAX 32 OR BELOW:   1    0.01 INCH OR MORE:   6
MAX 90 OR ABOVE:   0    0.10 INCH OR MORE:   3
MIN 32 OR BELOW:  30    0.50 INCH OR MORE:   0
MIN  0 OR BELOW:   0    1.00 INCH OR MORE:   0

[HDD (BASE 65) ]
TOTAL THIS MO.  1031    CLEAR  (SCALE 0-3)  23
DPTR FM NORMAL  -136    PTCLDY (SCALE 4-7)   5
TOTAL FM JUL 1  3175    CLOUDY (SCALE 8-10)  3
DPTR FM NORMAL  -351

[CDD (BASE 65) ]
TOTAL THIS MO.     0
DPTR FM NORMAL     0    [PRESSURE DATA]
TOTAL FM JAN 1     0    HIGHEST SLP 30.69 ON 29
DPTR FM NORMAL     0    LOWEST  SLP 29.64 ON 20

[REMARKS]
#FINAL-01-18#
