000
CXUS55 KGJT 011000
CF6GJT
PRELIMINARY LOCAL CLIMATOLOGICAL DATA (WS FORM: F-6)

                                          STATION:   GRAND JUNCTION CO
                                          MONTH:     JUNE
                                          YEAR:      2014
                                          LATITUDE:   39  7 N
                                          LONGITUDE: 108 32 W

  TEMPERATURE IN F:       :PCPN:    SNOW:  WIND      :SUNSHINE: SKY     :PK WND
================================================================================
1   2   3   4   5  6A  6B    7    8   9   10  11  12  13   14  15   16   17  18
                                     12Z  AVG MX 2MIN
DY MAX MIN AVG DEP HDD CDD  WTR  SNW DPTH SPD SPD DIR MIN PSBL S-S WX    SPD DR
================================================================================

 1  86  54  70   3   0   5 0.00  0.0    0  8.6 24 250   M    M   0        31 250
 2  88  49  69   2   0   4 0.00  0.0    0  7.4 21 120   M    M   0        25 130
 3  89  58  74   6   0   9 0.00  0.0    0 12.3 25 310   M    M   0        31 280
 4  89  49  69   1   0   4 0.00  0.0    0  8.6 23 300   M    M   0        28 310
 5  89  58  74   6   0   9 0.00  0.0    0  6.9 23 310   M    M   0 8      26 310
 6  89  52  71   2   0   6 0.00  0.0    0  8.1 20 310   M    M   0        29 300
 7  90  52  71   2   0   6 0.00  0.0    0  7.8 18 300   M    M   0        25 310
 8  71  47  59 -10   6   0 0.12  0.0    0  8.8 47 320   M    M   2 38     57 320
 9  77  41  59 -11   6   0 0.00  0.0    0  4.6 15  30   M    M   0        17  20
10  86  50  68  -2   0   3 0.00  0.0    0  9.3 29  50   M    M   0        35  40
11  86  62  74   4   0   9    T  0.0    0 10.0 31 320   M    M   3 3      37 320
12  88  53  71   0   0   6 0.01  0.0    0  9.1 22  50   M    M   1        30 250
13  91  58  75   4   0  10 0.00  0.0    0 14.2 28 210   M    M   0        36 220
14  77  49  63  -9   2   0 0.00  0.0    0  9.9 23 260   M    M   0        29 270
15  82  48  65  -7   0   0 0.00  0.0    0  7.4 17 140   M    M   0        20 140
16  86  63  75   3   0  10 0.00  0.0    0 13.2 32 210   M    M   0        40 220
17  89  52  71  -2   0   6 0.00  0.0    0 18.0 39 180   M    M   1        55 180
18  77  48  63 -10   2   0 0.00  0.0    0  8.9 24 330   M    M   1        30 310
19  80  43  62 -11   3   0 0.00  0.0    0  6.0 18 340   M    M   0        23 300
20  89  50  70  -4   0   5 0.00  0.0    0  7.1 20 310   M    M   0        25 260
21  91  62  77   3   0  12 0.00  0.0    0  8.3 20 270   M    M   0        24 270
22  90  62  76   2   0  11 0.00  0.0    0  7.3 18 130   M    M   0        24 330
23  90  58  74  -1   0   9 0.00  0.0    0 11.8 29  50   M    M   0        38  60
24  93  60  77   2   0  12 0.00  0.0    0  7.5 20  60   M    M   0        24  60
25  94  59  77   2   0  12 0.00  0.0    0  7.2 15 140   M    M   0        19 290
26  93  62  78   2   0  13 0.00  0.0    0 14.5 31 260   M    M   0        39 270
27  84  62  73  -3   0   8 0.00  0.0    0  8.4 23 260   M    M   3        27 260
28  88  52  70  -6   0   5 0.00  0.0    0  6.4 18 240   M    M   1        22 310
29  96  57  77   1   0  12 0.00  0.0    0  8.5 26 250   M    M   0        31 250
30  96  58  77   1   0  12 0.00  0.0    0  7.8 20 330   M    M   0        26 310
================================================================================
SM 2614 1628        19 198  0.13     0.0 273.9          M       12
================================================================================
AV 87.1 54.3                               9.1 FASTST   M    M   0    MAX(MPH)
                                 MISC ---->  # 47 320               # 57  320
================================================================================
NOTES:
# LAST OF SEVERAL OCCURRENCES

COLUMN 17 PEAK WIND IN M.P.H.

PRELIMINARY LOCAL CLIMATOLOGICAL DATA (WS FORM: F-6) , PAGE 2

                                          STATION:  GRAND JUNCTION CO
                                          MONTH:    JUNE
                                          YEAR:     2014
                                          LATITUDE:   39  7 N
                                          LONGITUDE: 108 32 W

[TEMPERATURE DATA]      [PRECIPITATION DATA]       SYMBOLS USED IN COLUMN 16

AVERAGE MONTHLY: 70.7   TOTAL FOR MONTH:   0.13    1 = FOG OR MIST
DPTR FM NORMAL:  -1.3   DPTR FM NORMAL:   -0.33    2 = FOG REDUCING VISIBILITY
HIGHEST:    96 ON 30,29 GRTST 24HR  0.12 ON  8- 8      TO 1/4 MILE OR LESS
LOWEST:     41 ON  9                               3 = THUNDER
                        SNOW, ICE PELLETS, HAIL    4 = ICE PELLETS
                        TOTAL MONTH:   0.0 INCH    5 = HAIL
                        GRTST 24HR     0.0         6 = FREEZING RAIN OR DRIZZLE
                        GRTST DEPTH:   0           7 = DUSTSTORM OR SANDSTORM:
                                                       VSBY 1/2 MILE OR LESS
                                                   8 = SMOKE OR HAZE
[NO. OF DAYS WITH]      [WEATHER - DAYS WITH]      9 = BLOWING SNOW
                                                   X = TORNADO
MAX 32 OR BELOW:   0    0.01 INCH OR MORE:   2
MAX 90 OR ABOVE:  10    0.10 INCH OR MORE:   1
MIN 32 OR BELOW:   0    0.50 INCH OR MORE:   0
MIN  0 OR BELOW:   0    1.00 INCH OR MORE:   0

[HDD (BASE 65) ]
TOTAL THIS MO.    19    CLEAR  (SCALE 0-3)  30
DPTR FM NORMAL    -3    PTCLDY (SCALE 4-7)   0
TOTAL FM JUL 1  6269    CLOUDY (SCALE 8-10)  0
DPTR FM NORMAL   658

[CDD (BASE 65) ]
TOTAL THIS MO.   198
DPTR FM NORMAL   -33    [PRESSURE DATA]
TOTAL FM JAN 1   257    HIGHEST SLP 30.17 ON  9
DPTR FM NORMAL   -25    LOWEST  SLP 29.43 ON 17

[REMARKS]
#FINAL-06-14#
