000
CXUS55 KGJT 071941
CF6GJT
PRELIMINARY LOCAL CLIMATOLOGICAL DATA (WS FORM: F-6)

                                          STATION:   GRAND JUNCTION CO
                                          MONTH:     JANUARY
                                          YEAR:      2017
                                          LATITUDE:   39  7 N
                                          LONGITUDE: 108 32 W

  TEMPERATURE IN F:       :PCPN:    SNOW:  WIND      :SUNSHINE: SKY     :PK WND
================================================================================
1   2   3   4   5  6A  6B    7    8   9   10  11  12  13   14  15   16   17  18
                                     12Z  AVG MX 2MIN
DY MAX MIN AVG DEP HDD CDD  WTR  SNW DPTH SPD SPD DIR MIN PSBL S-S WX    SPD DR
================================================================================

 1  36  18  27   1  38   0    T    T    0  2.0  9 170   M    M   6        10 170
 2  45  24  35   9  30   0 0.00  0.0    0  4.7 15 150   M    M   7        19 240
 3  44  28  36  10  29   0 0.00  0.0    0  3.8  9 100   M    M   6        11  10
 4  42  30  36  10  29   0 0.00  0.0    0  4.6 13 340   M    M   9        14 340
 5  39  14  27   1  38   0 0.28  3.1    0 10.1 29  50   M    M  10 12     35  40
 6  18  -4   7 -19  58   0 0.00  0.0    2  8.0 16 150   M    M   1        19 150
 7  20  -3   9 -17  56   0    T    T    2  2.4 15 120   M    M   5        16 120
 8  24  17  21  -5  44   0 0.06  0.8    2  1.1  7 300   M    M  10 1       7 320
 9  37  17  27   1  38   0 0.30    T    2  4.7 22 310   M    M   9 16     27 320
10  40  22  31   4  34   0 0.00  0.0    1  4.3 13 110   M    M   3 12     14  90
11  50  32  41  14  24   0 0.05    T    1  5.5 28 250   M    M   9 5      33 260
12  40  31  36   9  29   0 0.03    T    T  5.0 14  40   M    M   8 1      17  40
13  42  33  38  11  27   0 0.01  0.0    0  3.6 13 120   M    M   9 1      16 120
14  46  33  40  13  25   0    T  0.0    0  7.7 13 120   M    M   6 1      14 120
15  47  32  40  13  25   0 0.00  0.0    0  3.4 10 280   M    M   5        12 300
16  43  28  36   9  29   0 0.00  0.0    0  3.7 10  50   M    M   3        12  60
17  45  23  34   7  31   0 0.00  0.0    0  1.7  8 350   M    M   2         9 180
18  43  24  34   7  31   0 0.00  0.0    0  3.4 12 270   M    M   3        15 300
19  38  25  32   5  33   0 0.05  1.0    0  7.7 20 120   M    M   6 1      23 120
20  36  31  34   7  31   0 0.04  0.3    1  5.1 12 110   M    M  10 12     14 110
21  36  30  33   5  32   0 0.10  1.1    0  8.3 21 310   M    M  10 1      26 310
22  41  23  32   4  33   0    T    T    0  8.8 28 140   M    M   4 18     35 150
23  50  29  40  12  25   0 0.02    T    0 12.8 36 280   M    M   7 1      45 270
24  38  27  33   5  32   0 0.04  0.3    0  5.3 18 300   M    M   8 1      22 300
25  34  22  28   0  37   0 0.00  0.0    0  4.3 15 300   M    M   8        18 320
26  31  18  25  -3  40   0 0.03  1.1    1  3.8 23  30   M    M   8 1      27  30
27  32  13  23  -6  42   0 0.00  0.0    T  3.8 14 120   M    M   0        16 120
28  38  14  26  -3  39   0 0.00  0.0    0  5.7 17 140   M    M   0        20 150
29  45  20  33   4  32   0 0.00  0.0    0  4.7 15 130   M    M   0        16 130
30  46  20  33   4  32   0 0.00  0.0    0  4.3  9 310   M    M   0        11 300
31  46  21  34   4  31   0 0.00  0.0    0  3.5 12 300   M    M   1        17 320
================================================================================
SM 1212  692      1054   0  1.01     7.7 157.8          M      173
================================================================================
AV 39.1 22.3                               5.1 FASTST   M    M   6    MAX(MPH)
                                 MISC ---->  # 36 280               # 45  270
================================================================================
NOTES:
# LAST OF SEVERAL OCCURRENCES

COLUMN 17 PEAK WIND IN M.P.H.

PRELIMINARY LOCAL CLIMATOLOGICAL DATA (WS FORM: F-6) , PAGE 2

                                          STATION:  GRAND JUNCTION CO
                                          MONTH:    JANUARY
                                          YEAR:     2017
                                          LATITUDE:   39  7 N
                                          LONGITUDE: 108 32 W

[TEMPERATURE DATA]      [PRECIPITATION DATA]       SYMBOLS USED IN COLUMN 16

AVERAGE MONTHLY: 30.7   TOTAL FOR MONTH:   1.01    1 = FOG OR MIST
DPTR FM NORMAL:   3.3   DPTR FM NORMAL:    0.43    2 = FOG REDUCING VISIBILITY
HIGHEST:    50 ON 23,11 GRTST 24HR  0.30 ON  9- 9      TO 1/4 MILE OR LESS
LOWEST:     -4 ON  6                               3 = THUNDER
                        SNOW, ICE PELLETS, HAIL    4 = ICE PELLETS
                        TOTAL MONTH:   7.7 INCHES  5 = HAIL
                        GRTST 24HR   3.1 ON   M    6 = FREEZING RAIN OR DRIZZLE
                        GRTST DEPTH:   2 ON  9, 8  7 = DUSTSTORM OR SANDSTORM:
                                                       VSBY 1/2 MILE OR LESS
                                                   8 = SMOKE OR HAZE
[NO. OF DAYS WITH]      [WEATHER - DAYS WITH]      9 = BLOWING SNOW
                                                   X = TORNADO
MAX 32 OR BELOW:   5    0.01 INCH OR MORE:  12
MAX 90 OR ABOVE:   0    0.10 INCH OR MORE:   3
MIN 32 OR BELOW:  29    0.50 INCH OR MORE:   0
MIN  0 OR BELOW:   2    1.00 INCH OR MORE:   0

[HDD (BASE 65) ]
TOTAL THIS MO.  1054    CLEAR  (SCALE 0-3)   8
DPTR FM NORMAL  -113    PTCLDY (SCALE 4-7)  14
TOTAL FM JUL 1  3001    CLOUDY (SCALE 8-10)  9
DPTR FM NORMAL  -525

[CDD (BASE 65) ]
TOTAL THIS MO.     0
DPTR FM NORMAL     0    [PRESSURE DATA]
TOTAL FM JAN 1     0    HIGHEST SLP 30.80 ON 28
DPTR FM NORMAL     0    LOWEST  SLP 29.31 ON 21

[REMARKS]
FREEZING RAIN EVENT ON 1/9/17
#FINAL-01-17#
