000
CXUS55 KGJT 011000
CF6GJT
PRELIMINARY LOCAL CLIMATOLOGICAL DATA (WS FORM: F-6)

                                          STATION:   GRAND JUNCTION CO
                                          MONTH:     NOVEMBER
                                          YEAR:      2016
                                          LATITUDE:   39  7 N
                                          LONGITUDE: 108 32 W

  TEMPERATURE IN F:       :PCPN:    SNOW:  WIND      :SUNSHINE: SKY     :PK WND
================================================================================
1   2   3   4   5  6A  6B    7    8   9   10  11  12  13   14  15   16   17  18
                                     12Z  AVG MX 2MIN
DY MAX MIN AVG DEP HDD CDD  WTR  SNW DPTH SPD SPD DIR MIN PSBL S-S WX    SPD DR
================================================================================

 1  67  44  56  10   9   0 0.00  0.0    0  6.8 18 330   M    M   7        30 330
 2  64  37  51   5  14   0 0.00  0.0    0  4.1 12 270   M    M   0 8      15 270
 3  68  37  53   8  12   0 0.00  0.0    0  5.3 16 140   M    M   1        18 150
 4  66  35  51   6  14   0 0.00  0.0    0  6.3 15 350   M    M   1        18 350
 5  55  48  52   8  13   0 0.02  0.0    0  3.1  9 140   M    M  10        11 150
 6  63  43  53   9  12   0 0.00  0.0    0  4.3 13 310   M    M   3        17 310
 7  67  38  53  10  12   0 0.00  0.0    0  6.8 13 360   M    M   0        15 140
 8  68  38  53  10  12   0 0.00  0.0    0  6.4 17 130   M    M   0        18 130
 9  67  36  52  10  13   0 0.00  0.0    0  6.3 14 150   M    M   0        16 140
10  67  32  50   8  15   0 0.00  0.0    0  6.7 16 130   M    M   0        18 130
11  66  35  51  10  14   0 0.00  0.0    0  5.2 13 100   M    M   0        16 320
12  63  36  50   9  15   0 0.00  0.0    0  5.8 16 100   M    M   0        19 100
13  63  31  47   7  18   0 0.00  0.0    0  4.7 12 130   M    M   0        13 120
14  64  35  50  10  15   0 0.00  0.0    0  6.1 14 120   M    M   0        15 120
15  65  30  48   9  17   0 0.00  0.0    0  4.1 15 160   M    M   0        18 150
16  69  37  53  14  12   0 0.00  0.0    0  6.3 20 200   M    M   0        25 210
17  61  29  45   7  20   0 0.22  0.1    0 12.2 35 250   M    M   5 1      45 250
18  43  22  33  -5  32   0 0.00  0.0    0  4.6 13 100   M    M   1        16 100
19  49  20  35  -2  30   0 0.00  0.0    0  1.8  7  80   M    M   0        10 320
20  56  31  44   7  21   0    T  0.0    0  2.9 12  30   M    M   5        13  30
21  57  41  49  13  16   0 0.35  0.0    0  9.2 25 230   M    M  10 1      31 220
22  50  33  42   6  23   0 0.15  0.0    0  6.4 13 310   M    M   6        16 310
23  53  29  41   6  24   0 0.01  0.0    0  8.3 23 280   M    M   2        33 280
24  47  28  38   3  27   0    T  0.0    0  4.3 20 320   M    M   1        24 320
25  46  23  35   1  30   0 0.00  0.0    0  4.2 13 110   M    M   0        17 110
26  52  25  39   5  26   0 0.00  0.0    0  8.1 22 120   M    M   1        27 120
27  47  33  40   6  25   0 0.02  0.0    0  8.8 25 270   M    M   8 3      34 300
28  35  28  32  -1  33   0 0.03  0.4    0  4.4 12 360   M    M   8 1      15 350
29  39  22  31  -2  34   0 0.01    T    0  4.3 15 350   M    M   7 8      17 350
30  37  18  28  -4  37   0 0.00  0.0    0  6.6 16 130   M    M   2        19 150
================================================================================
SM 1714  974       595   0  0.81     0.5 174.4          M       78
================================================================================
AV 57.1 32.5                               5.8 FASTST   M    M   3    MAX(MPH)
                                 MISC ---->  # 35 250               # 45  250
================================================================================
NOTES:
# LAST OF SEVERAL OCCURRENCES

COLUMN 17 PEAK WIND IN M.P.H.

PRELIMINARY LOCAL CLIMATOLOGICAL DATA (WS FORM: F-6) , PAGE 2

                                          STATION:  GRAND JUNCTION CO
                                          MONTH:    NOVEMBER
                                          YEAR:     2016
                                          LATITUDE:   39  7 N
                                          LONGITUDE: 108 32 W

[TEMPERATURE DATA]      [PRECIPITATION DATA]       SYMBOLS USED IN COLUMN 16

AVERAGE MONTHLY: 44.8   TOTAL FOR MONTH:   0.81    1 = FOG OR MIST
DPTR FM NORMAL:   5.8   DPTR FM NORMAL:    0.08    2 = FOG REDUCING VISIBILITY
HIGHEST:    69 ON 16    GRTST 24HR  0.48 ON 21-22      TO 1/4 MILE OR LESS
LOWEST:     18 ON 30                               3 = THUNDER
                        SNOW, ICE PELLETS, HAIL    4 = ICE PELLETS
                        TOTAL MONTH:   0.5 INCH    5 = HAIL
                        GRTST 24HR   0.4 ON   M    6 = FREEZING RAIN OR DRIZZLE
                        GRTST DEPTH:   0           7 = DUSTSTORM OR SANDSTORM:
                                                       VSBY 1/2 MILE OR LESS
                                                   8 = SMOKE OR HAZE
[NO. OF DAYS WITH]      [WEATHER - DAYS WITH]      9 = BLOWING SNOW
                                                   X = TORNADO
MAX 32 OR BELOW:   0    0.01 INCH OR MORE:   8
MAX 90 OR ABOVE:   0    0.10 INCH OR MORE:   3
MIN 32 OR BELOW:  14    0.50 INCH OR MORE:   0
MIN  0 OR BELOW:   0    1.00 INCH OR MORE:   0

[HDD (BASE 65) ]
TOTAL THIS MO.   595    CLEAR  (SCALE 0-3)  20
DPTR FM NORMAL  -185    PTCLDY (SCALE 4-7)   8
TOTAL FM JUL 1   870    CLOUDY (SCALE 8-10)  2
DPTR FM NORMAL  -358

[CDD (BASE 65) ]
TOTAL THIS MO.     0
DPTR FM NORMAL     0    [PRESSURE DATA]
TOTAL FM JAN 1  1245    HIGHEST SLP 30.56 ON 25
DPTR FM NORMAL   120    LOWEST  SLP 29.31 ON 17

[REMARKS]
#FINAL-11-16#
