000
CXUS55 KGJT 011000
CF6GJT
PRELIMINARY LOCAL CLIMATOLOGICAL DATA (WS FORM: F-6)

                                          STATION:   GRAND JUNCTION CO
                                          MONTH:     DECEMBER
                                          YEAR:      2016
                                          LATITUDE:   39  7 N
                                          LONGITUDE: 108 32 W

  TEMPERATURE IN F:       :PCPN:    SNOW:  WIND      :SUNSHINE: SKY     :PK WND
================================================================================
1   2   3   4   5  6A  6B    7    8   9   10  11  12  13   14  15   16   17  18
                                     12Z  AVG MX 2MIN
DY MAX MIN AVG DEP HDD CDD  WTR  SNW DPTH SPD SPD DIR MIN PSBL S-S WX    SPD DR
================================================================================

 1  39  22  31  -1  34   0 0.00  0.0    0  4.1 12 140   M    M   7        17 130
 2  39  22  31  -1  34   0 0.00  0.0    0  4.4 16  50   M    M   9        19  50
 3  40  16  28  -3  37   0 0.00  0.0    0  3.2  9 130   M    M   0        10 310
 4  40  17  29  -2  36   0 0.00  0.0    0  4.6 15 110   M    M   1        17 110
 5  47  18  33   2  32   0 0.00  0.0    0  6.0 24 310   M    M   1        29 310
 6  34  15  25  -5  40   0 0.01  0.3    0  3.8 13 100   M    M   5 1      14 110
 7  34   9  22  -8  43   0    T    T    T  5.1 17 310   M    M   3 1      20 350
 8  30  14  22  -8  43   0    T    T    T  4.2 13 120   M    M   7        15  90
 9  37  18  28  -2  37   0 0.00  0.0    0  1.1  7  80   M    M   6         8  70
10  35  19  27  -2  38   0 0.00  0.0    0  2.3  8 340   M    M   2        10 320
11  47  28  38   9  27   0 0.04  0.1    T  4.3 13 120   M    M   5 146    16 110
12  44  23  34   5  31   0 0.00  0.0    0  2.7  9  60   M    M   0        10  60
13  41  21  31   2  34   0 0.00  0.0    0  3.3 12 120   M    M   2        13 120
14  41  25  33   5  32   0 0.00  0.0    0  1.9  9 240   M    M   7        11 250
15  50  30  40  12  25   0    T  0.0    0  6.4 24 140   M    M   3        29 130
16  57  32  45  17  20   0 0.31    T    0 13.9 37 230   M    M   8 1      54 220
17  34  20  27  -1  38   0    T    T    T  8.4 24  40   M    M   9 1      28  40
18  31  14  23  -5  42   0 0.00  0.0    0  3.7 13 120   M    M   1        16 120
19  32  13  23  -5  42   0 0.00  0.0    0  5.5 12 110   M    M   0        14 150
20  37  14  26  -2  39   0 0.00  0.0    0  3.5 10 140   M    M   0        13 140
21  35  16  26  -1  39   0 0.00  0.0    0  3.2  9 130   M    M   2        10 140
22  34  27  31   4  34   0 0.13  1.2    0  3.5  9 330   M    M  10 1      10 330
23  36  29  33   6  32   0 0.14  1.6    3  4.4 16 130   M    M   9 1      20 120
24  52  25  39  12  26   0 0.09  0.0    1 11.0 25 130   M    M   4 1      32 210
25  41  31  36   9  29   0    T    T    T 10.9 26 150   M    M   9        33 160
26  35  21  28   1  37   0 0.01  0.3    T  5.6 17 310   M    M   4 1      21 320
27  34  18  26  -1  39   0 0.00  0.0    T  4.1 17 100   M    M   0        19 100
28  39  20  30   3  35   0 0.00  0.0    0  2.5 10 320   M    M   2        12 310
29  44  21  33   6  32   0 0.00  0.0    0  4.2 14  90   M    M   0        16  90
30  39  18  29   2  36   0 0.00  0.0    0  2.1  8  60   M    M   0         9  70
31  42  20  31   4  34   0 0.00  0.0    0  3.4 10 310   M    M   0        13 330
================================================================================
SM 1220  636      1077   0  0.73     3.5 147.3          M      116
================================================================================
AV 39.4 20.5                               4.8 FASTST   M    M   4    MAX(MPH)
                                 MISC ---->  # 37 230               # 54  220
================================================================================
NOTES:
# LAST OF SEVERAL OCCURRENCES

COLUMN 17 PEAK WIND IN M.P.H.

PRELIMINARY LOCAL CLIMATOLOGICAL DATA (WS FORM: F-6) , PAGE 2

                                          STATION:  GRAND JUNCTION CO
                                          MONTH:    DECEMBER
                                          YEAR:     2016
                                          LATITUDE:   39  7 N
                                          LONGITUDE: 108 32 W

[TEMPERATURE DATA]      [PRECIPITATION DATA]       SYMBOLS USED IN COLUMN 16

AVERAGE MONTHLY: 29.9   TOTAL FOR MONTH:   0.73    1 = FOG OR MIST
DPTR FM NORMAL:   1.4   DPTR FM NORMAL:    0.14    2 = FOG REDUCING VISIBILITY
HIGHEST:    57 ON 16    GRTST 24HR  0.31 ON 16-16      TO 1/4 MILE OR LESS
LOWEST:      9 ON  7                               3 = THUNDER
                        SNOW, ICE PELLETS, HAIL    4 = ICE PELLETS
                        TOTAL MONTH:   3.5 INCHES  5 = HAIL
                        GRTST 24HR   1.6 ON   M    6 = FREEZING RAIN OR DRIZZLE
                        GRTST DEPTH:   3 ON 23     7 = DUSTSTORM OR SANDSTORM:
                                                       VSBY 1/2 MILE OR LESS
                                                   8 = SMOKE OR HAZE
[NO. OF DAYS WITH]      [WEATHER - DAYS WITH]      9 = BLOWING SNOW
                                                   X = TORNADO
MAX 32 OR BELOW:   3    0.01 INCH OR MORE:   7
MAX 90 OR ABOVE:   0    0.10 INCH OR MORE:   3
MIN 32 OR BELOW:  31    0.50 INCH OR MORE:   0
MIN  0 OR BELOW:   0    1.00 INCH OR MORE:   0

[HDD (BASE 65) ]
TOTAL THIS MO.  1077    CLEAR  (SCALE 0-3)  16
DPTR FM NORMAL   -54    PTCLDY (SCALE 4-7)  10
TOTAL FM JUL 1  1947    CLOUDY (SCALE 8-10)  5
DPTR FM NORMAL  -412

[CDD (BASE 65) ]
TOTAL THIS MO.     0
DPTR FM NORMAL     0    [PRESSURE DATA]
TOTAL FM JAN 1  1245    HIGHEST SLP 30.76 ON 19
DPTR FM NORMAL   120    LOWEST  SLP 29.21 ON 16

[REMARKS]
#FINAL-12-16#
