000
CXUS55 KGJT 011000
CF6GJT
PRELIMINARY LOCAL CLIMATOLOGICAL DATA (WS FORM: F-6)

                                          STATION:   GRAND JUNCTION CO
                                          MONTH:     OCTOBER
                                          YEAR:      2017
                                          LATITUDE:   39  7 N
                                          LONGITUDE: 108 32 W

  TEMPERATURE IN F:       :PCPN:    SNOW:  WIND      :SUNSHINE: SKY     :PK WND
================================================================================
1   2   3   4   5  6A  6B    7    8   9   10  11  12  13   14  15   16   17  18
                                     12Z  AVG MX 2MIN
DY MAX MIN AVG DEP HDD CDD  WTR  SNW DPTH SPD SPD DIR MIN PSBL S-S WX    SPD DR
================================================================================

 1  68  44  56  -3   9   0 0.01  0.0    0 10.2 24  50   M    M   5        33 270
 2  46  34  40 -19  25   0 0.26  0.0    0  6.4 16 340   M    M   8 1      18 330
 3  62  33  48 -11  17   0 0.00  0.0    0  4.3 14 150   M    M   2        20 100
 4  77  42  60   2   5   0 0.00  0.0    0  9.5 22 300   M    M   1        27 330
 5  77  43  60   2   5   0 0.00  0.0    0  6.8 24 310   M    M   0        27 300
 6  65  38  52  -5  13   0 0.00  0.0    0  8.2 28 300   M    M   0        35 300
 7  68  39  54  -3  11   0 0.00  0.0    0  7.0 16  90   M    M   0        18  90
 8  77  41  59   3   6   0 0.00  0.0    0  9.9 25  50   M    M   1        36 270
 9  50  32  41 -15  24   0 0.01  0.0    0  7.7 18 330   M    M   8        27 360
10  60  27  44 -12  21   0 0.00  0.0    0  6.3 22 140   M    M   0        27 140
11  70  34  52  -3  13   0 0.00  0.0    0  7.5 20 130   M    M   0        22 140
12  76  39  58   3   7   0 0.00  0.0    0  9.7 26 270   M    M   0        31 310
13  70  34  52  -2  13   0 0.00  0.0    0  6.9 16 310   M    M   0        19 320
14  57  32  45  -9  20   0 0.00  0.0    0  9.7 33 310   M    M   0        42 310
15  63  28  46  -8  19   0 0.00  0.0    0  5.6 14 150   M    M   0 8      17 150
16  67  27  47  -6  18   0 0.00  0.0    0  5.0 17 310   M    M   0        21 300
17  69  31  50  -3  15   0 0.00  0.0    0  5.1 14 120   M    M   0        14 120
18  73  36  55   3  10   0 0.00  0.0    0  5.9 15 110   M    M   0        17 120
19  70  39  55   3  10   0 0.00  0.0    0  5.8 14 130   M    M   3        15 120
20  77  49  63  12   2   0    T  0.0    0 15.7 35 310   M    M   4        54 310
21  56  30  43  -8  22   0 0.00  0.0    0  6.2 17 310   M    M   0        22 300
22  62  32  47  -4  18   0 0.00  0.0    0  7.1 15 120   M    M   0        16 120
23  69  34  52   2  13   0 0.00  0.0    0  6.1 22 320   M    M   0        27 330
24  68  39  54   4  11   0 0.00  0.0    0  6.3 18  50   M    M   0        22  50
25  68  37  53   4  12   0 0.00  0.0    0  8.6 20 120   M    M   0        22 120
26  68  35  52   3  13   0 0.00  0.0    0  6.0 25  40   M    M   1        31  50
27  62  30  46  -2  19   0 0.00  0.0    0  5.0 13  30   M    M   1        16 160
28  65  32  49   1  16   0 0.00  0.0    0  4.4 10 130   M    M   0        14 270
29  65  36  51   4  14   0 0.00  0.0    0  6.6 15 100   M    M   0 8      17 300
30  61  33  47   0  18   0    T  0.0    0  4.0 13 240   M    M   4        14 240
31  66  38  52   6  13   0 0.00  0.0    0  5.5 20 310   M    M   0        25 310
================================================================================
SM 2052 1098       432   0  0.28     0.0 219.0          M       38
================================================================================
AV 66.2 35.4                               7.1 FASTST   M    M   1    MAX(MPH)
                                 MISC ---->  # 35 310               # 54  310
================================================================================
NOTES:
# LAST OF SEVERAL OCCURRENCES

COLUMN 17 PEAK WIND IN M.P.H.

PRELIMINARY LOCAL CLIMATOLOGICAL DATA (WS FORM: F-6) , PAGE 2

                                          STATION:  GRAND JUNCTION CO
                                          MONTH:    OCTOBER
                                          YEAR:     2017
                                          LATITUDE:   39  7 N
                                          LONGITUDE: 108 32 W

[TEMPERATURE DATA]      [PRECIPITATION DATA]       SYMBOLS USED IN COLUMN 16

AVERAGE MONTHLY: 50.8   TOTAL FOR MONTH:   0.28    1 = FOG OR MIST
DPTR FM NORMAL:  -2.2   DPTR FM NORMAL:   -0.78    2 = FOG REDUCING VISIBILITY
HIGHEST:    77 ON 20, 8 GRTST 24HR  0.26 ON  2- 2      TO 1/4 MILE OR LESS
LOWEST:     27 ON 16,10                            3 = THUNDER
                        SNOW, ICE PELLETS, HAIL    4 = ICE PELLETS
                        TOTAL MONTH:   0.0 INCH    5 = HAIL
                        GRTST 24HR     0.0         6 = FREEZING RAIN OR DRIZZLE
                        GRTST DEPTH:   0           7 = DUSTSTORM OR SANDSTORM:
                                                       VSBY 1/2 MILE OR LESS
                                                   8 = SMOKE OR HAZE
[NO. OF DAYS WITH]      [WEATHER - DAYS WITH]      9 = BLOWING SNOW
                                                   X = TORNADO
MAX 32 OR BELOW:   0    0.01 INCH OR MORE:   3
MAX 90 OR ABOVE:   0    0.10 INCH OR MORE:   1
MIN 32 OR BELOW:  10    0.50 INCH OR MORE:   0
MIN  0 OR BELOW:   0    1.00 INCH OR MORE:   0

[HDD (BASE 65) ]
TOTAL THIS MO.   432    CLEAR  (SCALE 0-3)  25
DPTR FM NORMAL    58    PTCLDY (SCALE 4-7)   6
TOTAL FM JUL 1   531    CLOUDY (SCALE 8-10)  0
DPTR FM NORMAL    83

[CDD (BASE 65) ]
TOTAL THIS MO.     0
DPTR FM NORMAL    -3    [PRESSURE DATA]
TOTAL FM JAN 1  1479    HIGHEST SLP 30.58 ON 15
DPTR FM NORMAL   354    LOWEST  SLP 29.59 ON 20

[REMARKS]
#FINAL-10-17#
