899
CXUS55 KGJT 011000
CF6GJT
PRELIMINARY LOCAL CLIMATOLOGICAL DATA (WS FORM: F-6)

                                          STATION:   GRAND JUNCTION CO
                                          MONTH:     JANUARY
                                          YEAR:      2016
                                          LATITUDE:   39  7 N
                                          LONGITUDE: 108 32 W

  TEMPERATURE IN F:       :PCPN:    SNOW:  WIND      :SUNSHINE: SKY     :PK WND
================================================================================
1   2   3   4   5  6A  6B    7    8   9   10  11  12  13   14  15   16   17  18
                                     12Z  AVG MX 2MIN
DY MAX MIN AVG DEP HDD CDD  WTR  SNW DPTH SPD SPD DIR MIN PSBL S-S WX    SPD DR
================================================================================

 1  24   4  14 -12  51   0 0.00  0.0    3 10.4 21  70   M    M   1        25  60
 2  24   3  14 -12  51   0 0.00  0.0    2  3.9 14 140   M    M   1        15 140
 3  26   5  16 -10  49   0 0.00  0.0    2  2.5  7  30   M    M   0         8  90
 4  29   6  18  -8  47   0 0.00  0.0    2  2.9 10 300   M    M   2        11 300
 5  36  22  29   3  36   0 0.01  0.2    2  3.1  9 100   M    M  10 1      12 110
 6  39  25  32   6  33   0 0.10  0.6    2  3.9  9 170   M    M  10 12     10 180
 7  35  28  32   6  33   0 0.20  2.5    3  3.0  8  60   M    M  10 12      9  50
 8  30  18  24  -2  41   0 0.00  0.0    2  3.3 10 320   M    M   8 12     12 310
 9  33  18  26   0  39   0 0.00  0.0    2  4.7 12 360   M    M   7        13 350
10  34  14  24  -3  41   0    T  0.3    2  4.1 12 120   M    M   6 1      13 120
11  32   8  20  -7  45   0 0.00  0.0    2  4.4 14  90   M    M   0        17 140
12  27   6  17 -10  48   0 0.00  0.0    2  4.3 12 130   M    M   0        12 120
13  29   7  18  -9  47   0 0.00  0.0    2  4.6 13 330   M    M   0        14 330
14  28   6  17 -10  48   0 0.00  0.0    2  3.4 12 290   M    M   2        14 300
15  29  17  23  -4  42   0 0.03  0.6    2  3.0 12 130   M    M  10 1      12 130
16  34  19  27   0  38   0    T    T    2  4.7  9  90   M    M  10        11  80
17  36  13  25  -2  40   0 0.00  0.0    2  4.5 16 120   M    M   2        19 120
18  35  21  28   1  37   0 0.06  0.4    2  5.6 20 110   M    M   6 128    21 110
19  35  20  28   1  37   0 0.05  0.6    2  3.7 10 140   M    M   9 12     12 140
20  37  17  27   0  38   0 0.06  1.4    3  5.0 33 310   M    M   7 1      40 330
21  35   9  22  -6  43   0 0.00  0.0    3  5.1 14 120   M    M   0        15 120
22  34  13  24  -4  41   0 0.00  0.0    3  5.5 13 130   M    M   0        13 130
23  35  12  24  -4  41   0 0.00  0.0    3  3.1  9  60   M    M   0        10  50
24  33  22  28   0  37   0    T    T    3  5.8 18 360   M    M   8 1      22 360
25  37  17  27  -1  38   0    T    T    2  3.1 12 330   M    M   7 12     17 330
26  36  12  24  -4  41   0 0.00  0.0    2  6.0 14 120   M    M   0        16 120
27  36  12  24  -5  41   0 0.00  0.0    2  5.4 16 130   M    M   0        18 140
28  37  18  28  -1  37   0 0.00  0.0    2  6.1 15 130   M    M   0        18 130
29  43  19  31   2  34   0    T    T    2  4.0 12  90   M    M   4        13  90
30  45  28  37   8  28   0 0.27  0.7    1  5.8 18 330   M    M   6 1      22 310
31  32  20  26  -4  39   0 0.14  2.5    1  5.2 15 100   M    M   9 12     16 100
================================================================================
SM 1035  459      1261   0  0.92     9.8 140.1          M      135
================================================================================
AV 33.4 14.8                               4.5 FASTST   M    M   4    MAX(MPH)
                                 MISC ---->  # 33 310               # 40  330
================================================================================
NOTES:
# LAST OF SEVERAL OCCURRENCES

COLUMN 17 PEAK WIND IN M.P.H.

PRELIMINARY LOCAL CLIMATOLOGICAL DATA (WS FORM: F-6) , PAGE 2

                                          STATION:  GRAND JUNCTION CO
                                          MONTH:    JANUARY
                                          YEAR:     2016
                                          LATITUDE:   39  7 N
                                          LONGITUDE: 108 32 W

[TEMPERATURE DATA]      [PRECIPITATION DATA]       SYMBOLS USED IN COLUMN 16

AVERAGE MONTHLY: 24.1   TOTAL FOR MONTH:   0.92    1 = FOG OR MIST
DPTR FM NORMAL:  -3.3   DPTR FM NORMAL:    0.34    2 = FOG REDUCING VISIBILITY
HIGHEST:    45 ON 30    GRTST 24HR  0.33 ON 30-31      TO 1/4 MILE OR LESS
LOWEST:      3 ON  2                               3 = THUNDER
                        SNOW, ICE PELLETS, HAIL    4 = ICE PELLETS
                        TOTAL MONTH:   9.8 INCHES  5 = HAIL
                        GRTST 24HR   2.5 ON 31-31  6 = FREEZING RAIN OR DRIZZLE
                        GRTST DEPTH:   3 ON 24,23  7 = DUSTSTORM OR SANDSTORM:
                                                       VSBY 1/2 MILE OR LESS
                                                   8 = SMOKE OR HAZE
[NO. OF DAYS WITH]      [WEATHER - DAYS WITH]      9 = BLOWING SNOW
                                                   X = TORNADO
MAX 32 OR BELOW:  11    0.01 INCH OR MORE:   9
MAX 90 OR ABOVE:   0    0.10 INCH OR MORE:   4
MIN 32 OR BELOW:  31    0.50 INCH OR MORE:   0
MIN  0 OR BELOW:   0    1.00 INCH OR MORE:   0

[HDD (BASE 65) ]
TOTAL THIS MO.  1261    CLEAR  (SCALE 0-3)  15
DPTR FM NORMAL    94    PTCLDY (SCALE 4-7)   8
TOTAL FM JUL 1  3537    CLOUDY (SCALE 8-10)  8
DPTR FM NORMAL    11

[CDD (BASE 65) ]
TOTAL THIS MO.     0
DPTR FM NORMAL     0    [PRESSURE DATA]
TOTAL FM JAN 1     0    HIGHEST SLP 30.70 ON  1
DPTR FM NORMAL     0    LOWEST  SLP 29.59 ON 30

[REMARKS]
#FINAL-01-16#
