000
CXUS55 KGJT 010910
CF6GJT
PRELIMINARY LOCAL CLIMATOLOGICAL DATA (WS FORM: F-6)
STATION: GRAND JUNCTION CO
MONTH: AUGUST
YEAR: 2022
LATITUDE: 39 7 N
LONGITUDE: 108 32 W
TEMPERATURE IN F: :PCPN: SNOW: WIND :SUNSHINE: SKY :PK WND
================================================================================
1 2 3 4 5 6A 6B 7 8 9 10 11 12 13 14 15 16 17 18
12Z AVG MX 2MIN
DY MAX MIN AVG DEP HDD CDD WTR SNW DPTH SPD SPD DIR MIN PSBL S-S WX SPD DR
================================================================================
1 93 69 81 2 0 16 0.04 0.0 0 10.2 23 60 M M 2 29 60
2 94 64 79 0 0 14 0.02 0.0 0 7.7 22 310 M M 1 3 27 350
3 96 67 82 3 0 17 0.00 0.0 0 6.0 15 250 M M 0 22 290
4 98 67 83 4 0 18 T 0.0 0 9.6 20 180 M M 0 38 24 190
5 94 75 85 7 0 20 0.00 0.0 0 7.7 15 360 M M 1 8 22 160
6 98 71 85 7 0 20 0.00 0.0 0 9.4 21 300 M M 1 27 300
7 96 67 82 4 0 17 0.00 0.0 0 6.4 20 300 M M 0 28 300
8 98 69 84 6 0 19 0.00 0.0 0 5.9 18 320 M M 0 26 310
9 99 61 80 2 0 15 0.00 0.0 0 6.1 15 110 M M 0 17 110
10 99 71 85 7 0 20 0.00 0.0 0 7.1 17 110 M M 0 38 23 120
11 100 72 86 9 0 21 T 0.0 0 8.9 37 150 M M 2 38 47 150
12 94 67 81 4 0 16 T 0.0 0 7.9 18 50 M M 1 25 230
13 96 66 81 4 0 16 0.00 0.0 0 7.5 30 180 M M 1 46 180
14 95 71 83 6 0 18 0.01 0.0 0 9.3 24 300 M M 2 3 31 290
15 89 66 78 1 0 13 0.09 0.0 0 9.0 25 50 M M 4 3 31 50
16 83 65 74 -2 0 9 0.00 0.0 0 7.0 20 50 M M 5 3 25 60
17 91 64 78 2 0 13 0.00 0.0 0 7.2 18 130 M M 0 24 120
18 96 67 82 6 0 17 0.00 0.0 0 9.3 22 130 M M 0 8 28 140
19 85 61 73 -3 0 8 0.18 0.0 0 8.7 28 120 M M 3 138 37 120
20 80 61 71 -5 0 6 0.01 0.0 0 5.3 14 360 M M 6 3 19 360
21 85 62 74 -1 0 9 0.00 0.0 0 5.5 21 40 M M 4 25 10
22 91 60 76 1 0 11 0.00 0.0 0 9.8 23 150 M M 0 8 33 170
23 93 64 79 4 0 14 0.00 0.0 0 8.2 28 40 M M 0 38 36 40
24 95 65 80 5 0 15 0.00 0.0 0 8.4 25 30 M M 0 8 33 20
25 85 68 77 3 0 12 T 0.0 0 10.0 22 300 M M 2 8 29 300
26 84 61 73 -1 0 8 0.06 0.0 0 11.0 24 30 M M 4 38 30 350
27 88 55 72 -2 0 7 0.00 0.0 0 7.2 13 110 M M 0 21 230
28 92 61 77 3 0 12 0.02 0.0 0 11.3 33 320 M M 1 3 42 330
29 93 58 76 3 0 11 0.00 0.0 0 7.5 16 120 M M 0 8 20 230
30 96 61 79 6 0 14 0.00 0.0 0 7.5 18 140 M M 0 8 21 140
31 98 60 79 6 0 14 0.00 0.0 0 7.1 22 70 M M 0 8 29 70
================================================================================
SM 2874 2016 0 440 0.43 0.0 249.7 M 40
================================================================================
AV 92.7 65.0 8.1 FASTST M M 1 MAX(MPH)
MISC ----> 37 150 47 150
================================================================================
NOTES:
# LAST OF SEVERAL OCCURRENCES
COLUMN 17 PEAK WIND IN M.P.H.
PRELIMINARY LOCAL CLIMATOLOGICAL DATA (WS FORM: F-6) , PAGE 2
STATION: GRAND JUNCTION CO
MONTH: AUGUST
YEAR: 2022
LATITUDE: 39 7 N
LONGITUDE: 108 32 W
[TEMPERATURE DATA] [PRECIPITATION DATA] SYMBOLS USED IN COLUMN 16
AVERAGE MONTHLY: 78.9 TOTAL FOR MONTH: 0.43 1 = FOG OR MIST
DPTR FM NORMAL: 2.6 DPTR FM NORMAL: -0.49 2 = FOG REDUCING VISIBILITY
HIGHEST: 100 ON 11 GRTST 24HR 0.19 ON 19-20 TO 1/4 MILE OR LESS
LOWEST: 55 ON 27 3 = THUNDER
SNOW, ICE PELLETS, HAIL 4 = ICE PELLETS
TOTAL MONTH: 0.0 INCH 5 = HAIL
GRTST 24HR 0.0 6 = FREEZING RAIN OR DRIZZLE
GRTST DEPTH: 0 7 = DUSTSTORM OR SANDSTORM:
VSBY 1/2 MILE OR LESS
8 = SMOKE OR HAZE
[NO. OF DAYS WITH] [WEATHER - DAYS WITH] 9 = BLOWING SNOW
X = TORNADO
MAX 32 OR BELOW: 0 0.01 INCH OR MORE: 8
MAX 90 OR ABOVE: 23 0.10 INCH OR MORE: 1
MIN 32 OR BELOW: 0 0.50 INCH OR MORE: 0
MIN 0 OR BELOW: 0 1.00 INCH OR MORE: 0
[HDD (BASE 65) ]
TOTAL THIS MO. 0 CLEAR (SCALE 0-3) 26
DPTR FM NORMAL -1 PTCLDY (SCALE 4-7) 5
TOTAL FM JUL 1 0 CLOUDY (SCALE 8-10) 0
DPTR FM NORMAL 0
[CDD (BASE 65) ]
TOTAL THIS MO. 440
DPTR FM NORMAL 90 [PRESSURE DATA]
TOTAL FM JAN 1 1312 HIGHEST SLP M ON M
DPTR FM NORMAL 206 LOWEST SLP 29.67 ON 28
[REMARKS]
#FINAL-08-22#