000
CXUS55 KGJT 011537
CLMGJT
CLIMATE REPORT
NATIONAL WEATHER SERVICE GRAND JUNCTION CO
837 AM MST THU FEB 01 2024
...................................
...THE GRAND JUNCTION CO CLIMATE SUMMARY FOR THE MONTH OF JANUARY 2024...
CLIMATE NORMAL PERIOD 1991 TO 2020
CLIMATE RECORD PERIOD 1893 TO 2024
WEATHER OBSERVED NORMAL DEPART LAST YEAR`S
VALUE DATE(S) VALUE FROM VALUE DATE(S)
NORMAL
................................................................
TEMPERATURE (F)
RECORD
HIGH 62 01/31/1911
LOW -23 01/13/1963
HIGHEST 62R 01/30 40 22 52 01/10
LOWEST 4 01/12 15 -11 8 01/31
AVG. MAXIMUM 45.5 38.1 7.4 39.4
AVG. MINIMUM 24.1 17.3 6.8 26.0
MEAN 34.8 27.7 7.1 32.7
DAYS MAX >= 90 0 0.0 0.0 0
DAYS MAX <= 32 2 8.0 -6.0 3
DAYS MIN <= 32 27 30.1 -3.1 28
DAYS MIN <= 0 0 1.8 -1.8 0
PRECIPITATION (INCHES)
RECORD
MAXIMUM 2.46 1957
MINIMUM T 1961
TOTALS 0.26 0.61 -0.35 0.79
DAILY AVG. 0.01 0.02 -0.01 0.03
DAYS >= .01 6 6.3 -0.3 10
DAYS >= .10 1 2.3 -1.3 2
DAYS >= .50 0 0.0 0.0 0
DAYS >= 1.00 0 0.0 0.0 0
GREATEST
24 HR. TOTAL 0.10 01/11 TO 01/11 0.39
SNOWFALL (INCHES)
RECORDS
TOTAL 33.7 1957
TOTALS 4.2 4.5 -0.3 5.5
SINCE 7/1 8.8 12.0 -3.2 14.8
SNOWDEPTH AVG. 0 0
DAYS >= 1.0 1 1.5 -0.5 2
GREATEST
SNOW DEPTH 1 01/11 2 01/03
01/12 01/18
01/13
24 HR TOTAL 2.2 01/11 TO 01/11 1.4
DEGREE DAYS
HEATING TOTAL 930 1156 -226 994
SINCE 7/1 2880 3483 -603 3229
COOLING TOTAL 0 0 0 0
SINCE 1/1 0 0 0 0
................................................................
WIND (MPH)
AVERAGE WIND SPEED 5.3
HIGHEST WIND SPEED/DIRECTION 29/030 DATE 01/15
HIGHEST GUST SPEED/DIRECTION 36/040 DATE 01/15
SKY COVER
POSSIBLE SUNSHINE (PERCENT) MM
AVERAGE SKY COVER 0.43
NUMBER OF DAYS FAIR 15
NUMBER OF DAYS PC 7
NUMBER OF DAYS CLOUDY 9
AVERAGE RH (PERCENT) 60
WEATHER CONDITIONS. NUMBER OF DAYS WITH
THUNDERSTORM 0 MIXED PRECIP 0
HEAVY RAIN 0 RAIN 0
LIGHT RAIN 3 FREEZING RAIN 0
LT FREEZING RAIN 0 HAIL 0
HEAVY SNOW 1 SNOW 3
LIGHT SNOW 7 SLEET 0
FOG 8 FOG W/VIS <= 1/4 MILE 1
HAZE 2
- INDICATES NEGATIVE NUMBERS.
R INDICATES RECORD WAS SET OR TIED.
MM INDICATES DATA IS MISSING.
T INDICATES TRACE AMOUNT.
$$