000
CXUS53 KGLD 030103
CLMGLD
CLIMATE REPORT
NATIONAL WEATHER SERVICE
703 PM MDT WED AUG 02 2023
...................................
...THE GOODLAND KS CLIMATE SUMMARY FOR THE MONTH OF JULY 2023...
CLIMATE NORMAL PERIOD: 1991 TO 2020
CLIMATE RECORD PERIOD: 1895 TO 2023
WEATHER OBSERVED NORMAL DEPART LAST YEAR`S
VALUE DATE(S) VALUE FROM VALUE DATE(S)
NORMAL
................................................................
TEMPERATURE (F)
RECORD
HIGH 111 07/25/1940
LOW 40 07/11/1895
HIGHEST 102 07/25 102 0 107 07/23
LOWEST 49 07/09 52 -3 59 07/12
07/24
07/30
AVG. MAXIMUM 87.5 90.4 -2.9 93.9
AVG. MINIMUM 61.8 61.7 0.1 64.3
MEAN 74.7 76.1 -1.4 79.1
DAYS MAX >= 90 15 18.1 -3.1 21
DAYS MAX <= 32 0 0.0 0.0 0
DAYS MIN <= 32 0 0.0 0.0 0
DAYS MIN <= 0 0 0.0 0.0 0
PRECIPITATION (INCHES)
RECORD
MAXIMUM 10.10 1985
MINIMUM 0.27 1916
TOTALS 4.17 3.08 1.09 2.88
DAILY AVG. 0.13 0.10 0.03 0.09
DAYS >= .01 11 9.8 1.2 10
DAYS >= .10 6 5.6 0.4 7
DAYS >= .50 4 2.0 2.0 2
DAYS >= 1.00 1 0.8 0.2 0
GREATEST
24 HR. TOTAL 1.10 07/19 TO 07/20 0.93
STORM TOTAL 1.06
(MM/DD(HH))
SNOWFALL (INCHES)
RECORDS
TOTAL T 2022
TOTALS T 0.0 0.0 T
SINCE 7/1 T 0.0 0.0 T
SNOWDEPTH AVG. 0 0
DAYS >= 1.0 0 0.0 0.0 0
GREATEST
SNOW DEPTH 0 0
DEGREE DAYS
HEATING TOTAL 2 3 -1 0
SINCE 7/1 2 0 2 0
COOLING TOTAL 311 346 -35 445
SINCE 1/1 482 593 -111 790
................................................................
WIND (MPH)
AVERAGE WIND SPEED 9.4
HIGHEST WIND SPEED/DIRECTION 46/310 DATE 07/25
HIGHEST GUST SPEED/DIRECTION 63/300 DATE 07/25
SKY COVER
AVERAGE SKY COVER 0.20
AVERAGE RH (PERCENT) 68
WEATHER CONDITIONS. NUMBER OF DAYS WITH
THUNDERSTORM 13 MIXED PRECIP 0
HEAVY RAIN 5 RAIN 3
LIGHT RAIN 10 FREEZING RAIN 0
LT FREEZING RAIN 0 HAIL 1
HEAVY SNOW 0 SNOW 0
LIGHT SNOW 0 SLEET 0
FOG 13 FOG W/VIS <= 1/4 MILE 2
HAZE 2
- INDICATES NEGATIVE NUMBERS.
R INDICATES RECORD WAS SET OR TIED.
MM INDICATES DATA IS MISSING.
T INDICATES TRACE AMOUNT.
$$