000
CXUS54 KJAN 011929
CLMGLH
CLIMATE REPORT
NATIONAL WEATHER SERVICE JACKSON MS
229 PM CDT WED NOV 01 2023
...................................
...THE GREENVILLE CLIMATE SUMMARY FOR THE MONTH OF OCTOBER 2023...
CLIMATE NORMAL PERIOD: 1991 TO 2020
CLIMATE RECORD PERIOD: 1903 TO 2023
WEATHER OBSERVED NORMAL DEPART LAST YEAR`S
VALUE DATE(S) VALUE FROM VALUE DATE(S)
NORMAL
................................................................
TEMPERATURE (F)
RECORD
HIGH 99 10/03/2019
LOW 27 10/31/1993
HIGHEST 99R 10/01 MM MM 93 10/12
LOWEST 37 10/31 MM MM 29 10/19
AVG. MAXIMUM 81.6 77.2 4.4 80.8
AVG. MINIMUM 56.9 53.0 3.9 49.7
MEAN 69.3 65.1 4.2 65.3
DAYS MAX >= 90 7 2.6 4.4 4
DAYS MAX <= 32 0 0.0 0.0 0
DAYS MIN <= 32 0 0.3 -0.3 1
DAYS MIN <= 0 0 0.0 0.0 0
PRECIPITATION (INCHES)
RECORD
MAXIMUM 14.47 2009
MINIMUM 0.00 1963
TOTALS 0.69 4.22 -3.53 1.46
DAILY AVG. 0.02 0.14 -0.12 0.05
DAYS >= .01 3 8.2 -5.2 3
DAYS >= .10 2 5.2 -3.2 3
DAYS >= .50 0 2.6 -2.6 1
DAYS >= 1.00 0 1.4 -1.4 1
GREATEST
24 HR. TOTAL 0.36 10/30 TO 10/30 1.06
SNOWFALL (INCHES)
TOTALS 0.0
DEGREE DAYS
HEATING TOTAL 66 104 -38 78
SINCE 7/1 66 108 -42 MM
COOLING TOTAL 205 107 98 92
SINCE 1/1 2565 2278 287 MM
................................................................
WIND (MPH)
AVERAGE WIND SPEED 8.2
HIGHEST WIND SPEED/DIRECTION 25/020 DATE 10/15
HIGHEST GUST SPEED/DIRECTION 34/020 DATE 10/15
SKY COVER
POSSIBLE SUNSHINE (PERCENT) MM
AVERAGE SKY COVER 0.25
NUMBER OF DAYS FAIR 21
NUMBER OF DAYS PC 7
NUMBER OF DAYS CLOUDY 3
AVERAGE RH (PERCENT) 59
WEATHER CONDITIONS. NUMBER OF DAYS WITH
THUNDERSTORM 1 MIXED PRECIP 0
HEAVY RAIN 1 RAIN 2
LIGHT RAIN 5 FREEZING RAIN 0
LT FREEZING RAIN 0 HAIL 0
HEAVY SNOW 0 SNOW 0
LIGHT SNOW 0 SLEET 0
FOG 7 FOG W/VIS <= 1/4 MILE 0
HAZE 6
- INDICATES NEGATIVE NUMBERS.
R INDICATES RECORD WAS SET OR TIED.
MM INDICATES DATA IS MISSING.
T INDICATES TRACE AMOUNT.
$$