000
CXUS53 KAPX 011242
CF6GLR
PRELIMINARY LOCAL CLIMATOLOGICAL DATA (WS FORM: F-6)
STATION: GAYLORD
MONTH: SEPTEMBER
YEAR: 2021
LATITUDE: 45 0 N
LONGITUDE: 84 42 W
TEMPERATURE IN F: :PCPN: SNOW: WIND :SUNSHINE: SKY :PK WND
================================================================================
1 2 3 4 5 6A 6B 7 8 9 10 11 12 13 14 15 16 17 18
12Z AVG MX 2MIN
DY MAX MIN AVG DEP HDD CDD WTR SNW DPTH SPD SPD DIR MIN PSBL S-S WX SPD DR
================================================================================
1 74 51 63 1 2 0 0.00 M M 3.7 13 30 M M 1 21 30
2 75 44 60 -2 5 0 0.00 M M 2.3 10 50 M M 0 15 40
3 71 47 59 -3 6 0 0.00 M M 2.9 9 210 M M 1 12 210
4 69 62 66 5 0 1 0.10 M M 7.0 15 220 M M 10 18 23 220
5 72 56 64 3 1 0 0.07 M M 8.7 22 260 M M 6 1 32 260
6 69 48 59 -2 6 0 T M M 5.1 15 270 M M 3 23 290
7 69 47 58 -2 7 0 0.31 M M 7.1 22 130 M M 3 13 32 180
8 65 55 60 0 5 0 0.39 M M 9.9 22 240 M M 6 31 270
9 69 54 62 2 3 0 0.10 M M 4.8 14 290 M M 5 1 23 280
10 75 45 60 0 5 0 0.00 M M 3.7 15 240 M M 3 128 19 230
11 83 58 71 12 0 6 0.00 M M 11.5 26 230 M M 3 39 240
12 74 52 63 4 2 0 T M M 1.8 6 99 M M 1 M M
13 72 47 60 1 5 0 0.00 M M 2.7 8 120 M M 1 M M
14 81 57 69 11 0 4 0.01 M M 12.3 33 240 M M 8 138 43 250
15 74 49 62 4 3 0 T M M 4.0 16 260 M M 3 8 23 270
16 77 47 62 4 3 0 0.00 M M 7.3 18 180 M M 2 28 24 140
17 85 59 72 15 0 7 0.00 M M 9.4 22 250 M M 2 32 250
18 74 43 59 2 6 0 0.00 M M 2.0 8 130 M M 0 11 50
19 80 51 66 9 0 1 0.00 M M 8.0 15 190 M M 0 19 190
20 82 63 73 17 0 8 0.11 M M 10.3 18 160 M M 4 8 31 140
21 73 56 65 9 0 0 0.18 M M 9.6 21 190 M M 8 8 30 190
22 58 52 55 -1 10 0 0.00 M M 8.7 14 40 M M 4 28 30
23 51 46 49 -6 16 0 0.73 M M 7.3 16 20 M M 10 8 31 30
24 71 50 61 6 4 0 0.07 M M 10.0 21 200 M M 6 8 36 180
25 63 52 58 4 7 0 0.17 M M 11.0 25 250 M M 7 38 35 220
26 71 49 60 6 5 0 0.04 M M 5.4 13 220 M M 7 8 M M
27 69 50 60 6 5 0 0.00 M M 4.2 13 50 M M 2 18 50
28 69 43 56 3 9 0 0.00 M M 2.2 9 50 M M 1 14 60
29 75 47 61 8 4 0 0.00 M M 1.5 6 99 M M 2 8 M M
30 76 43 60 8 5 0 0.00 M M 2.7 9 190 M M 0 12 180
================================================================================
SM 2166 1523 124 27 2.28 M 187.1 M 109
================================================================================
AV 72.2 50.8 6.2 FASTST M M 4 MAX(MPH)
MISC ----> 33 240 43 250
================================================================================
NOTES:
# LAST OF SEVERAL OCCURRENCES
COLUMN 17 PEAK WIND IN M.P.H.
PRELIMINARY LOCAL CLIMATOLOGICAL DATA (WS FORM: F-6) , PAGE 2
STATION: GAYLORD
MONTH: SEPTEMBER
YEAR: 2021
LATITUDE: 45 0 N
LONGITUDE: 84 42 W
[TEMPERATURE DATA] [PRECIPITATION DATA] SYMBOLS USED IN COLUMN 16
AVERAGE MONTHLY: 61.5 TOTAL FOR MONTH: 2.28 1 = FOG OR MIST
DPTR FM NORMAL: 3.9 DPTR FM NORMAL: -1.36 2 = FOG REDUCING VISIBILITY
HIGHEST: 85 ON 17 GRTST 24HR 0.73 ON 23-23 TO 1/4 MILE OR LESS
LOWEST: 43 ON 30,28 3 = THUNDER
SNOW, ICE PELLETS, HAIL 4 = ICE PELLETS
TOTAL MONTH: M 5 = HAIL
GRTST 24HR M ON M 6 = FREEZING RAIN OR DRIZZLE
GRTST DEPTH: M ON M 7 = DUSTSTORM OR SANDSTORM:
VSBY 1/2 MILE OR LESS
8 = SMOKE OR HAZE
[NO. OF DAYS WITH] [WEATHER - DAYS WITH] 9 = BLOWING SNOW
X = TORNADO
MAX 32 OR BELOW: 0 0.01 INCH OR MORE: 12
MAX 90 OR ABOVE: 0 0.10 INCH OR MORE: 8
MIN 32 OR BELOW: 0 0.50 INCH OR MORE: 1
MIN 0 OR BELOW: 0 1.00 INCH OR MORE: 0
[HDD (BASE 65) ]
TOTAL THIS MO. 124 CLEAR (SCALE 0-3) 17
DPTR FM NORMAL -121 PTCLDY (SCALE 4-7) 11
TOTAL FM JUL 1 158 CLOUDY (SCALE 8-10) 2
DPTR FM NORMAL -224
[CDD (BASE 65) ]
TOTAL THIS MO. 27
DPTR FM NORMAL 2 [PRESSURE DATA]
TOTAL FM JAN 1 573 HIGHEST SLP 30.29 ON 18
DPTR FM NORMAL 301 LOWEST SLP 29.57 ON 7
[REMARKS]
#FINAL-09-21#