000
CXUS53 KGRB 010721
CLMGRB
CLIMATE REPORT
NATIONAL WEATHER SERVICE GREEN BAY
221 AM CDT SAT APR 01 2023
...................................
...THE GREEN BAY WI CLIMATE SUMMARY FOR THE MONTH OF MARCH 2023...
CLIMATE NORMAL PERIOD: 1991 TO 2020
CLIMATE RECORD PERIOD: 1886 TO 2023
WEATHER OBSERVED NORMAL DEPART LAST YEAR`S
VALUE DATE(S) VALUE FROM VALUE DATE(S)
NORMAL
................................................................
TEMPERATURE (F)
RECORD
HIGH 82 03/21/2012
03/29/1910
LOW -29 03/01/1962
HIGHEST 46 03/26 59 -13 62 03/16
03/17
LOWEST 1 03/15 0 1 3 03/12
AVG. MAXIMUM 37.6 40.4 -2.8 39.4
AVG. MINIMUM 20.5 23.9 -3.4 24.8
MEAN 29.0 32.1 -3.1 32.1
DAYS MAX >= 90 0 0.0 0.0 0
DAYS MAX <= 32 4 6.8 -2.8 6
DAYS MIN <= 32 29 25.2 3.8 22
DAYS MIN <= 0 0 1.3 -1.3 0
PRECIPITATION (INCHES)
RECORD
MAXIMUM 6.03 2022
MINIMUM 0.15 1999
TOTALS 4.01 1.96 2.05 6.03
DAYS >= .01 14 10.4 3.6 14
DAYS >= .10 7 5.1 1.9 10
DAYS >= .50 3 1.3 1.7 5
DAYS >= 1.00 1 0.2 0.8 2
GREATEST
24 HR. TOTAL 1.13 03/30 TO 03/31
SNOWFALL (INCHES)
RECORDS
TOTAL 48.2 1888
TOTALS 25.8 8.1 17.7 7.1
SINCE 7/1 73.8 50.9 22.9 MM
SNOWDEPTH AVG. 5 0
DAYS >= 1.0 5 2.6 2.4 4
GREATEST
SNOW DEPTH 15 03/13 1 03/07
03/19
24 HR TOTAL MM
DEGREE DAYS
HEATING TOTAL 1107 1019 88 1011
SINCE 7/1 5998 6529 -531 MM
COOLING TOTAL 0 0 0 0
SINCE 1/1 0 0 0 MM
................................................................
WIND (MPH)
AVERAGE WIND SPEED 9.9
HIGHEST WIND SPEED/DIRECTION 40/040 DATE 03/31
HIGHEST GUST SPEED/DIRECTION 53/040 DATE 03/31
SKY COVER
POSSIBLE SUNSHINE (PERCENT) MM
AVERAGE SKY COVER 0.48
NUMBER OF DAYS FAIR 14
NUMBER OF DAYS PC 7
NUMBER OF DAYS CLOUDY 10
AVERAGE RH (PERCENT) 73
WEATHER CONDITIONS. NUMBER OF DAYS WITH
THUNDERSTORM 0 MIXED PRECIP 0
HEAVY RAIN 1 RAIN 3
LIGHT RAIN 7 FREEZING RAIN 0
LT FREEZING RAIN 0 HAIL 0
HEAVY SNOW 1 SNOW 4
LIGHT SNOW 14 SLEET 1
FOG 19 FOG W/VIS <= 1/4 MILE 2
HAZE 3
- INDICATES NEGATIVE NUMBERS.
R INDICATES RECORD WAS SET OR TIED.
MM INDICATES DATA IS MISSING.
T INDICATES TRACE AMOUNT.
$$