000
CXUS53 KGRB 021345 AAA
CLMGRB
CLIMATE REPORT
NATIONAL WEATHER SERVICE GREEN BAY
1058 AM CST FRI DEC 01 2023
...................................
...THE GREEN BAY WI CLIMATE SUMMARY FOR THE MONTH OF NOVEMBER 2023...
CLIMATE NORMAL PERIOD: 1991 TO 2020
CLIMATE RECORD PERIOD: 1886 TO 2023
WEATHER OBSERVED NORMAL DEPART LAST YEAR`S
VALUE DATE(S) VALUE FROM VALUE DATE(S)
NORMAL
................................................................
TEMPERATURE (F)
RECORD
HIGH 75 11/08/2020
LOW -12 11/28/1887
HIGHEST 68 11/06 61 7 75 11/02
LOWEST 10 11/28 8 2 10 11/20
AVG. MAXIMUM 46.4 43.5 2.9 46.6
AVG. MINIMUM 28.0 28.9 -0.9 30.1
MEAN 37.2 36.2 1.0 38.3
DAYS MAX >= 90 0 0.0 0.0 0
DAYS MAX <= 32 5 4.4 0.6 5
DAYS MIN <= 32 21 20.5 0.5 19
DAYS MIN <= 0 0 0.1 -0.1 0
PRECIPITATION (INCHES)
RECORD
MAXIMUM 6.19 1934
MINIMUM 0.11 2007
TOTALS 0.50 1.98 -1.48 2.50
DAYS >= .01 6 9.6 -3.6 9
DAYS >= .10 2 4.8 -2.8 4
DAYS >= .50 0 1.1 -1.1 2
DAYS >= 1.00 0 0.3 -0.3 0
GREATEST
24 HR. TOTAL 0.19 11/08 TO 11/08
SNOWFALL (INCHES)
RECORDS
TOTAL 21.3 1889
TOTALS 2.0 3.1 -1.1 2.9
SINCE 7/1 2.7 3.4 -0.7 3.0
SNOWDEPTH AVG. 0 0
DAYS >= 1.0 1 0.9 0.1 2
GREATEST
SNOW DEPTH 2 11/26 1 11/18
11/28
11/27
24 HR TOTAL MM
DEGREE DAYS
HEATING TOTAL 826 864 -38 794
SINCE 7/1 1381 1581 -200 1345
COOLING TOTAL 0 0 0 0
SINCE 1/1 624 508 116 702
................................................................
WIND (MPH)
AVERAGE WIND SPEED 8.3
HIGHEST WIND SPEED/DIRECTION 33/280 DATE 11/09
HIGHEST GUST SPEED/DIRECTION 45/280 DATE 11/09
SKY COVER
POSSIBLE SUNSHINE (PERCENT) MM
AVERAGE SKY COVER 0.35
NUMBER OF DAYS FAIR 18
NUMBER OF DAYS PC 7
NUMBER OF DAYS CLOUDY 5
AVERAGE RH (PERCENT) 66
WEATHER CONDITIONS. NUMBER OF DAYS WITH
THUNDERSTORM 2 MIXED PRECIP 0
HEAVY RAIN 0 RAIN 2
LIGHT RAIN 6 FREEZING RAIN 0
LT FREEZING RAIN 0 HAIL 0
HEAVY SNOW 0 SNOW 0
LIGHT SNOW 3 SLEET 0
FOG 5 FOG W/VIS <= 1/4 MILE 0
HAZE 1
- INDICATES NEGATIVE NUMBERS.
R INDICATES RECORD WAS SET OR TIED.
MM INDICATES DATA IS MISSING.
T INDICATES TRACE AMOUNT.
$$