000
CXUS53 KGID 012116 CCA
CF6GRI
PRELIMINARY LOCAL CLIMATOLOGICAL DATA (WS FORM: F-6)
STATION: GRAND ISLAND NE
MONTH: JULY
YEAR: 2023
LATITUDE: 40 58 N
LONGITUDE: 98 19 W
TEMPERATURE IN F: :PCPN: SNOW: WIND :SUNSHINE: SKY :PK WND
================================================================================
1 2 3 4 5 6A 6B 7 8 9 10 11 12 13 14 15 16 17 18
12Z AVG MX 2MIN
DY MAX MIN AVG DEP HDD CDD WTR SNW DPTH SPD SPD DIR MIN PSBL S-S WX SPD DR
================================================================================
1 79 64 72 -4 0 7 0.24 0.0 0 8.3 21 20 M M 5 138 27 20
2 89 61 75 -1 0 10 0.00 0.0 0 5.8 10 170 M M 0 1 15 230
3 92 65 79 3 0 14 0.00 0.0 0 8.4 16 180 M M 0 22 180
4 94 68 81 5 0 16 T 0.0 0 12.8 31 350 M M 2 13 40 340
5 78 60 69 -8 0 4 0.00 0.0 0 12.0 21 10 M M 6 28 40
6 75 57 66 -11 0 1 0.00 0.0 0 6.2 13 130 M M 9 18 150
7 81 60 71 -6 0 6 0.75 0.0 0 8.6 24 140 M M 7 138 30 130
8 76 57 67 -10 0 2 0.00 0.0 0 5.5 14 20 M M 4 18 20
9 83 59 71 -6 0 6 0.00 0.0 0 6.5 16 210 M M 1 1 22 220
10 90 65 78 1 0 13 0.00 0.0 0 12.9 21 190 M M 0 30 190
11 88 65 77 0 0 12 T 0.0 0 8.2 14 140 M M 0 3 18 150
12 87 64 76 -1 0 11 0.16 0.0 0 7.1 31 20 M M 2 138 42 20
13 88 63 76 -1 0 11 0.09 0.0 0 5.5 22 330 M M 2 13 30 330
14 82 64 73 -4 0 8 0.14 0.0 0 6.9 23 130 M M 2 13 34 290
15 88 63 76 -1 0 11 0.00 0.0 0 6.8 17 290 M M 0 18 22 280
16 87 63 75 -2 0 10 0.04 0.0 0 4.6 36 340 M M 1 138 48 340
17 79 64 72 -5 0 7 0.00 0.0 0 9.1 17 60 M M 1 138 23 50
18 82 61 72 -5 0 7 0.04 0.0 0 7.7 24 110 M M 3 3 33 110
19 81 63 72 -5 0 7 T 0.0 0 5.2 14 110 M M 2 18 20 100
20 84 64 74 -3 0 9 0.00 0.0 0 5.8 14 10 M M 1 1 23 50
21 85 65 75 -2 0 10 0.00 0.0 0 5.6 13 330 M M 2 18 17 40
22 91 64 78 1 0 13 0.36 0.0 0 6.9 29 250 M M 2 13 42 280
23 89 62 76 -1 0 11 0.00 0.0 0 M M M M M M M M
24 94 64 79 2 0 14 0.00 0.0 0 M M M M M M M M
25 96 71 84 7 0 19 0.00 0.0 0 M M M M M M 8 M M
26 101 73 87 10 0 22 0.00 0.0 0 7.7 13 350 M M 0 18 18 340
27 103 75 89 12 0 24 0.00 0.0 0 9.9 17 250 M M 0 27 240
28 104 71 88 11 0 23 0.00 0.0 0 6.3 17 120 M M 1 38 27 300
29 85 65 75 -2 0 10 1.00 0.0 0 10.4 44 320 M M 2 13 58 320
30 87 69 78 1 0 13 0.00 0.0 0 10.0 21 100 M M 3 3 29 90
31 83 68 76 -1 0 11 0.53 0.0 0 9.2 22 170 M M 6 13 32 150
================================================================================
SM 2701 1997 0 342 3.35 0.0 M M 64
================================================================================
AV 87.1 64.4 M FASTST M M 2 MAX(MPH)
MISC ----> M M M M
================================================================================
NOTES:
# LAST OF SEVERAL OCCURRENCES
COLUMN 17 PEAK WIND IN M.P.H.
PRELIMINARY LOCAL CLIMATOLOGICAL DATA (WS FORM: F-6) , PAGE 2
STATION: GRAND ISLAND NE
MONTH: JULY
YEAR: 2023
LATITUDE: 40 58 N
LONGITUDE: 98 19 W
[TEMPERATURE DATA] [PRECIPITATION DATA] SYMBOLS USED IN COLUMN 16
AVERAGE MONTHLY: 75.8 TOTAL FOR MONTH: 3.35 1 = FOG OR MIST
DPTR FM NORMAL: -1.2 DPTR FM NORMAL: -0.16 2 = FOG REDUCING VISIBILITY
HIGHEST: 104 ON 28 GRTST 24HR 1.00 ON 29-29 TO 1/4 MILE OR LESS
LOWEST: 57 ON 8, 6 3 = THUNDER
SNOW, ICE PELLETS, HAIL 4 = ICE PELLETS
TOTAL MONTH: 0.0 INCH 5 = HAIL
GRTST 24HR 0.0 6 = FREEZING RAIN OR DRIZZLE
GRTST DEPTH: 0 7 = DUSTSTORM OR SANDSTORM:
VSBY 1/2 MILE OR LESS
8 = SMOKE OR HAZE
[NO. OF DAYS WITH] [WEATHER - DAYS WITH] 9 = BLOWING SNOW
X = TORNADO
MAX 32 OR BELOW: 0 0.01 INCH OR MORE: 10
MAX 90 OR ABOVE: 9 0.10 INCH OR MORE: 7
MIN 32 OR BELOW: 0 0.50 INCH OR MORE: 3
MIN 0 OR BELOW: 0 1.00 INCH OR MORE: 1
[HDD (BASE 65) ]
TOTAL THIS MO. 0 CLEAR (SCALE 0-3) 22
DPTR FM NORMAL -1 PTCLDY (SCALE 4-7) 5
TOTAL FM JUL 1 0 CLOUDY (SCALE 8-10) 4
DPTR FM NORMAL 0
[CDD (BASE 65) ]
TOTAL THIS MO. 342
DPTR FM NORMAL -30 [PRESSURE DATA]
TOTAL FM JAN 1 735 HIGHEST SLP 30.25 ON 29
DPTR FM NORMAL 31 LOWEST SLP M ON M
[REMARKS]
SUBSTITUTED MINIMUM TEMPERATURE (64) FOR 7/24/2023 AND MINIMUM
TEMPERATURE (71) FOR 7/25/2023 FROM NEARBY UNIVERSITY OF NEBRASKA
MESONET (ALDA 5NW), DUE TO THE ASOS BEING OUT OF SERVICE.
#FINAL-07-23#