000
CXUS53 KGID 010834
CF6GRI
PRELIMINARY LOCAL CLIMATOLOGICAL DATA (WS FORM: F-6)
STATION: GRAND ISLAND NE
MONTH: NOVEMBER
YEAR: 2021
LATITUDE: 40 58 N
LONGITUDE: 98 19 W
TEMPERATURE IN F: :PCPN: SNOW: WIND :SUNSHINE: SKY :PK WND
================================================================================
1 2 3 4 5 6A 6B 7 8 9 10 11 12 13 14 15 16 17 18
12Z AVG MX 2MIN
DY MAX MIN AVG DEP HDD CDD WTR SNW DPTH SPD SPD DIR MIN PSBL S-S WX SPD DR
================================================================================
1 42 34 38 -8 27 0 0.16 0.2 T 2.9 14 350 M M 10 1 17 350
2 47 30 39 -6 26 0 0.00 0.0 0 5.9 12 210 M M 8 1 16 220
3 45 36 41 -4 24 0 0.00 0.0 0 10.1 17 250 M M 8 24 220
4 57 32 45 1 20 0 0.00 0.0 0 10.3 16 180 M M 0 12 24 170
5 69 41 55 11 10 0 0.00 0.0 0 13.5 25 210 M M 0 36 220
6 75 33 54 10 11 0 0.00 0.0 0 8.7 17 190 M M 0 12 27 170
7 69 42 56 13 9 0 0.00 0.0 0 7.7 16 190 M M 0 24 200
8 61 40 51 8 14 0 0.00 0.0 0 12.5 24 30 M M 1 34 30
9 60 35 48 6 17 0 0.00 0.0 0 7.8 16 40 M M 1 24 40
10 52 39 46 4 19 0 0.22 0.0 0 9.1 24 330 M M 8 1 35 340
11 54 35 45 3 20 0 0.00 0.0 0 18.8 38 310 M M 3 53 310
12 38 23 31 -10 34 0 T T 0 21.8 41 330 M M 7 54 330
13 51 20 36 -5 29 0 0.09 0.0 0 9.4 35 320 M M 5 3 35 320
14 59 37 48 8 17 0 0.00 0.0 0 10.4 20 330 M M 6 25 330
15 76 44 60 20 5 0 0.00 0.0 0 9.0 15 250 M M 0 21 240
16 73 43 58 19 7 0 0.00 0.0 0 10.3 23 20 M M 0 34 10
17 50 26 38 -1 27 0 0.00 0.0 0 15.3 28 330 M M 1 36 320
18 48 22 35 -3 30 0 0.00 0.0 0 9.9 17 170 M M 0 25 160
19 52 30 41 3 24 0 0.00 0.0 0 12.6 24 220 M M 0 35 190
20 59 27 43 5 22 0 0.00 0.0 0 6.6 15 40 M M 1 18 90
21 50 27 39 2 26 0 0.00 0.0 0 10.2 25 350 M M 1 33 350
22 60 28 44 7 21 0 0.00 0.0 0 6.4 13 180 M M 2 8 16 170
23 71 33 52 16 13 0 0.00 0.0 0 14.1 29 210 M M 0 39 210
24 53 34 44 8 21 0 0.00 0.0 0 15.7 33 350 M M 4 43 340
25 38 19 29 -7 36 0 0.00 0.0 0 10.8 24 350 M M 2 31 340
26 68 30 49 14 16 0 0.00 0.0 0 9.2 16 270 M M 0 23 200
27 62 32 47 12 18 0 0.00 0.0 0 13.7 30 330 M M 0 42 340
28 54 24 39 5 26 0 0.00 0.0 0 9.2 21 210 M M 0 28 190
29 72 37 55 21 10 0 0.00 0.0 0 9.5 20 330 M M 0 27 320
30 62 36 49 15 16 0 0.00 0.0 0 6.3 14 230 M M 1 8 19 210
================================================================================
SM 1727 969 595 0 0.47 0.2 317.7 M 69
================================================================================
AV 57.6 32.3 10.6 FASTST M M 2 MAX(MPH)
MISC ----> 41 330 54 330
================================================================================
NOTES:
# LAST OF SEVERAL OCCURRENCES
COLUMN 17 PEAK WIND IN M.P.H.
PRELIMINARY LOCAL CLIMATOLOGICAL DATA (WS FORM: F-6) , PAGE 2
STATION: GRAND ISLAND NE
MONTH: NOVEMBER
YEAR: 2021
LATITUDE: 40 58 N
LONGITUDE: 98 19 W
[TEMPERATURE DATA] [PRECIPITATION DATA] SYMBOLS USED IN COLUMN 16
AVERAGE MONTHLY: 44.9 TOTAL FOR MONTH: 0.47 1 = FOG OR MIST
DPTR FM NORMAL: 5.3 DPTR FM NORMAL: -0.63 2 = FOG REDUCING VISIBILITY
HIGHEST: 76 ON 15 GRTST 24HR 0.22 ON 10-10 TO 1/4 MILE OR LESS
LOWEST: 19 ON 25 3 = THUNDER
SNOW, ICE PELLETS, HAIL 4 = ICE PELLETS
TOTAL MONTH: 0.2 INCH 5 = HAIL
GRTST 24HR 0.2 ON 1- 1 6 = FREEZING RAIN OR DRIZZLE
GRTST DEPTH: T 7 = DUSTSTORM OR SANDSTORM:
VSBY 1/2 MILE OR LESS
8 = SMOKE OR HAZE
[NO. OF DAYS WITH] [WEATHER - DAYS WITH] 9 = BLOWING SNOW
X = TORNADO
MAX 32 OR BELOW: 0 0.01 INCH OR MORE: 3
MAX 90 OR ABOVE: 0 0.10 INCH OR MORE: 2
MIN 32 OR BELOW: 14 0.50 INCH OR MORE: 0
MIN 0 OR BELOW: 0 1.00 INCH OR MORE: 0
[HDD (BASE 65) ]
TOTAL THIS MO. 595 CLEAR (SCALE 0-3) 22
DPTR FM NORMAL -167 PTCLDY (SCALE 4-7) 7
TOTAL FM JUL 1 906 CLOUDY (SCALE 8-10) 1
DPTR FM NORMAL -327
[CDD (BASE 65) ]
TOTAL THIS MO. 0
DPTR FM NORMAL 0 [PRESSURE DATA]
TOTAL FM JAN 1 1349 HIGHEST SLP 30.59 ON 25
DPTR FM NORMAL 195 LOWEST SLP 29.56 ON 16
[REMARKS]
#FINAL-11-21#