000
CXGM50 PGUM 010030
CF6GSN
PRELIMINARY LOCAL CLIMATOLOGICAL DATA (WS FORM: F-6)
STATION: SAIPAN/ISLEY_(CGS) MP
MONTH: NOVEMBER
YEAR: 2022
LATITUDE: 15 7 N
LONGITUDE: 145-44 E
TEMPERATURE IN F: :PCPN: SNOW: WIND :SUNSHINE: SKY :PK WND
================================================================================
1 2 3 4 5 6A 6B 7 8 9 10 11 12 13 14 15 16 17 18
12Z AVG MX 2MIN
DY MAX MIN AVG DEP HDD CDD WTR SNW DPTH SPD SPD DIR MIN PSBL S-S WX SPD DR
================================================================================
1 90 79 85 3 0 20 0.08 0.0 0 8.4 13 80 M M 2 16 70
2 89 79 84 2 0 19 T 0.0 0 6.1 15 90 M M 3 19 90
3 92 81 87 5 0 22 T 0.0 0 8.0 17 40 M M 3 22 50
4 91 81 86 4 0 21 0.00 0.0 0 8.0 15 60 M M 2 18 70
5 91 83 87 5 0 22 0.01 0.0 0 11.1 20 40 M M 5 26 40
6 90 82 86 4 0 21 0.03 0.0 0 7.1 14 140 M M 3 17 130
7 90 80 85 3 0 20 0.01 0.0 0 9.1 16 50 M M 2 20 80
8 90 79 85 3 0 20 0.07 0.0 0 11.6 20 80 M M 3 23 80
9 90 82 86 4 0 21 0.07 0.0 0 13.5 24 60 M M 4 30 70
10 90 79 85 3 0 20 0.31 0.0 0 13.7 25 80 M M 4 31 80
11 87 79 83 1 0 18 0.05 0.0 0 14.7 24 80 M M 4 31 80
12 87 78 83 1 0 18 0.60 0.0 0 12.7 23 80 M M 5 30 70
13 85 79 82 0 0 17 0.37 0.0 0 8.1 16 110 M M 5 20 100
14 87 79 83 1 0 18 T 0.0 0 6.3 12 40 M M 2 15 70
15 88 80 84 2 0 19 0.09 0.0 0 12.7 20 50 M M 3 24 60
16 89 81 85 3 0 20 T 0.0 0 14.8 22 70 M M 3 26 50
17 90 82 86 4 0 21 0.03 0.0 0 18.1 29 70 M M 4 36 70
18 90 80 85 3 0 20 0.07 0.0 0 13.9 22 70 M M 3 27 70
19 90 80 85 3 0 20 0.04 0.0 0 12.5 20 70 M M 3 25 70
20 89 80 85 3 0 20 0.09 0.0 0 12.7 20 70 M M 3 25 70
21 89 81 85 3 0 20 0.02 0.0 0 9.3 18 80 M M 2 24 80
22 90 79 85 3 0 20 0.08 0.0 0 8.6 14 40 M M 3 19 40
23 89 80 85 3 0 20 T 0.0 0 9.7 15 80 M M 2 19 40
24 91 81 86 4 0 21 0.03 0.0 0 12.3 24 80 M M 4 28 80
25 88 77 83 1 0 18 0.23 0.0 0 9.0 16 70 M M 3 20 80
26 90 79 85 3 0 20 0.04 0.0 0 12.9 22 90 M M 4 27 90
27 90 82 86 4 0 21 0.00 0.0 0 12.8 18 70 M M 2 22 80
28 90 81 86 4 0 21 T 0.0 0 16.1 23 70 M M 3 29 70
29 90 79 85 3 0 20 0.02 0.0 0 16.5 25 70 M M 4 31 80
30 90 77 84 2 0 19 0.44 M M 11.1 22 90 M M 4 1 30 80
================================================================================
SM 2682 2399 0 597 2.78 0.0 341.4 M 97
================================================================================
AV 89.4 80.0 11.4 FASTST M M 3 MAX(MPH)
MISC ----> 29 70 36 70
================================================================================
NOTES:
# LAST OF SEVERAL OCCURRENCES
COLUMN 17 PEAK WIND IN M.P.H.
PRELIMINARY LOCAL CLIMATOLOGICAL DATA (WS FORM: F-6) , PAGE 2
STATION: SAIPAN/ISLEY_(CGS) MP
MONTH: NOVEMBER
YEAR: 2022
LATITUDE: 15 7 N
LONGITUDE: 145-44 E
[TEMPERATURE DATA] [PRECIPITATION DATA] SYMBOLS USED IN COLUMN 16
AVERAGE MONTHLY: 84.7 TOTAL FOR MONTH: 2.78 1 = FOG OR MIST
DPTR FM NORMAL: 2.8 DPTR FM NORMAL: -2.43 2 = FOG REDUCING VISIBILITY
HIGHEST: 92 ON 3 GRTST 24HR 0.61 ON 11-12 TO 1/4 MILE OR LESS
LOWEST: 77 ON 30,25 3 = THUNDER
SNOW, ICE PELLETS, HAIL 4 = ICE PELLETS
TOTAL MONTH: 0.0 INCH 5 = HAIL
GRTST 24HR 0.0 6 = FREEZING RAIN OR DRIZZLE
GRTST DEPTH: 0 7 = DUSTSTORM OR SANDSTORM:
VSBY 1/2 MILE OR LESS
8 = SMOKE OR HAZE
[NO. OF DAYS WITH] [WEATHER - DAYS WITH] 9 = BLOWING SNOW
X = TORNADO
MAX 32 OR BELOW: 0 0.01 INCH OR MORE: 22
MAX 90 OR ABOVE: 19 0.10 INCH OR MORE: 5
MIN 32 OR BELOW: 0 0.50 INCH OR MORE: 1
MIN 0 OR BELOW: 0 1.00 INCH OR MORE: 0
[HDD (BASE 65) ]
TOTAL THIS MO. 0 CLEAR (SCALE 0-3) 16
DPTR FM NORMAL 0 PTCLDY (SCALE 4-7) 14
TOTAL FM JUL 1 0 CLOUDY (SCALE 8-10) 0
DPTR FM NORMAL 0
[CDD (BASE 65) ]
TOTAL THIS MO. 597
DPTR FM NORMAL 90 [PRESSURE DATA]
TOTAL FM JAN 1 5995 HIGHEST SLP 29.94 ON 1
DPTR FM NORMAL 423 LOWEST SLP 29.83 ON 1
[REMARKS]
#FINAL-11-22#