679
CXUS52 KRAH 172213
CF6GSO
PRELIMINARY LOCAL CLIMATOLOGICAL DATA (WS FORM: F-6)
STATION: PIEDMONT TRIAD INTL AIRPORT NC
MONTH: MARCH
YEAR: 2020
LATITUDE: 36 4 N
LONGITUDE: 79 57 W
TEMPERATURE IN F: :PCPN: SNOW: WIND :SUNSHINE: SKY :PK WND
================================================================================
1 2 3 4 5 6A 6B 7 8 9 10 11 12 13 14 15 16 17 18
12Z AVG MX 2MIN
DY MAX MIN AVG DEP HDD CDD WTR SNW DPTH SPD SPD DIR MIN PSBL S-S WX SPD DR
================================================================================
1 57 22 40 -6 25 0 0.00 0.0 0 5.8 15 230 M M 5 24 210
2 62 41 52 6 13 0 0.00 0.0 0 11.6 25 230 M M 8 34 210
3 59 48 54 8 11 0 0.24 0.0 0 9.8 18 240 M M 8 1 24 210
4 60 41 51 5 14 0 0.00 0.0 0 7.9 15 300 M M 8 1 31 210
5 56 40 48 1 17 0 0.00 0.0 0 5.9 17 80 M M 8 21 70
6 55 35 45 -2 20 0 T 0.0 0 13.3 33 320 M M 4 8 43 310
7 53 30 42 -5 23 0 0.00 0.0 0 8.7 22 320 M M 2 28 320
8 60 27 44 -4 21 0 0.00 0.0 0 5.2 16 210 M M 4 19 200
9 67 39 53 5 12 0 0.00 0.0 0 10.7 21 230 M M 7 27 210
10 68 55 62 14 3 0 T 0.0 0 14.0 28 230 M M 8 38 250
11 74 49 62 14 3 0 0.00 0.0 0 5.1 17 260 M M 8 13 23 250
12 74 47 61 12 4 0 T 0.0 0 6.5 14 210 M M 6 8 23 250
13 73 60 67 18 0 2 0.13 0.0 0 10.5 17 280 M M 8 1 25 280
14 66 51 59 10 6 0 T 0.0 0 4.6 13 50 M M 9 19 200
15 56 45 51 1 14 0 T 0.0 0 11.0 17 60 M M 10 26 70
16 53 43 48 -2 17 0 0.01 0.0 0 5.4 16 60 M M 10 19 70
17 62 45 54 4 11 0 0.08 0.0 0 5.6 15 250 M M 9 1 23 260
18 65 45 55 4 10 0 0.00 0.0 0 7.1 16 60 M M 8 1 19 70
19 78 56 67 16 0 2 0.12 0.0 0 8.2 20 230 M M 8 12 27 210
20 85 61 73 22 0 8 0.23 0.0 0 12.9 29 230 M M 9 18 36 230
21 74 51 63 12 2 0 0.10 0.0 0 8.7 22 60 M M 9 1 26 60
22 55 45 50 -2 15 0 0.02 0.0 0 11.8 18 50 M M 10 1 25 70
23 49 42 46 -6 19 0 0.35 0.0 0 7.2 13 60 M M 10 1 17 50
24 58 48 53 1 12 0 0.93 0.0 0 6.4 15 120 M M 10 12 22 90
25 63 45 54 1 11 0 0.42 0.0 0 8.2 16 60 M M 7 1 18 80
26 60 45 53 0 12 0 0.00 0.0 0 7.6 20 250 M M 9 24 250
27 81 51 66 13 0 1 0.00 0.0 0 9.0 18 240 M M 5 22 240
28 88 59 74 20 0 9 0.00 0.0 0 7.5 17 210 M M 9 23 210
29 85 63 74 20 0 9 0.00 0.0 0 11.9 30 250 M M 9 41 250
30 75 55 65 11 0 0 0.00 0.0 0 10.4 22 310 M M 9 27 300
31 60 44 52 -2 13 0 0.06 0.0 0 10.2 20 70 M M 10 23 80
================================================================================
SM 2031 1428 308 31 2.69 0.0 268.7 M 244
================================================================================
AV 65.5 46.1 8.7 FASTST M M 8 MAX(MPH)
MISC ----> # 33 320 # 43 310
================================================================================
NOTES:
# LAST OF SEVERAL OCCURRENCES
COLUMN 17 PEAK WIND IN M.P.H.
PRELIMINARY LOCAL CLIMATOLOGICAL DATA (WS FORM: F-6) , PAGE 2
STATION: PIEDMONT TRIAD INTL AIRPORT NC
MONTH: MARCH
YEAR: 2020
LATITUDE: 36 4 N
LONGITUDE: 79 57 W
[TEMPERATURE DATA] [PRECIPITATION DATA] SYMBOLS USED IN COLUMN 16
AVERAGE MONTHLY: 55.8 TOTAL FOR MONTH: 2.69 1 = FOG OR MIST
DPTR FM NORMAL: 5.8 DPTR FM NORMAL: -1.04 2 = FOG REDUCING VISIBILITY
HIGHEST: 88 ON 28 GRTST 24HR 0.93 ON 24-24 TO 1/4 MILE OR LESS
LOWEST: 22 ON 1 3 = THUNDER
SNOW, ICE PELLETS, HAIL 4 = ICE PELLETS
TOTAL MONTH: 0.0 INCH 5 = HAIL
GRTST 24HR 0.0 6 = FREEZING RAIN OR DRIZZLE
GRTST DEPTH: 0 7 = DUSTSTORM OR SANDSTORM:
VSBY 1/2 MILE OR LESS
8 = SMOKE OR HAZE
[NO. OF DAYS WITH] [WEATHER - DAYS WITH] 9 = BLOWING SNOW
X = TORNADO
MAX 32 OR BELOW: 0 0.01 INCH OR MORE: 12
MAX 90 OR ABOVE: 0 0.10 INCH OR MORE: 8
MIN 32 OR BELOW: 3 0.50 INCH OR MORE: 1
MIN 0 OR BELOW: 0 1.00 INCH OR MORE: 0
[HDD (BASE 65) ]
TOTAL THIS MO. 308 CLEAR (SCALE 0-3) 1
DPTR FM NORMAL -162 PTCLDY (SCALE 4-7) 11
TOTAL FM JUL 1 2770 CLOUDY (SCALE 8-10) 19
DPTR FM NORMAL -555
[CDD (BASE 65) ]
TOTAL THIS MO. 31
DPTR FM NORMAL 26 [PRESSURE DATA]
TOTAL FM JAN 1 32 HIGHEST SLP M ON M
DPTR FM NORMAL 27 LOWEST SLP 29.66 ON 3
[REMARKS]
#FINAL-03-20#