000
CXUS52 KFFC 011010
CF6GVL
PRELIMINARY LOCAL CLIMATOLOGICAL DATA (WS FORM: F-6)
STATION: GAINESVILLE
MONTH: OCTOBER
YEAR: 2023
LATITUDE: 34 16 N
LONGITUDE: 83 50 W
TEMPERATURE IN F: :PCPN: SNOW: WIND :SUNSHINE: SKY :PK WND
================================================================================
1 2 3 4 5 6A 6B 7 8 9 10 11 12 13 14 15 16 17 18
12Z AVG MX 2MIN
DY MAX MIN AVG DEP HDD CDD WTR SNW DPTH SPD SPD DIR MIN PSBL S-S WX SPD DR
================================================================================
1 81 64 73 5 0 8 0.00 M M 5.6 13 80 M M 4 17 100
2 81 63 72 5 0 7 0.00 M M 5.0 13 60 M M 0 17 60
3 81 61 71 4 0 6 0.00 M M 5.9 12 80 M M 0 22 110
4 82 62 72 6 0 7 0.00 M M 4.9 12 60 M M 0 17 140
5 79 63 71 5 0 6 T M M 5.6 12 100 M M 2 18 80
6 80 63 72 6 0 7 0.04 M M 5.6 14 290 M M 6 1 21 290
7 69 51 60 -5 5 0 0.00 M M 9.8 21 300 M M 0 30 300
8 67 43 55 -10 10 0 0.00 M M 5.5 15 300 M M 0 23 330
9 73 45 59 -5 6 0 0.00 M M 5.8 18 250 M M 0 27 240
10 81 53 67 3 0 2 0.00 M M 8.2 20 250 M M 0 29 260
11 70 59 65 1 0 0 0.34 M M 2.4 9 150 M M 4 1 14 170
12 69 58 64 1 1 0 0.65 M M 10.3 18 80 M M 9 1 31 100
13 69 59 64 1 1 0 0.20 M M 7.4 15 90 M M 10 18 21 90
14 74 60 67 4 0 2 0.01 M M 9.3 24 320 M M 7 1 37 310
15 66 50 58 -4 7 0 0.00 M M 10.7 20 320 M M 7 30 310
16 57 45 51 -11 14 0 T M M 8.8 17 330 M M 3 25 320
17 65 43 54 -8 11 0 0.00 M M 3.9 10 260 M M 0 16 250
18 69 46 58 -3 7 0 0.00 M M 3.2 10 70 M M 2 14 70
19 71 51 61 0 4 0 T M M 2.2 12 240 M M 6 18 230
20 70 54 62 2 3 0 0.23 M M 7.2 22 320 M M 5 13 30 300
21 72 46 59 -1 6 0 0.00 M M 9.0 18 250 M M 0 26 240
22 77 53 65 5 0 0 0.00 M M 7.6 14 350 M M 0 21 300
23 70 46 58 -1 7 0 0.00 M M 4.1 14 100 M M 0 20 70
24 71 47 59 0 6 0 0.00 M M 5.1 12 60 M M 0 17 70
25 75 47 61 2 4 0 0.00 M M 5.4 12 90 M M 4 16 80
26 77 59 68 10 0 3 0.00 M M 5.1 10 100 M M 4 19 170
27 77 57 67 9 0 2 0.00 M M 2.0 8 140 M M 3 11 150
28 81 56 69 11 0 4 0.00 M M 1.9 9 250 M M 0 1 13 110
29 80 58 69 12 0 4 0.00 M M 3.4 15 240 M M 1 20 250
30 82 55 69 12 0 4 0.00 M M 10.0 18 290 M M 3 28 300
31 65 43 54 -2 11 0 T M M 9.0 20 320 M M 3 31 330
================================================================================
SM 2281 1660 103 62 1.47 M 189.9 M 83
================================================================================
AV 73.6 53.5 6.1 FASTST M M 3 MAX(MPH)
MISC ----> 24 320 37 310
================================================================================
NOTES:
# LAST OF SEVERAL OCCURRENCES
COLUMN 17 PEAK WIND IN M.P.H.
PRELIMINARY LOCAL CLIMATOLOGICAL DATA (WS FORM: F-6) , PAGE 2
STATION: GAINESVILLE
MONTH: OCTOBER
YEAR: 2023
LATITUDE: 34 16 N
LONGITUDE: 83 50 W
[TEMPERATURE DATA] [PRECIPITATION DATA] SYMBOLS USED IN COLUMN 16
AVERAGE MONTHLY: 63.6 TOTAL FOR MONTH: 1.47 1 = FOG OR MIST
DPTR FM NORMAL: 1.7 DPTR FM NORMAL: -2.38 2 = FOG REDUCING VISIBILITY
HIGHEST: 82 ON 30, 4 GRTST 24HR 0.99 ON 11-12 TO 1/4 MILE OR LESS
LOWEST: 43 ON 31,17 3 = THUNDER
SNOW, ICE PELLETS, HAIL 4 = ICE PELLETS
TOTAL MONTH: M 5 = HAIL
GRTST 24HR M ON M 6 = FREEZING RAIN OR DRIZZLE
GRTST DEPTH: M ON M 7 = DUSTSTORM OR SANDSTORM:
VSBY 1/2 MILE OR LESS
8 = SMOKE OR HAZE
[NO. OF DAYS WITH] [WEATHER - DAYS WITH] 9 = BLOWING SNOW
X = TORNADO
MAX 32 OR BELOW: 0 0.01 INCH OR MORE: 6
MAX 90 OR ABOVE: 0 0.10 INCH OR MORE: 4
MIN 32 OR BELOW: 0 0.50 INCH OR MORE: 1
MIN 0 OR BELOW: 0 1.00 INCH OR MORE: 0
[HDD (BASE 65) ]
TOTAL THIS MO. 103 CLEAR (SCALE 0-3) 17
DPTR FM NORMAL -40 PTCLDY (SCALE 4-7) 12
TOTAL FM JUL 1 103 CLOUDY (SCALE 8-10) 2
DPTR FM NORMAL -50
[CDD (BASE 65) ]
TOTAL THIS MO. 62
DPTR FM NORMAL 15 [PRESSURE DATA]
TOTAL FM JAN 1 1704 HIGHEST SLP 30.40 ON 25
DPTR FM NORMAL 76 LOWEST SLP 29.64 ON 20
[REMARKS]
#FINAL-10-23#