866
CXUS54 KJAN 031732
CF6GWO
PRELIMINARY LOCAL CLIMATOLOGICAL DATA (WS FORM: F-6)
STATION: GREENWOOD
MONTH: AUGUST
YEAR: 2020
LATITUDE: 33 30 N
LONGITUDE: 90 5 W
TEMPERATURE IN F: :PCPN: SNOW: WIND :SUNSHINE: SKY :PK WND
================================================================================
1 2 3 4 5 6A 6B 7 8 9 10 11 12 13 14 15 16 17 18
12Z AVG MX 2MIN
DY MAX MIN AVG DEP HDD CDD WTR SNW DPTH SPD SPD DIR MIN PSBL S-S WX SPD DR
================================================================================
1 86 70 78 -4 0 13 0.00 0.0 0 5.4 14 210 M M 6 1 21 230
2 89 66 78 -4 0 13 0.00 0.0 0 1.7 8 200 M M 0 1 11 210
3 92 68 80 -2 0 15 0.01 0.0 0 1.9 13 250 M M 2 13 24 240
4 90 70 80 -2 0 15 0.00 0.0 0 3.4 13 340 M M 2 1 21 350
5 87 66 77 -5 0 12 0.00 0.0 0 4.5 14 350 M M 0 18 20 360
6 89 62 76 -6 0 11 0.00 0.0 0 2.5 10 340 M M 0 15 360
7 92 65 79 -3 0 14 0.00 0.0 0 1.0 8 360 M M 0 1 13 350
8 95 69 82 0 0 17 0.00 0.0 0 2.8 7 200 M M 1 10 190
9 96 72 84 3 0 19 0.00 0.0 0 2.3 10 240 M M 0 1 16 180
10 95 75 85 4 0 20 0.00 0.0 0 3.3 13 220 M M 0 1 17 220
11 95 76 86 5 0 21 0.01 0.0 0 3.8 18 350 M M 1 3 32 350
12 92 73 83 2 0 18 0.03 0.0 0 3.8 13 150 M M 1 13 17 140
13 91 75 83 2 0 18 0.00 0.0 0 4.3 13 210 M M 5 1 17 240
14 88 73 81 0 0 16 0.04 0.0 0 3.2 9 240 M M 3 1 19 300
15 95 73 84 3 0 19 0.00 0.0 0 3.4 13 330 M M 2 12 19 340
16 94 70 82 1 0 17 0.00 0.0 0 3.8 16 340 M M 1 1 28 350
17 94 67 81 0 0 16 0.00 0.0 0 5.8 17 70 M M 0 23 40
18 93 66 80 -1 0 15 0.00 0.0 0 2.4 12 340 M M 1 1 19 350
19 88 66 77 -4 0 12 0.00 0.0 0 4.5 14 20 M M 1 1 22 360
20 91 64 78 -3 0 13 0.01 0.0 0 2.4 16 170 M M 5 123 24 160
21 89 69 79 -2 0 14 0.21 0.0 0 4.2 17 350 M M 4 13 24 30
22 89 65 77 -4 0 12 0.00 0.0 0 1.8 9 340 M M 0 1 13 340
23 94 68 81 0 0 16 0.00 0.0 0 3.1 9 30 M M 1 15 20
24 95 70 83 2 0 18 T 0.0 0 5.0 15 90 M M 2 21 110
25 88 73 81 1 0 16 0.08 0.0 0 7.2 17 70 M M 4 1 23 60
26 96 77 87 7 0 22 0.22 0.0 0 6.9 31 180 M M 3 13 39 180
27 86 76 81 1 0 16 T 0.0 0 13.4 28 160 M M 1 43 160
28 93 77 85 5 0 20 0.02 0.0 0 13.5 23 210 M M 5 31 210
29 97 76 87 7 0 22 0.00 0.0 0 4.5 10 230 M M 5 1 18 230
30 92 76 84 4 0 19 0.00 0.0 0 4.6 20 350 M M 3 13 28 360
31 91 75 83 4 0 18 0.62 0.0 0 5.4 16 190 M M 3 138 21 180
================================================================================
SM 2842 2188 0 507 1.25 0.0 135.8 M 62
================================================================================
AV 91.7 70.6 4.4 FASTST M M 2 MAX(MPH)
MISC ----> # 31 180 # 43 160
================================================================================
NOTES:
# LAST OF SEVERAL OCCURRENCES
COLUMN 17 PEAK WIND IN M.P.H.
PRELIMINARY LOCAL CLIMATOLOGICAL DATA (WS FORM: F-6) , PAGE 2
STATION: GREENWOOD
MONTH: AUGUST
YEAR: 2020
LATITUDE: 33 30 N
LONGITUDE: 90 5 W
[TEMPERATURE DATA] [PRECIPITATION DATA] SYMBOLS USED IN COLUMN 16
AVERAGE MONTHLY: 81.1 TOTAL FOR MONTH: 1.25 1 = FOG OR MIST
DPTR FM NORMAL: 0.1 DPTR FM NORMAL: -1.58 2 = FOG REDUCING VISIBILITY
HIGHEST: 97 ON 29 GRTST 24HR 0.62 ON 31-31 TO 1/4 MILE OR LESS
LOWEST: 62 ON 6 3 = THUNDER
SNOW, ICE PELLETS, HAIL 4 = ICE PELLETS
TOTAL MONTH: 0.0 INCH 5 = HAIL
GRTST 24HR 0.0 6 = FREEZING RAIN OR DRIZZLE
GRTST DEPTH: 0 7 = DUSTSTORM OR SANDSTORM:
VSBY 1/2 MILE OR LESS
8 = SMOKE OR HAZE
[NO. OF DAYS WITH] [WEATHER - DAYS WITH] 9 = BLOWING SNOW
X = TORNADO
MAX 32 OR BELOW: 0 0.01 INCH OR MORE: 10
MAX 90 OR ABOVE: 21 0.10 INCH OR MORE: 3
MIN 32 OR BELOW: 0 0.50 INCH OR MORE: 1
MIN 0 OR BELOW: 0 1.00 INCH OR MORE: 0
[HDD (BASE 65) ]
TOTAL THIS MO. 0 CLEAR (SCALE 0-3) 24
DPTR FM NORMAL 0 PTCLDY (SCALE 4-7) 7
TOTAL FM JUL 1 0 CLOUDY (SCALE 8-10) 0
DPTR FM NORMAL 0
[CDD (BASE 65) ]
TOTAL THIS MO. 507
DPTR FM NORMAL 13 [PRESSURE DATA]
TOTAL FM JAN 1 1880 HIGHEST SLP M ON M
DPTR FM NORMAL 138 LOWEST SLP 29.73 ON 27
[REMARKS]
#FINAL-08-20#