000
CXUS54 KJAN 011929
CLMGWO
CLIMATE REPORT
NATIONAL WEATHER SERVICE JACKSON MS
229 PM CDT WED NOV 01 2023
...................................
...THE GREENWOOD CLIMATE SUMMARY FOR THE MONTH OF OCTOBER 2023...
CLIMATE NORMAL PERIOD: 1991 TO 2020
CLIMATE RECORD PERIOD: 1948 TO 2023
WEATHER OBSERVED NORMAL DEPART LAST YEAR`S
VALUE DATE(S) VALUE FROM VALUE DATE(S)
NORMAL
................................................................
TEMPERATURE (F)
RECORD
HIGH 100 10/03/2019
LOW 27 10/21/2011
10/10/2000
10/30/1952
HIGHEST 95 10/01 MM MM 90 10/12
LOWEST 34 10/31 MM MM 28 10/19
AVG. MAXIMUM 81.3 77.3 4.0 78.9
AVG. MINIMUM 55.3 52.4 2.9 49.1
MEAN 68.3 64.9 3.4 64.0
DAYS MAX >= 90 4 1.9 2.1 1
DAYS MAX <= 32 0 0.0 0.0 0
DAYS MIN <= 32 0 0.9 -0.9 2
DAYS MIN <= 0 0 0.0 0.0 0
PRECIPITATION (INCHES)
RECORD
MAXIMUM 12.66 1984
MINIMUM 0.00 1952
TOTALS 0.35 3.41 -3.06 2.10
DAILY AVG. 0.01 0.11 -0.10 0.07
DAYS >= .01 4 7.4 -3.4 4
DAYS >= .10 1 4.8 -3.8 3
DAYS >= .50 0 2.5 -2.5 1
DAYS >= 1.00 0 1.0 -1.0 1
GREATEST
24 HR. TOTAL 0.25 10/30 TO 10/30 1.47
SNOWFALL (INCHES)
TOTALS 0.0
DEGREE DAYS
HEATING TOTAL 76 112 -36 96
SINCE 7/1 76 120 -44 MM
COOLING TOTAL 185 108 77 73
SINCE 1/1 2791 2220 571 MM
................................................................
WIND (MPH)
AVERAGE WIND SPEED 5.5
HIGHEST WIND SPEED/DIRECTION 23/360 DATE 10/15
23/180 10/26
HIGHEST GUST SPEED/DIRECTION 33/360 DATE 10/15
SKY COVER
POSSIBLE SUNSHINE (PERCENT) MM
AVERAGE SKY COVER 0.24
NUMBER OF DAYS FAIR 23
NUMBER OF DAYS PC 3
NUMBER OF DAYS CLOUDY 5
AVERAGE RH (PERCENT) 61
WEATHER CONDITIONS. NUMBER OF DAYS WITH
THUNDERSTORM 0 MIXED PRECIP 0
HEAVY RAIN 2 RAIN 2
LIGHT RAIN 5 FREEZING RAIN 0
LT FREEZING RAIN 0 HAIL 0
HEAVY SNOW 0 SNOW 0
LIGHT SNOW 0 SLEET 0
FOG 6 FOG W/VIS <= 1/4 MILE 0
HAZE 7
- INDICATES NEGATIVE NUMBERS.
R INDICATES RECORD WAS SET OR TIED.
MM INDICATES DATA IS MISSING.
T INDICATES TRACE AMOUNT.
$$