000
CXUS54 KFWD 010731
CF6GYI
PRELIMINARY LOCAL CLIMATOLOGICAL DATA (WS FORM: F-6)
STATION: SHERMAN/DENISON
MONTH: JUNE
YEAR: 2023
LATITUDE: 33 42 N
LONGITUDE: 96 40 W
TEMPERATURE IN F: :PCPN: SNOW: WIND :SUNSHINE: SKY :PK WND
================================================================================
1 2 3 4 5 6A 6B 7 8 9 10 11 12 13 14 15 16 17 18
12Z AVG MX 2MIN
DY MAX MIN AVG DEP HDD CDD WTR SNW DPTH SPD SPD DIR MIN PSBL S-S WX SPD DR
================================================================================
1 92 68 80 5 0 15 0.00 M M 6.8 12 150 M M 2 21 220
2 93 68 81 6 0 16 0.00 M M 6.9 10 130 M M 1 16 120
3 91 63 77 2 0 12 0.13 M M 3.8 20 270 M M 2 31 270
4 79 59 69 -7 0 4 M M M 3.0 9 20 M M 4 M M
5 89 64 77 1 0 12 0.00 M M 3.4 8 330 M M 2 25 0
6 91 64 78 2 0 13 0.22 M M 4.3 23 150 M M 2 36 150
7 93 63 78 2 0 13 0.00 M M 1.5 8 260 M M 0 8 M M
8 93 65 79 2 0 14 0.00 M M 3.1 8 300 M M 1 M M
9 98 68 83 6 0 18 0.00 M M 3.5 10 150 M M 1 M M
10 92 72 82 5 0 17 0.00 M M 9.5 17 30 M M 0 29 30
11 100 70 85 8 0 20 0.00 M M 5.5 12 310 M M 0 M M
12 84 65 75 -3 0 10 0.03 M M 10.3 31 320 M M 6 38 320
13 78 64 71 -7 0 6 0.01 M M 6.7 12 100 M M 10 1 16 40
14 90 73 82 4 0 17 0.00 M M 2.7 10 60 M M 7 1 M M
15 97 67 82 4 0 17 1.83 M M 7.1 27 90 M M 2 18 39 40
16 84 65 75 -3 0 10 0.14 M M 7.9 18 140 M M 5 8 32 140
17 94 69 82 3 0 17 0.00 M M 7.3 14 160 M M 1 18 30 340
18 89 67 78 -1 0 13 0.03 M M 5.6 28 10 M M 4 37 10
19 98 67 83 4 0 18 0.00 M M 8.3 13 130 M M 0 8 18 100
20 98 77 88 9 0 23 0.00 M M 10.2 17 120 M M 2 18 100
21 93 74 84 5 0 19 0.00 M M 9.8 20 100 M M 3 30 80
22 93 74 84 4 0 19 0.00 M M 7.0 12 80 M M 1 17 80
23 92 73 83 3 0 18 0.06 M M 9.3 15 120 M M 1 27 50
24 97 74 86 6 0 21 0.00 M M 11.5 17 190 M M 1 23 160
25 101 79 90 10 0 25 0.00 M M 7.9 13 190 M M 0 17 190
26 98 80 89 9 0 24 0.00 M M 7.0 12 100 M M 2 M M
27 99 78 89 9 0 24 0.00 M M 9.2 14 170 M M 0 16 150
28 98 76 87 6 0 22 0.00 M M 11.1 18 160 M M 0 23 160
29 101 76 89 8 0 24 0.00 M M 10.8 16 230 M M 0 20 230
30 98 78 88 7 0 23 0.00 M M 10.5 20 150 M M 0 22 150
================================================================================
SM 2793 2100 0 504 2.45 M 211.3 M 60
================================================================================
AV 93.1 70.0 7.0 FASTST M M 2 MAX(MPH)
MISC ----> 31 320 39 40
================================================================================
NOTES:
# LAST OF SEVERAL OCCURRENCES
COLUMN 17 PEAK WIND IN M.P.H.
PRELIMINARY LOCAL CLIMATOLOGICAL DATA (WS FORM: F-6) , PAGE 2
STATION: SHERMAN/DENISON
MONTH: JUNE
YEAR: 2023
LATITUDE: 33 42 N
LONGITUDE: 96 40 W
[TEMPERATURE DATA] [PRECIPITATION DATA] SYMBOLS USED IN COLUMN 16
AVERAGE MONTHLY: 81.6 TOTAL FOR MONTH: 2.45 1 = FOG OR MIST
DPTR FM NORMAL: 3.5 DPTR FM NORMAL: -2.55 2 = FOG REDUCING VISIBILITY
HIGHEST: 101 ON 29,25 GRTST 24HR 1.83 ON 15-15 TO 1/4 MILE OR LESS
LOWEST: 59 ON 4 3 = THUNDER
SNOW, ICE PELLETS, HAIL 4 = ICE PELLETS
TOTAL MONTH: M 5 = HAIL
GRTST 24HR M ON M 6 = FREEZING RAIN OR DRIZZLE
GRTST DEPTH: M ON M 7 = DUSTSTORM OR SANDSTORM:
VSBY 1/2 MILE OR LESS
8 = SMOKE OR HAZE
[NO. OF DAYS WITH] [WEATHER - DAYS WITH] 9 = BLOWING SNOW
X = TORNADO
MAX 32 OR BELOW: 0 0.01 INCH OR MORE: 8
MAX 90 OR ABOVE: 24 0.10 INCH OR MORE: 4
MIN 32 OR BELOW: 0 0.50 INCH OR MORE: 1
MIN 0 OR BELOW: 0 1.00 INCH OR MORE: 1
[HDD (BASE 65) ]
TOTAL THIS MO. 0 CLEAR (SCALE 0-3) 24
DPTR FM NORMAL -1 PTCLDY (SCALE 4-7) 5
TOTAL FM JUL 1 2306 CLOUDY (SCALE 8-10) 1
DPTR FM NORMAL -566
[CDD (BASE 65) ]
TOTAL THIS MO. 504
DPTR FM NORMAL 109 [PRESSURE DATA]
TOTAL FM JAN 1 875 HIGHEST SLP M ON M
DPTR FM NORMAL 212 LOWEST SLP M ON M
[REMARKS]
#FINAL-06-23#