000
CXUS54 KEWX 011010
CF6HDO
PRELIMINARY LOCAL CLIMATOLOGICAL DATA (WS FORM: F-6)
STATION: HONDO
MONTH: JUNE
YEAR: 2021
LATITUDE: 29 21 N
LONGITUDE: 99 10 W
TEMPERATURE IN F: :PCPN: SNOW: WIND :SUNSHINE: SKY :PK WND
================================================================================
1 2 3 4 5 6A 6B 7 8 9 10 11 12 13 14 15 16 17 18
12Z AVG MX 2MIN
DY MAX MIN AVG DEP HDD CDD WTR SNW DPTH SPD SPD DIR MIN PSBL S-S WX SPD DR
================================================================================
1 84 68 76 -5 0 11 0.34 M M 7.1 33 120 M M 3 13 46 110
2 85 66 76 -5 0 11 T M M 4.6 13 40 M M 3 18 30
3 75 65 70 -11 0 5 0.14 M M 9.5 23 20 M M 5 13 31 20
4 80 67 74 -8 0 9 T M M 3.7 10 150 M M 6 15 150
5 86 64 75 -7 0 10 0.00 M M 6.1 16 170 M M 2 3 19 90
6 90 71 81 -1 0 16 0.00 M M 10.2 17 140 M M 6 1 23 130
7 89 78 84 2 0 19 0.00 M M 10.0 20 140 M M 9 8 27 140
8 90 78 84 2 0 19 0.01 M M 10.2 18 130 M M 9 18 25 150
9 91 76 84 2 0 19 0.00 M M 9.7 16 140 M M 8 18 25 140
10 91 74 83 1 0 18 0.00 M M 10.2 17 170 M M 6 23 170
11 92 74 83 0 0 18 0.00 M M 10.8 16 160 M M 5 22 170
12 93 75 84 1 0 19 0.00 M M 8.5 15 150 M M 3 24 160
13 95 69 82 -1 0 17 T M M 4.1 12 180 M M 0 1 14 180
14 95 71 83 0 0 18 0.00 M M 4.6 17 160 M M 0 3 22 140
15 96 70 83 0 0 18 0.53 M M 5.5 30 50 M M 2 138 43 80
16 94 70 82 -1 0 17 0.00 M M 5.8 15 120 M M 0 20 140
17 93 69 81 -2 0 16 0.00 M M 6.1 15 140 M M 1 20 140
18 92 69 81 -2 0 16 0.00 M M 5.8 15 140 M M 0 19 160
19 92 67 80 -3 0 15 0.00 M M 6.4 14 140 M M 0 20 150
20 93 75 84 1 0 19 0.00 M M 10.6 20 130 M M 4 27 160
21 93 80 87 4 0 22 T M M 9.9 17 140 M M 7 8 24 140
22 92 74 83 -1 0 18 0.01 M M 8.3 18 40 M M 4 13 23 50
23 95 76 86 2 0 21 0.00 M M 10.1 21 150 M M 5 1 27 150
24 95 76 86 2 0 21 0.00 0.0 0 11.9 22 140 M M 5 28 140
25 95 76 86 2 0 21 0.00 0.0 0 13.8 24 150 M M 4 33 150
26 96 77 87 3 0 22 0.00 0.0 0 14.7 24 140 M M 5 40 130
27 92 75 84 0 0 19 0.08 M M 7.6 24 80 M M 5 3 35 70
28 90 71 81 -3 0 16 1.10 M M 6.5 24 150 M M 4 13 35 150
29 87 73 80 -4 0 15 0.02 M M 7.9 21 120 M M 5 29 140
30 88 74 81 -3 0 16 0.08 0.0 0 8.2 17 70 M M 4 13 20 140
================================================================================
SM 2719 2168 0 501 2.31 0.0 248.4 M 120
================================================================================
AV 90.6 72.3 8.3 FASTST M M 4 MAX(MPH)
MISC ----> 33 120 46 110
================================================================================
NOTES:
# LAST OF SEVERAL OCCURRENCES
COLUMN 17 PEAK WIND IN M.P.H.
PRELIMINARY LOCAL CLIMATOLOGICAL DATA (WS FORM: F-6) , PAGE 2
STATION: HONDO
MONTH: JUNE
YEAR: 2021
LATITUDE: 29 21 N
LONGITUDE: 99 10 W
[TEMPERATURE DATA] [PRECIPITATION DATA] SYMBOLS USED IN COLUMN 16
AVERAGE MONTHLY: 81.5 TOTAL FOR MONTH: 2.31 1 = FOG OR MIST
DPTR FM NORMAL: -1.4 DPTR FM NORMAL: -0.63 2 = FOG REDUCING VISIBILITY
HIGHEST: 96 ON 26,15 GRTST 24HR 1.11 ON 27-28 TO 1/4 MILE OR LESS
LOWEST: 64 ON 5 3 = THUNDER
SNOW, ICE PELLETS, HAIL 4 = ICE PELLETS
TOTAL MONTH: 0.0 INCH 5 = HAIL
GRTST 24HR 0.0 6 = FREEZING RAIN OR DRIZZLE
GRTST DEPTH: 0 7 = DUSTSTORM OR SANDSTORM:
VSBY 1/2 MILE OR LESS
8 = SMOKE OR HAZE
[NO. OF DAYS WITH] [WEATHER - DAYS WITH] 9 = BLOWING SNOW
X = TORNADO
MAX 32 OR BELOW: 0 0.01 INCH OR MORE: 9
MAX 90 OR ABOVE: 22 0.10 INCH OR MORE: 4
MIN 32 OR BELOW: 0 0.50 INCH OR MORE: 2
MIN 0 OR BELOW: 0 1.00 INCH OR MORE: 1
[HDD (BASE 65) ]
TOTAL THIS MO. 0 CLEAR (SCALE 0-3) 10
DPTR FM NORMAL 0 PTCLDY (SCALE 4-7) 18
TOTAL FM JUL 1 1413 CLOUDY (SCALE 8-10) 2
DPTR FM NORMAL -42
[CDD (BASE 65) ]
TOTAL THIS MO. 501
DPTR FM NORMAL -33 [PRESSURE DATA]
TOTAL FM JAN 1 1083 HIGHEST SLP 30.06 ON 1
DPTR FM NORMAL -110 LOWEST SLP 29.66 ON 6
[REMARKS]
#FINAL-06-21#