000
CXUS53 KBIS 101533
CF6HEI
PRELIMINARY LOCAL CLIMATOLOGICAL DATA (WS FORM: F-6)
STATION: HETTINGER ND
MONTH: JANUARY
YEAR: 2023
LATITUDE: 46 0 N
LONGITUDE: 102 39 W
TEMPERATURE IN F: :PCPN: SNOW: WIND :SUNSHINE: SKY :PK WND
================================================================================
1 2 3 4 5 6A 6B 7 8 9 10 11 12 13 14 15 16 17 18
12Z AVG MX 2MIN
DY MAX MIN AVG DEP HDD CDD WTR SNW DPTH SPD SPD DIR MIN PSBL S-S WX SPD DR
================================================================================
1 32 4 18 1 47 0 0.00 M M 5.1 13 300 M M 0 15 310
2 34 5 20 3 45 0 0.00 M M 1.5 8 320 M M 1 12 10 180
3 21 3 12 -4 53 0 T M M 0.7 5 290 M M 8 1268 5 290
4 27 1 14 -2 51 0 T M M 4.6 12 320 M M 6 128 14 310
5 30 0 15 -1 50 0 0.00 M M 4.1 13 290 M M 0 15 290
6 21 -6 8 -8 57 0 0.00 M M 1.7 7 150 M M 0 8 150
7 33 -2 16 0 49 0 0.00 M M 2.0 9 270 M M 0 128 12 270
8 38 6 22 6 43 0 0.00 M M 1.3 8 260 M M 0 1 10 260
9 38 6 22 6 43 0 0.00 M M 8.0 21 280 M M 2 27 270
10 34 9 22 6 43 0 0.00 M M 4.6 15 290 M M 1 18 290
11 27 11 19 3 46 0 0.00 M M 10.0 20 330 M M 6 12 23 330
12 25 12 19 3 46 0 0.00 M M 4.7 10 280 M M 7 12 15 320
13 42 13 28 12 37 0 0.00 M M 2.7 10 220 M M 2 1 16 230
14 43 20 32 16 33 0 0.00 M M 6.9 25 290 M M 1 32 280
15 43 21 32 16 33 0 0.00 M M 3.6 10 30 M M 3 12 15 270
16 28 22 25 9 40 0 M M M 8.6 13 340 M M 10 12 16 30
17 25 20 23 7 42 0 M M M 4.0 8 150 M M 10 1 10 150
18 34 24 29 13 36 0 T M M 2.7 10 290 M M 10 1 13 290
19 33 17 25 9 40 0 0.00 M M 5.5 13 280 M M 6 12 16 280
20 31 11 21 5 44 0 0.00 M M 9.4 20 280 M M 4 1 23 290
21 32 10 21 5 44 0 0.00 M M 9.0 18 300 M M 2 23 300
22 38 5 22 6 43 0 0.00 M M 7.5 23 290 M M 5 12 30 290
23 33 21 27 11 38 0 T M M 13.8 32 310 M M 4 1 40 300
24 35 21 28 12 37 0 T M M 17.4 25 290 M M 8 1 37 280
25 32 19 26 10 39 0 T M M 13.0 23 320 M M 10 1 29 310
26 38 17 28 12 37 0 M M M 21.3 39 310 M M 8 12 51 310
27 32 15 24 7 41 0 M M M 11.5 39 310 M M 10 1 48 300
28 14 -11 2 -15 63 0 T M M 10.2 23 40 M M 9 18 27 40
29 4 -17 -6 -23 71 0 T M M 13.1 26 290 M M 3 8 34 290
30 10 -19 -4 -21 69 0 0.00 M M 9.9 21 270 M M 2 27 260
31 23 -4 10 -7 55 0 0.00 M M 6.9 21 280 M M 4 27 280
================================================================================
SM 930 254 1415 0 T M 225.3 M 142
================================================================================
AV 30.0 8.2 7.3 FASTST M M 5 MAX(MPH)
MISC ----> # 39 310 51 310
================================================================================
NOTES:
# LAST OF SEVERAL OCCURRENCES
COLUMN 17 PEAK WIND IN M.P.H.
PRELIMINARY LOCAL CLIMATOLOGICAL DATA (WS FORM: F-6) , PAGE 2
STATION: HETTINGER ND
MONTH: JANUARY
YEAR: 2023
LATITUDE: 46 0 N
LONGITUDE: 102 39 W
[TEMPERATURE DATA] [PRECIPITATION DATA] SYMBOLS USED IN COLUMN 16
AVERAGE MONTHLY: 19.1 TOTAL FOR MONTH: T 1 = FOG OR MIST
DPTR FM NORMAL: 2.7 DPTR FM NORMAL: -0.19 2 = FOG REDUCING VISIBILITY
HIGHEST: 43 ON 15,14 GRTST 24HR 0.13 ON 26-26 TO 1/4 MILE OR LESS
LOWEST: -19 ON 30 3 = THUNDER
SNOW, ICE PELLETS, HAIL 4 = ICE PELLETS
TOTAL MONTH: M 5 = HAIL
GRTST 24HR M ON M 6 = FREEZING RAIN OR DRIZZLE
GRTST DEPTH: M ON M 7 = DUSTSTORM OR SANDSTORM:
VSBY 1/2 MILE OR LESS
8 = SMOKE OR HAZE
[NO. OF DAYS WITH] [WEATHER - DAYS WITH] 9 = BLOWING SNOW
X = TORNADO
MAX 32 OR BELOW: 17 0.01 INCH OR MORE: 0
MAX 90 OR ABOVE: 0 0.10 INCH OR MORE: 0
MIN 32 OR BELOW: 31 0.50 INCH OR MORE: 0
MIN 0 OR BELOW: 7 1.00 INCH OR MORE: 0
[HDD (BASE 65) ]
TOTAL THIS MO. 1415 CLEAR (SCALE 0-3) 14
DPTR FM NORMAL -91 PTCLDY (SCALE 4-7) 10
TOTAL FM JUL 1 5023 CLOUDY (SCALE 8-10) 7
DPTR FM NORMAL 28
[CDD (BASE 65) ]
TOTAL THIS MO. 0
DPTR FM NORMAL 0 [PRESSURE DATA]
TOTAL FM JAN 1 0 HIGHEST SLP 30.57 ON 28
DPTR FM NORMAL 0 LOWEST SLP 29.49 ON 15
[REMARKS]
#FINAL-01-23#