000
CXUS51 KLWX 011213
CF6HGR
PRELIMINARY LOCAL CLIMATOLOGICAL DATA (WS FORM: F-6)
STATION: HAGERSTOWN MD
MONTH: FEBRUARY
YEAR: 2021
LATITUDE: 39 42 N
LONGITUDE: 77 43 W
TEMPERATURE IN F: :PCPN: SNOW: WIND :SUNSHINE: SKY :PK WND
================================================================================
1 2 3 4 5 6A 6B 7 8 9 10 11 12 13 14 15 16 17 18
12Z AVG MX 2MIN
DY MAX MIN AVG DEP HDD CDD WTR SNW DPTH SPD SPD DIR MIN PSBL S-S WX SPD DR
================================================================================
1 31 23 27 -5 38 0 0.50 M M 10.8 17 350 M M 10 126 22 340
2 34 28 31 -1 34 0 0.05 M M 15.8 30 310 M M 10 18 37 310
3 40 28 34 2 31 0 T M M 17.1 30 310 M M 5 18 37 330
4 42 20 31 -1 34 0 T M M 7.4 21 190 M M 1 29 190
5 47 34 41 9 24 0 0.01 M M 11.4 25 280 M M 5 1 32 280
6 44 31 38 6 27 0 0.00 M M 7.6 25 270 M M 3 33 280
7 38 20 29 -3 36 0 0.16 M M 8.3 25 300 M M 5 18 29 310
8 33 17 25 -7 40 0 0.00 M M 4.6 12 160 M M 0 15 150
9 37 22 30 -3 35 0 0.00 M M 4.3 12 330 M M 7 14 330
10 34 28 31 -2 34 0 0.19 M M 5.3 12 340 M M 5 1 13 310
11 32 28 30 -3 35 0 0.17 M M 7.2 14 20 M M 10 18 17 350
12 29 24 27 -6 38 0 T M M 4.9 8 10 M M 10 10 30
13 28 26 27 -6 38 0 0.04 M M 5.1 12 350 M M 10 8 14 350
14 36 24 30 -3 35 0 0.00 M M 5.6 12 350 M M 10 18 14 20
15 34 31 33 -1 32 0 0.34 M M 4.2 9 70 M M 10 168 12 90
16 45 24 35 1 30 0 0.21 M M 10.5 29 290 M M 9 16 39 260
17 30 20 25 -9 40 0 0.00 M M 7.0 16 330 M M 1 20 340
18 27 22 25 -9 40 0 0.44 M M 6.8 12 10 M M 10 126 15 330
19 35 26 31 -3 34 0 0.04 M M 8.1 22 310 M M 9 18 26 300
20 28 20 24 -10 41 0 T M M 14.0 24 290 M M 5 31 280
21 34 15 25 -10 40 0 0.00 M M 5.6 17 160 M M 0 8 23 160
22 43 28 36 1 29 0 0.30 M M 11.8 25 280 M M 7 128 33 270
23 49 32 41 6 24 0 0.00 M M 11.5 30 280 M M 4 38 280
24 61 34 48 13 17 0 0.00 M M 9.7 25 280 M M 2 29 280
25 51 37 44 8 21 0 0.00 M M 11.7 25 300 M M 1 31 300
26 47 34 41 5 24 0 0.08 M M 6.7 22 170 M M 5 1 29 170
27 50 34 42 6 23 0 0.09 M M 4.0 10 220 M M 8 1 14 220
28 46 40 43 7 22 0 0.80 M M 4.4 12 110 M M 8 12 20 90
================================================================================
SM 1085 750 896 0 3.42 M 231.4 M 170
================================================================================
AV 38.8 26.8 8.3 FASTST M M 6 MAX(MPH)
MISC ----> # 30 310 39 260
================================================================================
NOTES:
# LAST OF SEVERAL OCCURRENCES
COLUMN 17 PEAK WIND IN M.P.H.
PRELIMINARY LOCAL CLIMATOLOGICAL DATA (WS FORM: F-6) , PAGE 2
STATION: HAGERSTOWN MD
MONTH: FEBRUARY
YEAR: 2021
LATITUDE: 39 42 N
LONGITUDE: 77 43 W
[TEMPERATURE DATA] [PRECIPITATION DATA] SYMBOLS USED IN COLUMN 16
AVERAGE MONTHLY: 32.8 TOTAL FOR MONTH: 3.42 1 = FOG OR MIST
DPTR FM NORMAL: -0.8 DPTR FM NORMAL: 0.87 2 = FOG REDUCING VISIBILITY
HIGHEST: 61 ON 24 GRTST 24HR 0.80 ON 28-28 TO 1/4 MILE OR LESS
LOWEST: 15 ON 21 3 = THUNDER
SNOW, ICE PELLETS, HAIL 4 = ICE PELLETS
TOTAL MONTH: M 5 = HAIL
GRTST 24HR M ON M 6 = FREEZING RAIN OR DRIZZLE
GRTST DEPTH: M ON M 7 = DUSTSTORM OR SANDSTORM:
VSBY 1/2 MILE OR LESS
8 = SMOKE OR HAZE
[NO. OF DAYS WITH] [WEATHER - DAYS WITH] 9 = BLOWING SNOW
X = TORNADO
MAX 32 OR BELOW: 7 0.01 INCH OR MORE: 15
MAX 90 OR ABOVE: 0 0.10 INCH OR MORE: 9
MIN 32 OR BELOW: 22 0.50 INCH OR MORE: 2
MIN 0 OR BELOW: 0 1.00 INCH OR MORE: 0
[HDD (BASE 65) ]
TOTAL THIS MO. 896 CLEAR (SCALE 0-3) 7
DPTR FM NORMAL 17 PTCLDY (SCALE 4-7) 10
TOTAL FM JUL 1 3436 CLOUDY (SCALE 8-10) 11
DPTR FM NORMAL -468
[CDD (BASE 65) ]
TOTAL THIS MO. 0
DPTR FM NORMAL 0 [PRESSURE DATA]
TOTAL FM JAN 1 0 HIGHEST SLP 30.67 ON 21
DPTR FM NORMAL 0 LOWEST SLP 29.60 ON 2
[REMARKS]
#FINAL-02-21#