000
CXUS56 KPQR 011155
CF6HIO
PRELIMINARY LOCAL CLIMATOLOGICAL DATA (WS FORM: F-6)
STATION: HILLSBORO OR
MONTH: NOVEMBER
YEAR: 2021
LATITUDE: 45 32 N
LONGITUDE: 122 57 W
TEMPERATURE IN F: :PCPN: SNOW: WIND :SUNSHINE: SKY :PK WND
================================================================================
1 2 3 4 5 6A 6B 7 8 9 10 11 12 13 14 15 16 17 18
12Z AVG MX 2MIN
DY MAX MIN AVG DEP HDD CDD WTR SNW DPTH SPD SPD DIR MIN PSBL S-S WX SPD DR
================================================================================
1 53 46 50 2 15 0 0.24 M M 4.9 16 90 M M 8 1 23 100
2 51 45 48 0 17 0 0.10 M M 1.9 8 70 M M 9 12 9 70
3 57 42 50 3 15 0 0.59 M M 2.2 12 250 M M 10 12 14 250
4 58 48 53 6 12 0 0.27 M M 9.8 23 180 M M 9 1 33 200
5 55 42 49 2 16 0 0.09 M M 6.9 14 160 M M 7 19 160
6 51 42 47 0 18 0 0.45 M M 9.4 20 180 M M 8 13 26 210
7 48 40 44 -2 21 0 0.13 M M 8.1 18 180 M M 9 1 23 190
8 56 34 45 -1 20 0 0.14 M M 5.4 14 90 M M 6 12 18 100
9 53 42 48 2 17 0 0.35 M M 7.4 21 220 M M 9 1 27 210
10 52 40 46 0 19 0 0.11 M M 1.6 9 160 M M 8 18 11 160
11 61 49 55 9 10 0 1.28 M M 6.4 15 180 M M 10 1 20 180
12 60 45 53 8 12 0 1.19 M M 5.1 15 180 M M 10 12 20 190
13 59 38 49 4 16 0 0.00 M M 3.9 12 180 M M 10 12 16 170
14 64 57 61 16 4 0 T M M 11.4 17 180 M M 9 1 24 180
15 59 37 48 3 17 0 0.30 M M 10.9 25 180 M M 6 1 33 170
16 50 32 41 -3 24 0 0.01 M M 2.3 13 330 M M 7 12 16 330
17 52 28 40 -4 25 0 0.00 M M 8.5 22 80 M M 2 12 29 80
18 47 39 43 -1 22 0 0.31 M M 2.7 9 140 M M 9 1 13 130
19 52 39 46 2 19 0 0.10 M M 5.7 20 310 M M 9 1 23 300
20 50 31 41 -3 24 0 0.00 M M 1.5 8 20 M M 7 1 10 20
21 46 26 36 -7 29 0 0.00 M M 1.1 6 320 M M 5 128 7 320
22 41 33 37 -6 28 0 0.32 M M 2.9 15 130 M M 10 12 18 130
23 50 31 41 -2 24 0 0.08 M M 2.8 20 300 M M 7 1 22 300
24 43 31 37 -6 28 0 0.00 M M 1.2 6 250 M M 10 12 7 260
25 52 37 45 3 20 0 0.13 M M 2.4 10 320 M M 8 1 13 320
26 50 46 48 6 17 0 0.05 M M 3.4 14 170 M M 10 1 19 170
27 59 48 54 12 11 0 0.24 M M 4.1 14 180 M M 9 1 18 180
28 60 47 54 12 11 0 T M M 6.7 17 180 M M 4 1 22 180
29 57 48 53 11 12 0 0.15 M M 1.9 13 140 M M 10 12 13 140
30 58 46 52 10 13 0 0.01 M M 3.5 14 170 M M 8 1 19 170
================================================================================
SM 1604 1209 536 0 6.64 M 146.0 M 243
================================================================================
AV 53.5 40.3 4.9 FASTST M M 8 MAX(MPH)
MISC ----> 25 180 # 33 200
================================================================================
NOTES:
# LAST OF SEVERAL OCCURRENCES
COLUMN 17 PEAK WIND IN M.P.H.
PRELIMINARY LOCAL CLIMATOLOGICAL DATA (WS FORM: F-6) , PAGE 2
STATION: HILLSBORO OR
MONTH: NOVEMBER
YEAR: 2021
LATITUDE: 45 32 N
LONGITUDE: 122 57 W
[TEMPERATURE DATA] [PRECIPITATION DATA] SYMBOLS USED IN COLUMN 16
AVERAGE MONTHLY: 46.9 TOTAL FOR MONTH: 6.64 1 = FOG OR MIST
DPTR FM NORMAL: 2.3 DPTR FM NORMAL: 1.20 2 = FOG REDUCING VISIBILITY
HIGHEST: 64 ON 14 GRTST 24HR 1.98 ON 11-12 TO 1/4 MILE OR LESS
LOWEST: 26 ON 21 3 = THUNDER
SNOW, ICE PELLETS, HAIL 4 = ICE PELLETS
TOTAL MONTH: M 5 = HAIL
GRTST 24HR M ON M 6 = FREEZING RAIN OR DRIZZLE
GRTST DEPTH: M ON M 7 = DUSTSTORM OR SANDSTORM:
VSBY 1/2 MILE OR LESS
8 = SMOKE OR HAZE
[NO. OF DAYS WITH] [WEATHER - DAYS WITH] 9 = BLOWING SNOW
X = TORNADO
MAX 32 OR BELOW: 0 0.01 INCH OR MORE: 23
MAX 90 OR ABOVE: 0 0.10 INCH OR MORE: 18
MIN 32 OR BELOW: 6 0.50 INCH OR MORE: 3
MIN 0 OR BELOW: 0 1.00 INCH OR MORE: 2
[HDD (BASE 65) ]
TOTAL THIS MO. 536 CLEAR (SCALE 0-3) 1
DPTR FM NORMAL -78 PTCLDY (SCALE 4-7) 9
TOTAL FM JUL 1 1100 CLOUDY (SCALE 8-10) 20
DPTR FM NORMAL -105
[CDD (BASE 65) ]
TOTAL THIS MO. 0
DPTR FM NORMAL 0 [PRESSURE DATA]
TOTAL FM JAN 1 514 HIGHEST SLP 30.53 ON 20
DPTR FM NORMAL 239 LOWEST SLP 29.48 ON 9
[REMARKS]
#FINAL-11-21#