000
CXUS51 KPBZ 010730
CF6HLG
PRELIMINARY LOCAL CLIMATOLOGICAL DATA (WS FORM: F-6)
STATION: WHEELING WV
MONTH: JULY
YEAR: 2020
LATITUDE: 40 10 N
LONGITUDE: 80 39 W
TEMPERATURE IN F: :PCPN: SNOW: WIND :SUNSHINE: SKY :PK WND
================================================================================
1 2 3 4 5 6A 6B 7 8 9 10 11 12 13 14 15 16 17 18
12Z AVG MX 2MIN
DY MAX MIN AVG DEP HDD CDD WTR SNW DPTH SPD SPD DIR MIN PSBL S-S WX SPD DR
================================================================================
1 84 64 74 2 0 9 0.00 M M 6.7 14 30 M M 2 21 20
2 88 62 75 3 0 10 0.00 M M 4.6 13 350 M M 1 17 350
3 89 62 76 4 0 11 0.00 M M 3.0 12 300 M M 0 16 310
4 91 67 79 7 0 14 0.00 M M 4.2 13 20 M M 1 1 16 310
5 92 64 78 6 0 13 0.00 M M 2.6 10 270 M M 0 18 13 270
6 93 66 80 8 0 15 0.00 M M 2.7 10 320 M M 1 8 13 290
7 93 66 80 8 0 15 0.01 M M 4.4 22 320 M M 2 13 28 320
8 91 65 78 6 0 13 0.00 M M 3.9 9 320 M M 2 12 13 130
9 95 67 81 9 0 16 T M M 3.5 29 360 M M 1 138 42 360
10 94 68 81 9 0 16 0.05 M M 5.1 29 230 M M 3 13 42 220
11 83 68 76 4 0 11 0.03 M M 10.0 22 260 M M 7 1 30 270
12 80 63 72 0 0 7 T M M 5.7 16 260 M M 3 138 25 280
13 83 59 71 -1 0 6 0.00 M M 5.3 15 330 M M 3 12 19 340
14 84 58 71 -1 0 6 0.00 M M 3.4 12 30 M M 1 1 16 30
15 91 58 75 3 0 10 0.00 M M 3.2 10 100 M M 0 15 210
16 91 73 82 10 0 17 0.06 M M 11.5 24 190 M M 3 8 34 210
17 89 70 80 8 0 15 0.00 M M 4.9 12 360 M M 2 15 320
18 92 63 78 6 0 13 0.00 M M 4.5 14 230 M M 0 1 19 220
19 94 74 84 12 0 19 T M M 9.4 22 230 M M 2 34 210
20 90 72 81 9 0 16 0.00 M M 6.0 16 260 M M 4 22 280
21 89 68 79 7 0 14 T M M 4.5 22 280 M M 4 3 29 280
22 86 69 78 6 0 13 0.02 M M 7.5 17 230 M M 2 13 25 290
23 84 71 78 6 0 13 0.13 M M 7.9 16 310 M M 8 13 22 210
24 88 70 79 7 0 14 T M M 3.9 12 320 M M 6 1238 15 350
25 91 64 78 6 0 13 0.00 M M 3.5 12 330 M M 2 1 17 310
26 91 64 78 6 0 13 0.00 M M 6.0 17 210 M M 1 25 210
27 93 69 81 9 0 16 0.17 M M 8.1 21 320 M M 3 13 29 320
28 85 68 77 5 0 12 0.04 M M 7.6 16 270 M M 4 1 19 310
29 90 63 77 5 0 12 0.00 M M 5.4 15 230 M M 1 20 210
30 84 67 76 4 0 11 0.06 M M 3.5 16 170 M M 3 1 21 180
31 88 66 77 5 0 12 T M M 6.2 15 360 M M 3 12 19 340
================================================================================
SM 2756 2048 0 395 0.57 M 168.7 M 75
================================================================================
AV 88.9 66.1 5.4 FASTST M M 2 MAX(MPH)
MISC ----> # 29 360 # 42 360
================================================================================
NOTES:
# LAST OF SEVERAL OCCURRENCES
COLUMN 17 PEAK WIND IN M.P.H.
PRELIMINARY LOCAL CLIMATOLOGICAL DATA (WS FORM: F-6) , PAGE 2
STATION: WHEELING WV
MONTH: JULY
YEAR: 2020
LATITUDE: 40 10 N
LONGITUDE: 80 39 W
[TEMPERATURE DATA] [PRECIPITATION DATA] SYMBOLS USED IN COLUMN 16
AVERAGE MONTHLY: 77.5 TOTAL FOR MONTH: 0.57 1 = FOG OR MIST
DPTR FM NORMAL: 5.3 DPTR FM NORMAL: -3.55 2 = FOG REDUCING VISIBILITY
HIGHEST: 95 ON 9 GRTST 24HR 0.21 ON 27-28 TO 1/4 MILE OR LESS
LOWEST: 58 ON 15,14 3 = THUNDER
SNOW, ICE PELLETS, HAIL 4 = ICE PELLETS
TOTAL MONTH: M 5 = HAIL
GRTST 24HR M ON M 6 = FREEZING RAIN OR DRIZZLE
GRTST DEPTH: M ON M 7 = DUSTSTORM OR SANDSTORM:
VSBY 1/2 MILE OR LESS
8 = SMOKE OR HAZE
[NO. OF DAYS WITH] [WEATHER - DAYS WITH] 9 = BLOWING SNOW
X = TORNADO
MAX 32 OR BELOW: 0 0.01 INCH OR MORE: 9
MAX 90 OR ABOVE: 16 0.10 INCH OR MORE: 2
MIN 32 OR BELOW: 0 0.50 INCH OR MORE: 0
MIN 0 OR BELOW: 0 1.00 INCH OR MORE: 0
[HDD (BASE 65) ]
TOTAL THIS MO. 0 CLEAR (SCALE 0-3) 22
DPTR FM NORMAL -3 PTCLDY (SCALE 4-7) 9
TOTAL FM JUL 1 0 CLOUDY (SCALE 8-10) 0
DPTR FM NORMAL 0
[CDD (BASE 65) ]
TOTAL THIS MO. 395
DPTR FM NORMAL 168 [PRESSURE DATA]
TOTAL FM JAN 1 635 HIGHEST SLP 30.18 ON 17
DPTR FM NORMAL 226 LOWEST SLP 29.71 ON 11
[REMARKS]
#FINAL-07-20#