000
CXUS54 KBRO 010637
CLMHRL
CLIMATE REPORT
NATIONAL WEATHER SERVICE BROWNSVILLE, TX
137 AM CDT MON MAY 01 2023
...................................
...THE HARLINGEN CLIMATE SUMMARY FOR THE MONTH OF APRIL 2023...
CLIMATE NORMAL PERIOD 1991 TO 2020
CLIMATE RECORD PERIOD 1912 TO 2023
WEATHER OBSERVED NORMAL DEPART LAST YEAR`S
VALUE DATE(S) VALUE FROM VALUE DATE(S)
NORMAL
................................................................
TEMPERATURE (F)
HIGHEST 96 04/15 95 1 106 04/06
LOWEST 51 04/30 48 3 48 04/08
AVG. MAXIMUM 83.5 86.5 -3.0 89.5
AVG. MINIMUM 63.9 65.2 -1.3 68.8
MEAN 73.7 75.8 -2.1 79.2
DAYS MAX >= 90 5 11.0 -6.0 15
DAYS MAX <= 32 0 0.0 0.0 0
DAYS MIN <= 32 0 0.0 0.0 0
DAYS MIN <= 0 0 0.0 0.0 0
PRECIPITATION (INCHES)
TOTALS 3.66 1.46 2.20 1.37
DAILY AVG. 0.12 0.05 0.07 0.05
DAYS >= .01 9 4.7 4.3 3
DAYS >= .10 5 1.7 3.3
DAYS >= .50 3 0.6 2.4
DAYS >= 1.00 2 0.3 1.7
GREATEST
24 HR. TOTAL 1.27 04/07 TO 04/07
STORM TOTAL 1.27
(MM/DD(HH))
SNOWFALL (INCHES)
TOTALS 0.0 MM MM 0.0
SINCE 7/1 0.0 MM MM MM
DEGREE DAYS
HEATING TOTAL 10 7 3 0
SINCE 7/1 534 564 -30 MM
COOLING TOTAL 279 332 -53 433
SINCE 1/1 918 693 225 MM
................................................................
WIND (MPH)
AVERAGE WIND SPEED 11.3
HIGHEST WIND SPEED/DIRECTION 49/350 DATE 04/29
HIGHEST GUST SPEED/DIRECTION 62/310 DATE 04/23
SKY COVER
POSSIBLE SUNSHINE (PERCENT) MM
AVERAGE SKY COVER 0.57
NUMBER OF DAYS FAIR 11
NUMBER OF DAYS PC 8
NUMBER OF DAYS CLOUDY 11
AVERAGE RH (PERCENT) 79
WEATHER CONDITIONS. NUMBER OF DAYS WITH
THUNDERSTORM 7 MIXED PRECIP 0
HEAVY RAIN 3 RAIN 6
LIGHT RAIN 12 FREEZING RAIN 0
LT FREEZING RAIN 0 HAIL 0
HEAVY SNOW 0 SNOW 0
LIGHT SNOW 0 SLEET 0
FOG 20 FOG W/VIS <= 1/4 MILE 4
HAZE 1
- INDICATES NEGATIVE NUMBERS.
R INDICATES RECORD WAS SET OR TIED.
MM INDICATES DATA IS MISSING.
T INDICATES TRACE AMOUNT.
$$