000
CXUS53 KGID 010831
CF6HSI
PRELIMINARY LOCAL CLIMATOLOGICAL DATA (WS FORM: F-6)
STATION: HASTINGS NE
MONTH: APRIL
YEAR: 2022
LATITUDE: 40 35 N
LONGITUDE: 98 26 W
TEMPERATURE IN F: :PCPN: SNOW: WIND :SUNSHINE: SKY :PK WND
================================================================================
1 2 3 4 5 6A 6B 7 8 9 10 11 12 13 14 15 16 17 18
12Z AVG MX 2MIN
DY MAX MIN AVG DEP HDD CDD WTR SNW DPTH SPD SPD DIR MIN PSBL S-S WX SPD DR
================================================================================
1 63 25 44 -3 21 0 0.05 0.0 0 11.4 28 170 M M 3 8 42 180
2 63 30 47 0 18 0 0.00 0.0 0 8.6 16 320 M M 1 25 310
3 65 37 51 3 14 0 0.00 0.0 0 9.2 24 340 M M 1 32 340
4 63 24 44 -4 21 0 0.00 0.0 0 9.8 20 160 M M 0 8 28 160
5 58 38 48 0 17 0 T 0.0 0 13.1 38 310 M M 4 8 49 320
6 53 34 44 -4 21 0 T 0.0 0 24.2 41 310 M M 4 8 59 340
7 47 37 42 -7 23 0 T T 0 29.8 47 330 M M 6 8 62 320
8 55 28 42 -7 23 0 0.00 0.0 0 19.1 35 360 M M 0 49 350
9 73 23 48 -1 17 0 0.00 0.0 0 12.8 25 180 M M 0 8 38 160
10 65 38 52 2 13 0 0.00 0.0 0 18.5 31 330 M M 1 8 44 340
11 64 28 46 -4 19 0 0.00 0.0 0 9.2 22 140 M M 1 8 36 120
12 91 40 66 16 0 1 0.00 0.0 0 23.0 46 320 M M 2 18 63 320
13 50 25 38 -12 27 0 0.00 0.0 0 21.1 35 340 M M 2 44 300
14 59 24 42 -8 23 0 0.00 0.0 0 14.8 29 280 M M 1 44 270
15 50 23 37 -14 28 0 0.00 0.0 0 12.3 22 40 M M 0 28 50
16 52 23 38 -13 27 0 0.00 0.0 0 11.7 22 20 M M 3 28 20
17 60 37 49 -2 16 0 0.00 0.0 0 9.2 20 130 M M 7 8 30 120
18 57 32 45 -7 20 0 0.00 0.0 0 12.0 28 350 M M 4 36 350
19 61 33 47 -5 18 0 0.00 0.0 0 18.8 32 160 M M 2 8 48 170
20 72 48 60 8 5 0 0.04 0.0 0 11.8 25 330 M M 4 18 34 340
21 76 48 62 10 3 0 0.06 0.0 0 14.6 28 120 M M 4 138 42 130
22 87 60 74 21 0 9 T 0.0 0 21.9 36 190 M M 5 18 60 230
23 71 45 58 5 7 0 0.20 0.0 0 24.5 39 290 M M 3 38 54 280
24 58 38 48 -5 17 0 0.00 0.0 0 22.2 36 310 M M 3 49 300
25 59 31 45 -9 20 0 0.00 0.0 0 12.1 26 350 M M 0 8 37 350
26 72 30 51 -3 14 0 0.00 0.0 0 12.3 26 200 M M 0 43 210
27 82 52 67 13 0 2 0.00 0.0 0 11.6 23 200 M M 0 33 180
28 83 56 70 15 0 5 0.00 0.0 0 10.6 16 80 M M 0 28 80
29 76 50 63 8 2 0 0.50 0.0 0 14.6 40 350 M M 5 138 53 310
30 57 42 50 -5 15 0 0.27 0.0 0 25.0 43 330 M M 8 1 61 320
================================================================================
SM 1942 1079 449 17 1.12 T 469.8 M 74
================================================================================
AV 64.7 36.0 15.7 FASTST M M 2 MAX(MPH)
MISC ----> 47 330 63 320
================================================================================
NOTES:
# LAST OF SEVERAL OCCURRENCES
COLUMN 17 PEAK WIND IN M.P.H.
PRELIMINARY LOCAL CLIMATOLOGICAL DATA (WS FORM: F-6) , PAGE 2
STATION: HASTINGS NE
MONTH: APRIL
YEAR: 2022
LATITUDE: 40 35 N
LONGITUDE: 98 26 W
[TEMPERATURE DATA] [PRECIPITATION DATA] SYMBOLS USED IN COLUMN 16
AVERAGE MONTHLY: 50.4 TOTAL FOR MONTH: 1.12 1 = FOG OR MIST
DPTR FM NORMAL: -0.7 DPTR FM NORMAL: -1.58 2 = FOG REDUCING VISIBILITY
HIGHEST: 91 ON 12 GRTST 24HR 0.77 ON 29-30 TO 1/4 MILE OR LESS
LOWEST: 23 ON 16,15 3 = THUNDER
SNOW, ICE PELLETS, HAIL 4 = ICE PELLETS
TOTAL MONTH: T 5 = HAIL
GRTST 24HR T ON 7- 7 6 = FREEZING RAIN OR DRIZZLE
GRTST DEPTH: T 7 = DUSTSTORM OR SANDSTORM:
VSBY 1/2 MILE OR LESS
8 = SMOKE OR HAZE
[NO. OF DAYS WITH] [WEATHER - DAYS WITH] 9 = BLOWING SNOW
X = TORNADO
MAX 32 OR BELOW: 0 0.01 INCH OR MORE: 6
MAX 90 OR ABOVE: 1 0.10 INCH OR MORE: 3
MIN 32 OR BELOW: 13 0.50 INCH OR MORE: 1
MIN 0 OR BELOW: 0 1.00 INCH OR MORE: 0
[HDD (BASE 65) ]
TOTAL THIS MO. 449 CLEAR (SCALE 0-3) 19
DPTR FM NORMAL 22 PTCLDY (SCALE 4-7) 11
TOTAL FM JUL 1 5280 CLOUDY (SCALE 8-10) 0
DPTR FM NORMAL -406
[CDD (BASE 65) ]
TOTAL THIS MO. 17
DPTR FM NORMAL 10 [PRESSURE DATA]
TOTAL FM JAN 1 17 HIGHEST SLP 30.48 ON 18
DPTR FM NORMAL 9 LOWEST SLP 29.09 ON 12
[REMARKS]
#FINAL-04-22#