000
CXUS54 KHUN 011900
CF6HSV
PRELIMINARY LOCAL CLIMATOLOGICAL DATA (WS FORM: F-6)
STATION: HUNTSVILLE
MONTH: AUGUST
YEAR: 2020
LATITUDE: 34 39 N
LONGITUDE: 86 46 W
TEMPERATURE IN F: :PCPN: SNOW: WIND :SUNSHINE: SKY :PK WND
================================================================================
1 2 3 4 5 6A 6B 7 8 9 10 11 12 13 14 15 16 17 18
12Z AVG MX 2MIN
DY MAX MIN AVG DEP HDD CDD WTR SNW DPTH SPD SPD DIR MIN PSBL S-S WX SPD DR
================================================================================
1 87 70 79 -2 0 14 T 0.0 0 8.2 20 240 M M 7 26 240
2 86 66 76 -5 0 11 0.00 0.0 0 2.4 8 180 M M 4 11 10
3 91 67 79 -2 0 14 0.00 0.0 0 2.7 12 260 M M 3 17 280
4 90 70 80 -1 0 15 0.01 0.0 0 4.9 16 230 M M 5 20 260
5 92 68 80 -1 0 15 0.00 0.0 0 5.5 12 30 M M 3 17 30
6 92 71 82 1 0 17 0.00 0.0 0 5.5 14 350 M M 6 18 350
7 94 69 82 1 0 17 0.00 0.0 0 5.2 12 350 M M 2 16 350
8 97 68 83 2 0 18 0.00 0.0 0 2.6 12 260 M M 1 15 260
9 96 71 84 3 0 19 0.00 0.0 0 4.2 14 220 M M 3 3 17 210
10 98 74 86 5 0 21 0.00 0.0 0 6.0 17 120 M M 3 3 23 280
11 95 73 84 3 0 19 0.49 0.0 0 4.8 20 30 M M 6 3 22 360
12 93 74 84 3 0 19 0.01 0.0 0 5.3 17 220 M M 7 3 23 220
13 94 71 83 2 0 18 T 0.0 0 3.5 21 240 M M 6 123 26 240
14 90 74 82 2 0 17 T 0.0 0 5.0 23 10 M M 5 3 28 10
15 92 71 82 2 0 17 0.00 0.0 0 6.3 17 330 M M 3 24 330
16 93 67 80 0 0 15 T 0.0 0 3.8 20 360 M M 4 18 23 360
17 91 67 79 -1 0 14 0.00 0.0 0 7.5 17 20 M M 1 27 40
18 93 64 79 -1 0 14 0.24 0.0 0 4.1 21 290 M M 4 1 29 290
19 91 68 80 0 0 15 1.24 0.0 0 5.7 24 90 M M 5 13 30 80
20 87 67 77 -3 0 12 T 0.0 0 5.2 14 150 M M 6 17 140
21 82 68 75 -5 0 10 0.10 0.0 0 3.6 13 300 M M 7 13 16 310
22 85 64 75 -5 0 10 0.00 0.0 0 4.4 10 150 M M 4 14 250
23 88 68 78 -2 0 13 0.00 0.0 0 4.6 10 190 M M 4 14 170
24 88 72 80 0 0 15 T 0.0 0 5.3 10 200 M M 6 14 130
25 82 72 77 -3 0 12 0.15 0.0 0 6.6 22 160 M M 8 1 27 170
26 85 70 78 -2 0 13 1.83 0.0 0 4.7 14 280 M M 8 13 23 270
27 91 75 83 4 0 18 0.22 0.0 0 7.2 17 140 M M 7 13 25 140
28 86 72 79 0 0 14 0.92 0.0 0 11.7 23 200 M M 8 13 29 190
29 90 74 82 3 0 17 0.02 0.0 0 7.2 15 230 M M 7 1 21 230
30 91 71 81 2 0 16 0.23 0.0 0 3.7 15 180 M M 6 13 21 170
31 87 71 79 0 0 14 0.94 0.0 0 3.2 16 340 M M 8 123 22 330
================================================================================
SM 2797 2167 0 473 6.40 0.0 160.6 M 157
================================================================================
AV 90.2 69.9 5.2 FASTST M M 5 MAX(MPH)
MISC ----> 24 90 30 80
================================================================================
NOTES:
# LAST OF SEVERAL OCCURRENCES
COLUMN 17 PEAK WIND IN M.P.H.
PRELIMINARY LOCAL CLIMATOLOGICAL DATA (WS FORM: F-6) , PAGE 2
STATION: HUNTSVILLE
MONTH: AUGUST
YEAR: 2020
LATITUDE: 34 39 N
LONGITUDE: 86 46 W
[TEMPERATURE DATA] [PRECIPITATION DATA] SYMBOLS USED IN COLUMN 16
AVERAGE MONTHLY: 80.1 TOTAL FOR MONTH: 6.40 1 = FOG OR MIST
DPTR FM NORMAL: 0.0 DPTR FM NORMAL: 2.79 2 = FOG REDUCING VISIBILITY
HIGHEST: 98 ON 10 GRTST 24HR 1.97 ON 25-26 TO 1/4 MILE OR LESS
LOWEST: 64 ON 22,18 3 = THUNDER
SNOW, ICE PELLETS, HAIL 4 = ICE PELLETS
TOTAL MONTH: 0.0 INCH 5 = HAIL
GRTST 24HR 0.0 6 = FREEZING RAIN OR DRIZZLE
GRTST DEPTH: 0 7 = DUSTSTORM OR SANDSTORM:
VSBY 1/2 MILE OR LESS
8 = SMOKE OR HAZE
[NO. OF DAYS WITH] [WEATHER - DAYS WITH] 9 = BLOWING SNOW
X = TORNADO
MAX 32 OR BELOW: 0 0.01 INCH OR MORE: 13
MAX 90 OR ABOVE: 20 0.10 INCH OR MORE: 10
MIN 32 OR BELOW: 0 0.50 INCH OR MORE: 4
MIN 0 OR BELOW: 0 1.00 INCH OR MORE: 2
[HDD (BASE 65) ]
TOTAL THIS MO. 0 CLEAR (SCALE 0-3) 6
DPTR FM NORMAL 0 PTCLDY (SCALE 4-7) 23
TOTAL FM JUL 1 0 CLOUDY (SCALE 8-10) 2
DPTR FM NORMAL 0
[CDD (BASE 65) ]
TOTAL THIS MO. 473
DPTR FM NORMAL 3 [PRESSURE DATA]
TOTAL FM JAN 1 1540 HIGHEST SLP 30.15 ON 9
DPTR FM NORMAL -55 LOWEST SLP 29.72 ON 30
[REMARKS]
#FINAL-08-20#