000
CXUS53 KAPX 010730
CF6HTL
PRELIMINARY LOCAL CLIMATOLOGICAL DATA (WS FORM: F-6)
STATION: HOUGHTON LAKE MI
MONTH: APRIL
YEAR: 2022
LATITUDE: 44 22 N
LONGITUDE: 84 41 W
TEMPERATURE IN F: :PCPN: SNOW: WIND :SUNSHINE: SKY :PK WND
================================================================================
1 2 3 4 5 6A 6B 7 8 9 10 11 12 13 14 15 16 17 18
12Z AVG MX 2MIN
DY MAX MIN AVG DEP HDD CDD WTR SNW DPTH SPD SPD DIR MIN PSBL S-S WX SPD DR
================================================================================
1 31 21 26 -10 39 0 T T T 9.2 21 320 M M 9 18 32 340
2 42 18 30 -6 35 0 0.12 0.3 T 1.8 10 290 M M 6 18 15 230
3 40 30 35 -2 30 0 T T T 4.0 10 340 M M 9 1 15 320
4 35 31 33 -4 32 0 0.20 T T 7.6 15 110 M M 10 1 22 100
5 46 33 40 2 25 0 0.00 0.0 0 7.3 16 90 M M 9 12 25 120
6 47 33 40 2 25 0 0.92 0.0 0 9.0 17 110 M M 7 1 28 150
7 43 38 41 2 24 0 T 0.0 0 8.1 13 200 M M 10 22 200
8 41 27 34 -5 31 0 0.10 T T 6.8 18 320 M M 10 1 26 320
9 36 27 32 -7 33 0 0.01 T T 9.3 17 300 M M 9 1 27 310
10 54 27 41 1 24 0 0.00 0.0 0 7.5 16 120 M M 1 27 120
11 59 34 47 7 18 0 0.11 0.0 0 9.6 18 250 M M 2 3 29 240
12 63 27 45 4 20 0 0.03 0.0 0 5.6 20 110 M M 2 32 100
13 66 45 56 15 9 0 0.19 0.0 0 8.4 24 110 M M 10 1 30 120
14 59 34 47 5 18 0 0.11 0.0 0 19.6 31 240 M M 8 1 49 250
15 40 29 35 -7 30 0 T T 0 17.3 30 260 M M 7 45 260
16 34 26 30 -12 35 0 0.01 T T 9.2 20 320 M M 8 18 27 290
17 45 22 34 -9 31 0 T T T 6.9 15 350 M M 2 22 330
18 34 26 30 -13 35 0 0.20 2.0 0 5.0 10 330 M M 8 12 16 330
19 37 28 33 -11 32 0 T T 1 12.5 20 310 M M 8 1 37 300
20 51 21 36 -8 29 0 0.08 0.0 0 9.2 15 130 M M 5 32 160
21 58 38 48 3 17 0 0.24 0.0 0 12.1 25 280 M M 6 1 42 260
22 54 27 41 -4 24 0 0.00 0.0 0 7.5 16 100 M M 3 1 24 90
23 74 41 58 12 7 0 0.01 0.0 0 9.6 17 120 M M 5 3 25 110
24 70 54 62 16 3 0 0.33 0.0 0 11.5 20 200 M M 5 1 32 200
25 56 38 47 1 18 0 T 0.0 0 10.7 18 270 M M 6 1 26 270
26 39 26 33 -14 32 0 T T 0 8.6 20 320 M M 10 26 320
27 43 23 33 -14 32 0 T T T 10.6 18 330 M M 6 26 10
28 55 21 38 -10 27 0 0.00 0.0 0 5.1 14 160 M M 0 24 100
29 58 25 42 -6 23 0 0.00 0.0 0 7.7 17 100 M M 0 25 100
30 60 34 47 -1 18 0 0.09 0.0 0 12.1 24 120 M M 4 39 110
================================================================================
SM 1470 904 756 0 2.75 2.3 269.4 M 185
================================================================================
AV 49.0 30.1 9.0 FASTST M M 6 MAX(MPH)
MISC ----> 31 240 49 250
================================================================================
NOTES:
# LAST OF SEVERAL OCCURRENCES
COLUMN 17 PEAK WIND IN M.P.H.
PRELIMINARY LOCAL CLIMATOLOGICAL DATA (WS FORM: F-6) , PAGE 2
STATION: HOUGHTON LAKE MI
MONTH: APRIL
YEAR: 2022
LATITUDE: 44 22 N
LONGITUDE: 84 41 W
[TEMPERATURE DATA] [PRECIPITATION DATA] SYMBOLS USED IN COLUMN 16
AVERAGE MONTHLY: 39.6 TOTAL FOR MONTH: 2.75 1 = FOG OR MIST
DPTR FM NORMAL: -2.6 DPTR FM NORMAL: -0.35 2 = FOG REDUCING VISIBILITY
HIGHEST: 74 ON 23 GRTST 24HR 0.92 ON 6- 6 TO 1/4 MILE OR LESS
LOWEST: 18 ON 2 3 = THUNDER
SNOW, ICE PELLETS, HAIL 4 = ICE PELLETS
TOTAL MONTH: 2.3 INCHES 5 = HAIL
GRTST 24HR 2.0 ON 18-18 6 = FREEZING RAIN OR DRIZZLE
GRTST DEPTH: 1 ON 19 7 = DUSTSTORM OR SANDSTORM:
VSBY 1/2 MILE OR LESS
8 = SMOKE OR HAZE
[NO. OF DAYS WITH] [WEATHER - DAYS WITH] 9 = BLOWING SNOW
X = TORNADO
MAX 32 OR BELOW: 1 0.01 INCH OR MORE: 16
MAX 90 OR ABOVE: 0 0.10 INCH OR MORE: 10
MIN 32 OR BELOW: 19 0.50 INCH OR MORE: 1
MIN 0 OR BELOW: 0 1.00 INCH OR MORE: 0
[HDD (BASE 65) ]
TOTAL THIS MO. 756 CLEAR (SCALE 0-3) 7
DPTR FM NORMAL 73 PTCLDY (SCALE 4-7) 12
TOTAL FM JUL 1 7175 CLOUDY (SCALE 8-10) 11
DPTR FM NORMAL -283
[CDD (BASE 65) ]
TOTAL THIS MO. 0
DPTR FM NORMAL -1 [PRESSURE DATA]
TOTAL FM JAN 1 0 HIGHEST SLP 30.55 ON 22
DPTR FM NORMAL -1 LOWEST SLP 29.35 ON 14
[REMARKS]
#FINAL-04-22#