000
CXUS53 KAPX 010830
CF6HTL
PRELIMINARY LOCAL CLIMATOLOGICAL DATA (WS FORM: F-6)
STATION: HOUGHTON LAKE MI
MONTH: NOVEMBER
YEAR: 2021
LATITUDE: 44 22 N
LONGITUDE: 84 41 W
TEMPERATURE IN F: :PCPN: SNOW: WIND :SUNSHINE: SKY :PK WND
================================================================================
1 2 3 4 5 6A 6B 7 8 9 10 11 12 13 14 15 16 17 18
12Z AVG MX 2MIN
DY MAX MIN AVG DEP HDD CDD WTR SNW DPTH SPD SPD DIR MIN PSBL S-S WX SPD DR
================================================================================
1 M M M M M M 0.00 0.0 0 M M M M M M M M
2 42 30 36 -4 29 0 0.09 0.5 0 M M M M M M M M
3 41 29 35 -5 30 0 0.01 T T M M M M M M M M
4 41 27 34 -6 31 0 0.00 0.0 0 M M M M M M M M
5 50 29 40 1 25 0 0.00 0.0 0 M M M M M M M M
6 54 35 45 6 20 0 0.00 0.0 0 M M M M M M M M
7 63 34 49 10 16 0 0.00 0.0 0 M M M M M M M M
8 62 44 53 15 12 0 0.00 0.0 0 6.7 13 210 M M 0 18 210
9 54 26 40 2 25 0 0.00 0.0 0 3.4 9 330 M M 0 16 10
10 54 23 39 1 26 0 0.00 0.0 0 3.1 13 110 M M 2 12 19 110
11 58 42 50 13 15 0 0.15 0.0 0 13.6 24 120 M M 6 1 41 130
12 43 34 39 2 26 0 0.20 T 0 9.9 22 220 M M 7 13 33 220
13 41 34 38 2 27 0 0.01 T 0 11.6 21 290 M M 9 1 32 290
14 35 30 33 -3 32 0 0.12 T 0 7.4 15 230 M M 9 1 24 230
15 39 31 35 -1 30 0 0.03 T T 10.3 16 270 M M 9 1 24 280
16 41 29 35 0 30 0 0.00 0.0 0 6.2 17 130 M M 5 26 120
17 50 37 44 9 21 0 T 0.0 0 8.1 18 140 M M 8 18 30 140
18 41 29 35 0 30 0 0.04 T 0 14.2 24 270 M M 10 1 36 280
19 39 29 34 0 31 0 T T T 9.4 20 280 M M 6 27 290
20 37 29 33 -1 32 0 T T 0 7.4 16 180 M M 9 18 24 180
21 42 24 33 -1 32 0 0.09 T 0 8.6 29 310 M M 6 1 46 300
22 30 24 27 -6 38 0 T T 0 13.5 23 290 M M 8 36 300
23 36 24 30 -3 35 0 T T T 8.5 15 190 M M 3 21 190
24 45 30 38 6 27 0 0.00 0.0 T 8.2 15 180 M M 1 23 180
25 40 26 33 1 32 0 0.09 0.5 0 9.5 22 330 M M 10 1 38 320
26 26 23 25 -7 40 0 T T 1 12.0 24 310 M M 10 36 320
27 27 23 25 -6 40 0 0.08 1.3 1 5.2 10 130 M M 10 1 15 110
28 34 24 29 -2 36 0 0.17 3.3 3 7.9 16 320 M M 10 12 28 320
29 31 27 29 -2 36 0 0.13 1.0 4 5.5 10 290 M M 8 1 15 290
30 35 28 32 2 33 0 0.01 0.1 4 9.2 21 270 M M 10 1 30 270
================================================================================
SM 1231 854 837 0 1.22 6.7 199.4 M 156
================================================================================
AV 42.4 29.4 8.7 FASTST M M 7 MAX(MPH)
MISC ----> 29 310 46 300
================================================================================
NOTES:
# LAST OF SEVERAL OCCURRENCES
COLUMN 17 PEAK WIND IN M.P.H.
PRELIMINARY LOCAL CLIMATOLOGICAL DATA (WS FORM: F-6) , PAGE 2
STATION: HOUGHTON LAKE MI
MONTH: NOVEMBER
YEAR: 2021
LATITUDE: 44 22 N
LONGITUDE: 84 41 W
[TEMPERATURE DATA] [PRECIPITATION DATA] SYMBOLS USED IN COLUMN 16
AVERAGE MONTHLY: 35.9 TOTAL FOR MONTH: 1.22 1 = FOG OR MIST
DPTR FM NORMAL: 0.4 DPTR FM NORMAL: -0.98 2 = FOG REDUCING VISIBILITY
HIGHEST: 63 ON 7 GRTST 24HR 0.35 ON 11-12 TO 1/4 MILE OR LESS
LOWEST: 23 ON 27,26 3 = THUNDER
SNOW, ICE PELLETS, HAIL 4 = ICE PELLETS
TOTAL MONTH: 6.7 INCHES 5 = HAIL
GRTST 24HR 3.3 ON 28-28 6 = FREEZING RAIN OR DRIZZLE
GRTST DEPTH: 4 ON 30,29 7 = DUSTSTORM OR SANDSTORM:
VSBY 1/2 MILE OR LESS
8 = SMOKE OR HAZE
[NO. OF DAYS WITH] [WEATHER - DAYS WITH] 9 = BLOWING SNOW
X = TORNADO
MAX 32 OR BELOW: 4 0.01 INCH OR MORE: 14
MAX 90 OR ABOVE: 0 0.10 INCH OR MORE: 5
MIN 32 OR BELOW: 22 0.50 INCH OR MORE: 0
MIN 0 OR BELOW: 0 1.00 INCH OR MORE: 0
[HDD (BASE 65) ]
TOTAL THIS MO. 837 CLEAR (SCALE 0-3) 4
DPTR FM NORMAL -48 PTCLDY (SCALE 4-7) 7
TOTAL FM JUL 1 1370 CLOUDY (SCALE 8-10) 19
DPTR FM NORMAL -417
[CDD (BASE 65) ]
TOTAL THIS MO. 0
DPTR FM NORMAL 0 [PRESSURE DATA]
TOTAL FM JAN 1 492 HIGHEST SLP 30.46 ON 19
DPTR FM NORMAL 155 LOWEST SLP 29.50 ON 11
[REMARKS]
#FINAL-11-21#