890
CXUS53 KAPX 010631
CF6HTL
PRELIMINARY LOCAL CLIMATOLOGICAL DATA (WS FORM: F-6)
STATION: HOUGHTON LAKE MI
MONTH: APRIL
YEAR: 2020
LATITUDE: 44 22 N
LONGITUDE: 84 41 W
TEMPERATURE IN F: :PCPN: SNOW: WIND :SUNSHINE: SKY :PK WND
================================================================================
1 2 3 4 5 6A 6B 7 8 9 10 11 12 13 14 15 16 17 18
12Z AVG MX 2MIN
DY MAX MIN AVG DEP HDD CDD WTR SNW DPTH SPD SPD DIR MIN PSBL S-S WX SPD DR
================================================================================
1 48 34 41 5 24 0 0.01 0.0 0 4.7 13 20 M M 9 17 10
2 60 28 44 8 21 0 0.00 0.0 0 6.3 15 10 M M 0 22 20
3 62 24 43 6 22 0 0.00 0.0 0 4.6 13 120 M M 0 18 110
4 43 30 37 0 28 0 0.10 T 0 5.7 15 330 M M 8 1 22 340
5 54 24 39 1 26 0 0.00 0.0 0 4.7 12 20 M M 1 16 350
6 58 24 41 3 24 0 0.00 0.0 0 3.5 10 40 M M 5 1 13 280
7 53 34 44 5 21 0 0.33 0.0 0 4.5 14 110 M M 9 123 18 160
8 61 34 48 9 17 0 0.07 0.0 0 8.7 25 360 M M 7 1 39 10
9 40 30 35 -5 30 0 0.11 T 0 13.2 30 300 M M 6 18 45 310
10 39 30 35 -5 30 0 T T T 15.4 28 310 M M 8 40 310
11 55 28 42 1 23 0 0.00 0.0 0 7.1 13 200 M M 1 19 200
12 57 41 49 8 16 0 0.04 0.0 0 8.0 15 110 M M 9 1 22 140
13 50 29 40 -2 25 0 0.17 T 0 17.4 33 290 M M 8 18 51 300
14 35 25 30 -12 35 0 T T T 13.2 23 270 M M 5 18 35 260
15 34 23 29 -13 36 0 T T 0 9.0 20 310 M M 4 27 310
16 38 25 32 -11 33 0 T T T 12.6 24 280 M M 6 36 270
17 46 28 37 -6 28 0 0.00 0.0 0 5.6 13 320 M M 3 21 300
18 54 31 43 -1 22 0 0.00 0.0 0 12.1 24 240 M M 1 37 200
19 49 26 38 -6 27 0 0.02 0.0 0 10.4 22 330 M M 6 1 32 350
20 55 24 40 -5 25 0 0.20 0.0 0 11.9 24 270 M M 3 1 35 10
21 33 22 28 -17 37 0 0.04 1.0 1 15.8 29 300 M M 7 128 42 290
22 36 22 29 -17 36 0 T T 0 6.0 10 290 M M 6 14 310
23 39 32 36 -10 29 0 0.11 T 0 10.5 20 110 M M 10 16 30 120
24 52 31 42 -4 23 0 0.00 0.0 0 5.5 12 40 M M 9 16 40
25 58 25 42 -5 23 0 0.00 0.0 0 6.0 15 100 M M 0 21 60
26 63 32 48 1 17 0 0.00 0.0 0 8.5 22 50 M M 0 33 60
27 58 27 43 -5 22 0 0.25 0.0 0 5.3 16 230 M M 4 1 29 220
28 65 45 55 7 10 0 0.12 0.0 0 6.2 18 100 M M 7 1 27 100
29 52 43 48 0 17 0 1.47 0.0 0 11.1 25 100 M M 10 1 36 100
30 45 38 42 -7 23 0 0.39 0.0 0 8.0 16 340 M M 9 1 26 360
================================================================================
SM 1492 889 750 0 3.43 1.0 261.5 M 161
================================================================================
AV 49.7 29.6 8.7 FASTST M M 5 MAX(MPH)
MISC ----> # 33 290 # 51 300
================================================================================
NOTES:
# LAST OF SEVERAL OCCURRENCES
COLUMN 17 PEAK WIND IN M.P.H.
PRELIMINARY LOCAL CLIMATOLOGICAL DATA (WS FORM: F-6) , PAGE 2
STATION: HOUGHTON LAKE MI
MONTH: APRIL
YEAR: 2020
LATITUDE: 44 22 N
LONGITUDE: 84 41 W
[TEMPERATURE DATA] [PRECIPITATION DATA] SYMBOLS USED IN COLUMN 16
AVERAGE MONTHLY: 39.7 TOTAL FOR MONTH: 3.43 1 = FOG OR MIST
DPTR FM NORMAL: -2.9 DPTR FM NORMAL: 0.95 2 = FOG REDUCING VISIBILITY
HIGHEST: 65 ON 28 GRTST 24HR 1.47 ON 29-29 TO 1/4 MILE OR LESS
LOWEST: 22 ON 22,21 3 = THUNDER
SNOW, ICE PELLETS, HAIL 4 = ICE PELLETS
TOTAL MONTH: 1.0 INCH 5 = HAIL
GRTST 24HR 1.0 ON 21-21 6 = FREEZING RAIN OR DRIZZLE
GRTST DEPTH: 1 ON 21 7 = DUSTSTORM OR SANDSTORM:
VSBY 1/2 MILE OR LESS
8 = SMOKE OR HAZE
[NO. OF DAYS WITH] [WEATHER - DAYS WITH] 9 = BLOWING SNOW
X = TORNADO
MAX 32 OR BELOW: 0 0.01 INCH OR MORE: 15
MAX 90 OR ABOVE: 0 0.10 INCH OR MORE: 10
MIN 32 OR BELOW: 23 0.50 INCH OR MORE: 1
MIN 0 OR BELOW: 0 1.00 INCH OR MORE: 1
[HDD (BASE 65) ]
TOTAL THIS MO. 750 CLEAR (SCALE 0-3) 9
DPTR FM NORMAL 74 PTCLDY (SCALE 4-7) 13
TOTAL FM JUL 1 7198 CLOUDY (SCALE 8-10) 8
DPTR FM NORMAL -463
[CDD (BASE 65) ]
TOTAL THIS MO. 0
DPTR FM NORMAL -2 [PRESSURE DATA]
TOTAL FM JAN 1 0 HIGHEST SLP M ON M
DPTR FM NORMAL -2 LOWEST SLP 29.17 ON 13
[REMARKS]
#FINAL-04-20#
#FINAL-04-20#