000
CXUS53 KIND 010600
CF6HUF
PRELIMINARY LOCAL CLIMATOLOGICAL DATA (WS FORM: F-6)
STATION: TERRE HAUTE IN
MONTH: MAY
YEAR: 2021
LATITUDE: 39 27 N
LONGITUDE: 87 18 W
TEMPERATURE IN F: :PCPN: SNOW: WIND :SUNSHINE: SKY :PK WND
================================================================================
1 2 3 4 5 6A 6B 7 8 9 10 11 12 13 14 15 16 17 18
12Z AVG MX 2MIN
DY MAX MIN AVG DEP HDD CDD WTR SNW DPTH SPD SPD DIR MIN PSBL S-S WX SPD DR
================================================================================
1 75 41 58 -1 7 0 0.00 M M 10.5 22 200 M M 0 31 200
2 77 56 67 7 0 2 0.07 M M 9.5 24 210 M M 4 35 210
3 73 58 66 6 0 1 0.08 M M 5.7 14 240 M M 8 1 18 240
4 69 51 60 0 5 0 0.11 M M 8.4 17 10 M M 10 18 24 360
5 65 44 55 -5 10 0 0.00 M M 8.0 20 320 M M 2 27 320
6 63 41 52 -9 13 0 0.02 M M 6.4 18 340 M M 4 3 26 330
7 70 35 53 -8 12 0 T M M 9.2 29 260 M M 3 13 41 260
8 61 31 46 -15 19 0 0.12 M M 5.3 13 160 M M 4 16 170
9 50 39 45 -17 20 0 0.79 M M 10.2 20 360 M M 9 13 28 90
10 62 34 48 -14 17 0 0.00 M M 2.5 9 190 M M 0 12 13 360
11 60 44 52 -10 13 0 0.00 M M 8.8 18 30 M M 3 1 27 70
12 63 35 49 -14 16 0 0.00 M M 7.3 16 30 M M 0 24 40
13 68 36 52 -11 13 0 0.00 M M 4.8 14 70 M M 3 20 50
14 71 39 55 -8 10 0 0.00 M M 2.5 10 90 M M 2 17 30
15 72 42 57 -7 8 0 T M M 5.0 16 180 M M 5 25 180
16 73 54 64 0 1 0 0.01 M M 4.5 12 190 M M 9 16 130
17 72 59 66 2 0 1 2.72 M M 8.8 22 170 M M 9 13 28 170
18 77 62 70 5 0 5 T M M 8.3 15 160 M M 8 21 150
19 78 65 72 7 0 7 0.20 M M 6.4 25 190 M M 6 1 39 180
20 84 65 75 10 0 10 0.00 M M 8.2 18 140 M M 1 24 190
21 83 62 73 7 0 8 0.00 M M 7.2 17 210 M M 0 24 180
22 84 59 72 6 0 7 0.00 M M 3.5 14 300 M M 1 20 250
23 86 60 73 7 0 8 0.00 M M 1.9 10 250 M M 2 1 15 260
24 87 64 76 9 0 11 0.00 M M 3.3 13 200 M M 1 17 250
25 87 64 76 9 0 11 0.01 M M 5.2 22 240 M M 3 30 250
26 82 66 74 7 0 9 0.07 M M 5.0 12 270 M M 5 1 15 260
27 83 60 72 4 0 7 0.07 M M 4.9 17 160 M M 2 1 23 160
28 68 51 60 -8 5 0 0.33 M M 7.5 16 10 M M 10 18 22 10
29 65 46 56 -12 9 0 0.08 M M 9.3 17 30 M M 7 1 24 30
30 71 41 56 -13 9 0 0.00 M M 2.5 8 90 M M 0 M M
31 74 51 63 -6 2 0 0.00 M M 3.8 14 160 M M 0 17 160
================================================================================
SM 2253 1555 189 87 4.68 M 194.4 M 121
================================================================================
AV 72.7 50.2 6.3 FASTST M M 4 MAX(MPH)
MISC ----> 29 260 41 260
================================================================================
NOTES:
# LAST OF SEVERAL OCCURRENCES
COLUMN 17 PEAK WIND IN M.P.H.
PRELIMINARY LOCAL CLIMATOLOGICAL DATA (WS FORM: F-6) , PAGE 2
STATION: TERRE HAUTE IN
MONTH: MAY
YEAR: 2021
LATITUDE: 39 27 N
LONGITUDE: 87 18 W
[TEMPERATURE DATA] [PRECIPITATION DATA] SYMBOLS USED IN COLUMN 16
AVERAGE MONTHLY: 61.4 TOTAL FOR MONTH: 4.68 1 = FOG OR MIST
DPTR FM NORMAL: -2.6 DPTR FM NORMAL: -0.03 2 = FOG REDUCING VISIBILITY
HIGHEST: 87 ON 25,24 GRTST 24HR 2.72 ON 17-17 TO 1/4 MILE OR LESS
LOWEST: 31 ON 8 3 = THUNDER
SNOW, ICE PELLETS, HAIL 4 = ICE PELLETS
TOTAL MONTH: M 5 = HAIL
GRTST 24HR M ON M 6 = FREEZING RAIN OR DRIZZLE
GRTST DEPTH: M ON M 7 = DUSTSTORM OR SANDSTORM:
VSBY 1/2 MILE OR LESS
8 = SMOKE OR HAZE
[NO. OF DAYS WITH] [WEATHER - DAYS WITH] 9 = BLOWING SNOW
X = TORNADO
MAX 32 OR BELOW: 0 0.01 INCH OR MORE: 14
MAX 90 OR ABOVE: 0 0.10 INCH OR MORE: 6
MIN 32 OR BELOW: 1 0.50 INCH OR MORE: 2
MIN 0 OR BELOW: 0 1.00 INCH OR MORE: 1
[HDD (BASE 65) ]
TOTAL THIS MO. 189 CLEAR (SCALE 0-3) 17
DPTR FM NORMAL 67 PTCLDY (SCALE 4-7) 8
TOTAL FM JUL 1 5007 CLOUDY (SCALE 8-10) 6
DPTR FM NORMAL -217
[CDD (BASE 65) ]
TOTAL THIS MO. 87
DPTR FM NORMAL -4 [PRESSURE DATA]
TOTAL FM JAN 1 102 HIGHEST SLP M ON M
DPTR FM NORMAL -6 LOWEST SLP 29.57 ON 9
[REMARKS]
#FINAL-05-21#