000
CXUS52 KMFL 011130
CF6HWO
PRELIMINARY LOCAL CLIMATOLOGICAL DATA (WS FORM: F-6)
STATION: NORTH PERRY ARPT
MONTH: FEBRUARY
YEAR: 2022
LATITUDE: 26 0 N
LONGITUDE: 80 14 W
TEMPERATURE IN F: :PCPN: SNOW: WIND :SUNSHINE: SKY :PK WND
================================================================================
1 2 3 4 5 6A 6B 7 8 9 10 11 12 13 14 15 16 17 18
12Z AVG MX 2MIN
DY MAX MIN AVG DEP HDD CDD WTR SNW DPTH SPD SPD DIR MIN PSBL S-S WX SPD DR
================================================================================
1 76 53 65 -4 0 0 0.00 M M 10.7 21 70 M M 4 28 100
2 78 66 72 3 0 7 0.00 0.0 0 13.9 22 90 M M 2 28 130
3 80 69 75 6 0 10 0.00 M M 12.6 20 130 M M 2 24 120
4 81 68 75 6 0 10 0.00 M M 8.8 17 140 M M 3 22 130
5 81 63 72 3 0 7 0.00 M M 4.7 14 110 M M 3 17 110
6 81 66 74 5 0 9 0.21 M M 5.2 13 130 M M 6 1 15 120
7 81 64 73 4 0 8 0.00 M M 4.4 14 160 M M 4 12 19 140
8 81 65 73 3 0 8 0.15 M M 6.5 13 340 M M 7 1 18 350
9 65 60 63 -7 2 0 0.26 M M 8.1 17 320 M M 8 1 21 320
10 78 55 67 -3 0 2 0.00 M M 6.8 15 70 M M 0 20 30
11 80 60 70 0 0 5 0.01 0.0 0 5.2 15 80 M M 4 19 80
12 82 64 73 3 0 8 0.00 0.0 0 5.9 14 100 M M 2 18 70
13 75 61 68 -2 0 3 0.73 0.0 M 7.5 26 300 M M 5 13 31 290
14 72 52 62 -8 3 0 0.00 0.0 0 13.0 22 30 M M 2 26 10
15 75 55 65 -5 0 0 T 0.0 0 14.7 26 80 M M 6 34 70
16 80 70 75 5 0 10 0.16 0.0 0 15.0 24 80 M M 9 31 100
17 81 71 76 6 0 11 0.01 0.0 0 12.7 22 110 M M 9 28 110
18 85 68 77 6 0 12 0.00 0.0 0 6.8 15 130 M M 5 19 150
19 86 68 77 6 0 12 0.47 0.0 0 6.3 17 10 M M 8 1 22 20
20 78 67 73 2 0 8 0.00 0.0 0 11.0 22 50 M M 8 26 70
21 79 68 74 3 0 9 T M M 8.3 17 70 M M 5 24 70
22 82 71 77 6 0 12 T M M 11.9 22 90 M M 7 26 80
23 82 70 76 5 0 11 0.00 0.0 0 9.2 17 90 M M 3 24 80
24 82 66 74 3 0 9 0.00 0.0 0 7.9 16 120 M M 3 23 100
25 82 70 76 5 0 11 0.00 0.0 0 8.3 18 90 M M 4 23 90
26 81 66 74 3 0 9 0.00 M M 7.8 16 120 M M 3 22 110
27 83 68 76 5 0 11 0.43 0.0 0 6.6 16 120 M M 6 1 20 100
28 83 69 76 4 0 11 T 0.0 0 6.3 16 290 M M 6 23 280
================================================================================
SM 2230 1813 5 213 2.43 0.0 246.1 M 134
================================================================================
AV 79.6 64.8 8.8 FASTST M M 5 MAX(MPH)
MISC ----> # 26 300 34 70
================================================================================
NOTES:
# LAST OF SEVERAL OCCURRENCES
COLUMN 17 PEAK WIND IN M.P.H.
PRELIMINARY LOCAL CLIMATOLOGICAL DATA (WS FORM: F-6) , PAGE 2
STATION: NORTH PERRY ARPT
MONTH: FEBRUARY
YEAR: 2022
LATITUDE: 26 0 N
LONGITUDE: 80 14 W
[TEMPERATURE DATA] [PRECIPITATION DATA] SYMBOLS USED IN COLUMN 16
AVERAGE MONTHLY: 72.2 TOTAL FOR MONTH: 2.43 1 = FOG OR MIST
DPTR FM NORMAL: 2.0 DPTR FM NORMAL: -0.40 2 = FOG REDUCING VISIBILITY
HIGHEST: 86 ON 19 GRTST 24HR 0.73 ON 13-13 TO 1/4 MILE OR LESS
LOWEST: 52 ON 14 3 = THUNDER
SNOW, ICE PELLETS, HAIL 4 = ICE PELLETS
TOTAL MONTH: 0.0 INCH 5 = HAIL
GRTST 24HR 0.0 6 = FREEZING RAIN OR DRIZZLE
GRTST DEPTH: 0 7 = DUSTSTORM OR SANDSTORM:
VSBY 1/2 MILE OR LESS
8 = SMOKE OR HAZE
[NO. OF DAYS WITH] [WEATHER - DAYS WITH] 9 = BLOWING SNOW
X = TORNADO
MAX 32 OR BELOW: 0 0.01 INCH OR MORE: 9
MAX 90 OR ABOVE: 0 0.10 INCH OR MORE: 7
MIN 32 OR BELOW: 0 0.50 INCH OR MORE: 1
MIN 0 OR BELOW: 0 1.00 INCH OR MORE: 0
[HDD (BASE 65) ]
TOTAL THIS MO. 5 CLEAR (SCALE 0-3) 8
DPTR FM NORMAL -20 PTCLDY (SCALE 4-7) 17
TOTAL FM JUL 1 73 CLOUDY (SCALE 8-10) 3
DPTR FM NORMAL -39
[CDD (BASE 65) ]
TOTAL THIS MO. 213
DPTR FM NORMAL 42 [PRESSURE DATA]
TOTAL FM JAN 1 363 HIGHEST SLP 30.38 ON 15
DPTR FM NORMAL 45 LOWEST SLP 29.95 ON 28
[REMARKS]
#FINAL-02-22#