000
CXUS54 KEWX 011110
CF6HYI
PRELIMINARY LOCAL CLIMATOLOGICAL DATA (WS FORM: F-6)
STATION: SAN MARCOS
MONTH: FEBRUARY
YEAR: 2024
LATITUDE: 29 53 N
LONGITUDE: 97 52 W
TEMPERATURE IN F: :PCPN: SNOW: WIND :SUNSHINE: SKY :PK WND
================================================================================
1 2 3 4 5 6A 6B 7 8 9 10 11 12 13 14 15 16 17 18
12Z AVG MX 2MIN
DY MAX MIN AVG DEP HDD CDD WTR SNW DPTH SPD SPD DIR MIN PSBL S-S WX SPD DR
================================================================================
1 73 41 57 M 8 0 0.00 M M 6.9 15 180 M M 2 17 200
2 68 58 63 M 2 0 0.65 M M 11.1 25 310 M M 10 13 37 270
3 72 47 60 M 5 0 0.19 M M 7.7 17 70 M M 4 13 M M
4 68 44 56 M 9 0 0.00 M M 14.0 30 320 M M 1 39 310
5 65 46 56 M 9 0 0.00 M M 14.4 23 360 M M 3 31 330
6 70 41 56 M 9 0 0.00 M M 5.1 9 340 M M 0 M M
7 71 39 55 M 10 0 0.00 M M 9.5 21 160 M M 3 25 180
8 74 57 66 M 0 1 0.00 M M 4.5 9 320 M M 7 M M
9 77 60 69 M 0 4 0.00 M M 8.3 14 190 M M 6 18 M M
10 67 60 64 M 1 0 0.43 M M 7.7 15 310 M M 10 1 21 320
11 62 47 55 M 10 0 0.01 M M 12.9 24 320 M M 6 1 30 320
12 62 39 51 M 14 0 0.00 M M 13.9 23 340 M M 3 37 310
13 68 34 51 M 14 0 0.00 M M 6.8 12 190 M M 0 20 160
14 68 37 53 M 12 0 0.00 M M 5.3 13 130 M M 6 M M
15 70 58 64 M 1 0 0.00 M M 3.5 9 160 M M 8 M M
16 75 53 64 M 1 0 0.00 M M 11.7 21 10 M M 6 27 10
17 53 35 44 M 21 0 0.00 M M 18.9 25 10 M M 2 36 360
18 55 29 42 M 23 0 0.00 M M 6.7 13 10 M M 1 M M
19 68 31 50 M 15 0 0.00 M M 7.3 17 230 M M 0 23 200
20 80 39 60 M 5 0 0.00 M M 8.2 15 180 M M 1 12 M M
21 79 53 66 M 0 1 0.00 M M 12.4 21 160 M M 7 1 24 170
22 89 59 74 M 0 9 0.00 M M 11.4 22 190 M M 5 18 28 190
23 77 49 63 M 2 0 0.00 M M 10.4 21 40 M M 0 25 40
24 80 43 62 M 3 0 0.00 M M 6.7 13 160 M M 0 17 160
25 84 51 68 M 0 3 0.00 M M 10.4 23 210 M M 1 28 210
26 81 57 69 M 0 4 0.00 M M 9.3 14 190 M M 4 12 M M
27 82 66 74 M 0 9 0.00 M M 9.1 16 180 M M 6 18 M M
28 68 31 50 M 15 0 0.00 M M 16.0 31 10 M M 0 1 38 10
29 49 43 46 M 19 0 0.05 M M 9.7 15 40 M M 8 1 23 20
================================================================================
SM 2055 1347 208 31 1.33 M 279.8 M 110
================================================================================
AV 70.9 46.4 9.6 FASTST M M 4 MAX(MPH)
MISC ----> 31 10 39 310
================================================================================
NOTES:
# LAST OF SEVERAL OCCURRENCES
COLUMN 17 PEAK WIND IN M.P.H.
PRELIMINARY LOCAL CLIMATOLOGICAL DATA (WS FORM: F-6) , PAGE 2
STATION: SAN MARCOS
MONTH: FEBRUARY
YEAR: 2024
LATITUDE: 29 53 N
LONGITUDE: 97 52 W
[TEMPERATURE DATA] [PRECIPITATION DATA] SYMBOLS USED IN COLUMN 16
AVERAGE MONTHLY: 58.7 TOTAL FOR MONTH: 1.33 1 = FOG OR MIST
DPTR FM NORMAL: 0.0 DPTR FM NORMAL: M 2 = FOG REDUCING VISIBILITY
HIGHEST: 89 ON 22 GRTST 24HR 0.84 ON 2- 3 TO 1/4 MILE OR LESS
LOWEST: 29 ON 18 3 = THUNDER
SNOW, ICE PELLETS, HAIL 4 = ICE PELLETS
TOTAL MONTH: M 5 = HAIL
GRTST 24HR M ON M 6 = FREEZING RAIN OR DRIZZLE
GRTST DEPTH: M ON M 7 = DUSTSTORM OR SANDSTORM:
VSBY 1/2 MILE OR LESS
8 = SMOKE OR HAZE
[NO. OF DAYS WITH] [WEATHER - DAYS WITH] 9 = BLOWING SNOW
X = TORNADO
MAX 32 OR BELOW: 0 0.01 INCH OR MORE: 5
MAX 90 OR ABOVE: 0 0.10 INCH OR MORE: 3
MIN 32 OR BELOW: 3 0.50 INCH OR MORE: 1
MIN 0 OR BELOW: 0 1.00 INCH OR MORE: 0
[HDD (BASE 65) ]
TOTAL THIS MO. 208 CLEAR (SCALE 0-3) 14
DPTR FM NORMAL M PTCLDY (SCALE 4-7) 12
TOTAL FM JUL 1 1276 CLOUDY (SCALE 8-10) 3
DPTR FM NORMAL M
[CDD (BASE 65) ]
TOTAL THIS MO. 31
DPTR FM NORMAL M [PRESSURE DATA]
TOTAL FM JAN 1 31 HIGHEST SLP 30.36 ON 28
DPTR FM NORMAL M LOWEST SLP 30.34 ON 28
[REMARKS]
#FINAL-02-24#