000
CXUS54 KHGX 011410
CF6IAH
PRELIMINARY LOCAL CLIMATOLOGICAL DATA (WS FORM: F-6)
STATION: HOUSTON INTERCONTINENTAL
MONTH: JUNE
YEAR: 2022
LATITUDE: 29 58 N
LONGITUDE: 95 21 W
TEMPERATURE IN F: :PCPN: SNOW: WIND :SUNSHINE: SKY :PK WND
================================================================================
1 2 3 4 5 6A 6B 7 8 9 10 11 12 13 14 15 16 17 18
12Z AVG MX 2MIN
DY MAX MIN AVG DEP HDD CDD WTR SNW DPTH SPD SPD DIR MIN PSBL S-S WX SPD DR
================================================================================
1 92 75 84 3 0 19 0.00 0.0 0 8.8 21 140 M M 6 26 140
2 95 73 84 3 0 19 0.01 0.0 0 5.8 22 330 M M 6 3 27 330
3 90 70 80 -2 0 15 0.00 0.0 0 7.7 16 20 M M 4 21 360
4 91 73 82 0 0 17 T 0.0 0 4.3 12 260 M M 7 3 15 130
5 94 72 83 1 0 18 0.00 0.0 0 7.3 21 140 M M 4 27 130
6 93 78 86 4 0 21 0.00 0.0 0 11.4 24 150 M M 5 33 140
7 96 78 87 5 0 22 0.00 0.0 0 10.5 23 140 M M 5 29 130
8 97 79 88 6 0 23 0.00 0.0 0 8.8 18 120 M M 6 27 220
9 97 75 86 4 0 21 0.00 0.0 0 5.6 16 120 M M 4 22 110
10 99 79 89 6 0 24 0.00 0.0 0 7.1 15 190 M M 3 22 170
11 98 80 89 6 0 24 0.00 0.0 0 7.4 14 200 M M 7 24 210
12 99 80 90 7 0 25 0.00 0.0 0 8.9 16 170 M M 5 26 200
13 99 80 90 7 0 25 0.00 0.0 0 11.0 20 160 M M 5 18 26 170
14 96 81 89 6 0 24 0.00 0.0 0 11.3 22 160 M M 7 8 29 170
15 98 81 90 7 0 25 0.00 0.0 0 9.8 21 150 M M 6 27 150
16 99 75 87 4 0 22 0.00 0.0 0 4.6 14 130 M M 3 18 18 130
17 97 77 87 4 0 22 0.00 0.0 0 5.8 17 140 M M 3 1 22 130
18 99 76 88 5 0 23 0.00 0.0 0 2.9 12 150 M M 4 17 130
19 100 77 89 5 0 24 0.00 0.0 0 4.7 15 150 M M 1 22 130
20 102 77 90 6 0 25 0.00 0.0 0 6.1 22 140 M M 3 27 140
21 98 76 87 3 0 22 0.00 0.0 0 7.0 22 140 M M 4 28 140
22 98 76 87 3 0 22 0.07 0.0 0 3.2 20 150 M M 4 3 25 150
23 101 77 89 5 0 24 0.00 0.0 0 5.6 17 150 M M 3 21 150
24 99 79 89 5 0 24 0.00 0.0 0 7.4 18 140 M M 2 24 130
25 101 72 87 3 0 22 0.00 0.0 0 6.6 20 140 M M 2 24 150
26 102 75 89 5 0 24 0.00 0.0 0 4.5 13 140 M M 3 16 150
27 99 77 88 4 0 23 0.04 0.0 0 4.5 22 50 M M 7 3 28 110
28 97 76 87 3 0 22 T 0.0 0 8.0 18 60 M M 7 25 50
29 98 75 87 3 0 22 0.01 0.0 0 8.3 21 100 M M 7 26 100
30 82 75 79 -5 0 14 T 0.0 0 9.6 22 100 M M 7 26 110
================================================================================
SM 2906 2294 0 657 0.13 0.0 214.5 M 140
================================================================================
AV 96.9 76.5 7.2 FASTST M M 5 MAX(MPH)
MISC ----> 24 150 33 140
================================================================================
NOTES:
# LAST OF SEVERAL OCCURRENCES
COLUMN 17 PEAK WIND IN M.P.H.
PRELIMINARY LOCAL CLIMATOLOGICAL DATA (WS FORM: F-6) , PAGE 2
STATION: HOUSTON INTERCONTINENTAL
MONTH: JUNE
YEAR: 2022
LATITUDE: 29 58 N
LONGITUDE: 95 21 W
[TEMPERATURE DATA] [PRECIPITATION DATA] SYMBOLS USED IN COLUMN 16
AVERAGE MONTHLY: 86.7 TOTAL FOR MONTH: 0.13 1 = FOG OR MIST
DPTR FM NORMAL: 3.7 DPTR FM NORMAL: -5.87 2 = FOG REDUCING VISIBILITY
HIGHEST: 102 ON 26,20 GRTST 24HR 0.07 ON 22-22 TO 1/4 MILE OR LESS
LOWEST: 70 ON 3 3 = THUNDER
SNOW, ICE PELLETS, HAIL 4 = ICE PELLETS
TOTAL MONTH: 0.0 INCH 5 = HAIL
GRTST 24HR 0.0 6 = FREEZING RAIN OR DRIZZLE
GRTST DEPTH: 0 7 = DUSTSTORM OR SANDSTORM:
VSBY 1/2 MILE OR LESS
8 = SMOKE OR HAZE
[NO. OF DAYS WITH] [WEATHER - DAYS WITH] 9 = BLOWING SNOW
X = TORNADO
MAX 32 OR BELOW: 0 0.01 INCH OR MORE: 4
MAX 90 OR ABOVE: 29 0.10 INCH OR MORE: 0
MIN 32 OR BELOW: 0 0.50 INCH OR MORE: 0
MIN 0 OR BELOW: 0 1.00 INCH OR MORE: 0
[HDD (BASE 65) ]
TOTAL THIS MO. 0 CLEAR (SCALE 0-3) 6
DPTR FM NORMAL 0 PTCLDY (SCALE 4-7) 24
TOTAL FM JUL 1 1129 CLOUDY (SCALE 8-10) 0
DPTR FM NORMAL -136
[CDD (BASE 65) ]
TOTAL THIS MO. 657
DPTR FM NORMAL 117 [PRESSURE DATA]
TOTAL FM JAN 1 1494 HIGHEST SLP 30.14 ON 22
DPTR FM NORMAL 257 LOWEST SLP 29.70 ON 5
[REMARKS]
#FINAL-06-22#