000
CXUS53 KUNR 011030
CF6ICR
PRELIMINARY LOCAL CLIMATOLOGICAL DATA (WS FORM: F-6)
STATION: WINNER REGIONAL AIRPORT SD
MONTH: FEBRUARY
YEAR: 2022
LATITUDE: 43 23 N
LONGITUDE: 99 50 W
TEMPERATURE IN F: :PCPN: SNOW: WIND :SUNSHINE: SKY :PK WND
================================================================================
1 2 3 4 5 6A 6B 7 8 9 10 11 12 13 14 15 16 17 18
12Z AVG MX 2MIN
DY MAX MIN AVG DEP HDD CDD WTR SNW DPTH SPD SPD DIR MIN PSBL S-S WX SPD DR
================================================================================
1 40 2 21 -4 44 0 T M M 20.1 37 300 M M 0 47 310
2 12 -7 3 -22 62 0 T M M 6.9 15 350 M M 4 22 30
3 27 -2 13 -12 52 0 0.00 M M 11.8 23 170 M M 2 30 180
4 24 12 18 -8 47 0 T M M 12.3 23 190 M M 4 32 190
5 58 23 41 15 24 0 T M M 12.8 25 190 M M 4 35 200
6 46 28 37 11 28 0 0.00 M M 13.2 33 310 M M 7 44 320
7 62 34 48 22 17 0 0.00 M M 12.6 24 300 M M 2 31 290
8 58 38 48 22 17 0 0.00 M M 19.0 41 310 M M 2 58 290
9 47 24 36 10 29 0 0.00 M M 15.3 28 320 M M 4 34 310
10 64 24 44 18 21 0 0.05 M M 16.0 32 260 M M 5 16 46 280
11 41 10 26 -1 39 0 0.01 M M 19.6 35 330 M M 7 18 44 320
12 38 10 24 -3 41 0 0.00 M M 9.7 26 320 M M 8 34 320
13 55 1 28 1 37 0 0.00 M M 12.0 26 290 M M 3 34 290
14 41 16 29 2 36 0 0.00 M M 11.3 28 130 M M 0 36 120
15 58 25 42 14 23 0 0.00 M M 14.6 28 170 M M 0 43 160
16 31 15 23 -5 42 0 0.00 M M 14.3 22 360 M M 8 31 340
17 43 -1 21 -7 44 0 0.00 M M 9.6 21 240 M M 0 26 250
18 57 18 38 10 27 0 T M M 18.2 35 310 M M 5 50 290
19 60 10 35 6 30 0 0.00 M M 17.1 38 200 M M 2 49 200
20 56 17 37 8 28 0 0.00 M M 14.6 25 50 M M 1 32 50
21 17 -5 6 -23 59 0 T M M 19.6 30 330 M M 10 8 39 340
22 0 -13 -6 -36 71 0 T M M 20.2 31 320 M M 8 89 41 320
23 4 -15 -5 -35 70 0 0.00 M M 4.9 12 280 M M 5 16 280
24 7 -11 -2 -32 67 0 T M M 6.1 10 130 M M 6 8 13 80
25 29 -12 9 -22 56 0 0.00 M M 6.1 16 260 M M 0 20 260
26 39 13 26 -5 39 0 0.00 M M 10.5 22 310 M M 0 26 310
27 58 22 40 8 25 0 0.00 M M 9.4 20 290 M M 0 26 310
28 68 36 52 20 13 0 0.00 M M 11.4 26 260 M M 0 33 250
================================================================================
SM 1140 312 1088 0 0.06 M 369.2 M 97
================================================================================
AV 40.7 11.1 13.2 FASTST M M 3 MAX(MPH)
MISC ----> 41 310 58 290
================================================================================
NOTES:
# LAST OF SEVERAL OCCURRENCES
COLUMN 17 PEAK WIND IN M.P.H.
PRELIMINARY LOCAL CLIMATOLOGICAL DATA (WS FORM: F-6) , PAGE 2
STATION: WINNER REGIONAL AIRPORT SD
MONTH: FEBRUARY
YEAR: 2022
LATITUDE: 43 23 N
LONGITUDE: 99 50 W
[TEMPERATURE DATA] [PRECIPITATION DATA] SYMBOLS USED IN COLUMN 16
AVERAGE MONTHLY: 25.9 TOTAL FOR MONTH: 0.06 1 = FOG OR MIST
DPTR FM NORMAL: -2.0 DPTR FM NORMAL: -0.24 2 = FOG REDUCING VISIBILITY
HIGHEST: 68 ON 28 GRTST 24HR 0.06 ON 10-11 TO 1/4 MILE OR LESS
LOWEST: -15 ON 23 3 = THUNDER
SNOW, ICE PELLETS, HAIL 4 = ICE PELLETS
TOTAL MONTH: M 5 = HAIL
GRTST 24HR M ON M 6 = FREEZING RAIN OR DRIZZLE
GRTST DEPTH: M ON M 7 = DUSTSTORM OR SANDSTORM:
VSBY 1/2 MILE OR LESS
8 = SMOKE OR HAZE
[NO. OF DAYS WITH] [WEATHER - DAYS WITH] 9 = BLOWING SNOW
X = TORNADO
MAX 32 OR BELOW: 9 0.01 INCH OR MORE: 2
MAX 90 OR ABOVE: 0 0.10 INCH OR MORE: 0
MIN 32 OR BELOW: 25 0.50 INCH OR MORE: 0
MIN 0 OR BELOW: 8 1.00 INCH OR MORE: 0
[HDD (BASE 65) ]
TOTAL THIS MO. 1088 CLEAR (SCALE 0-3) 14
DPTR FM NORMAL 49 PTCLDY (SCALE 4-7) 10
TOTAL FM JUL 1 4410 CLOUDY (SCALE 8-10) 4
DPTR FM NORMAL -396
[CDD (BASE 65) ]
TOTAL THIS MO. 0
DPTR FM NORMAL 0 [PRESSURE DATA]
TOTAL FM JAN 1 0 HIGHEST SLP 30.85 ON 23
DPTR FM NORMAL 0 LOWEST SLP 29.54 ON 20
[REMARKS]
#FINAL-02-22#