000
CXUS53 KUNR 010930
CF6ICR
PRELIMINARY LOCAL CLIMATOLOGICAL DATA (WS FORM: F-6)
STATION: WINNER REGIONAL AIRPORT SD
MONTH: JULY
YEAR: 2021
LATITUDE: 43 23 N
LONGITUDE: 99 50 W
TEMPERATURE IN F: :PCPN: SNOW: WIND :SUNSHINE: SKY :PK WND
================================================================================
1 2 3 4 5 6A 6B 7 8 9 10 11 12 13 14 15 16 17 18
12Z AVG MX 2MIN
DY MAX MIN AVG DEP HDD CDD WTR SNW DPTH SPD SPD DIR MIN PSBL S-S WX SPD DR
================================================================================
1 92 64 78 3 0 13 0.00 M M 8.6 17 150 M M 1 22 160
2 92 65 79 4 0 14 0.00 M M 13.1 22 180 M M 0 30 170
3 98 68 83 8 0 18 0.00 M M 17.6 31 200 M M 0 43 200
4 103 69 86 10 0 21 0.00 M M 7.8 17 210 M M 0 25 210
5 101 69 85 9 0 20 0.05 M M 10.4 32 40 M M 1 3 45 40
6 77 64 71 -5 0 6 0.24 M M 9.0 17 30 M M 7 138 22 30
7 79 64 72 -4 0 7 0.00 M M 9.1 17 110 M M 7 138 23 110
8 91 65 78 2 0 13 0.50 M M 14.3 31 190 M M 2 13 45 180
9 85 65 75 -1 0 10 0.08 M M 8.1 23 130 M M 6 138 30 140
10 82 63 73 -4 0 8 0.18 M M 11.0 23 30 M M 6 1 30 20
11 85 56 71 -6 0 6 0.00 M M 6.0 14 140 M M 0 1 19 130
12 94 63 79 2 0 14 0.00 M M 11.3 18 170 M M 0 25 170
13 88 62 75 -2 0 10 0.12 M M 8.0 18 120 M M 2 3 23 120
14 81 64 73 -4 0 8 0.68 M M 7.9 26 90 M M 5 13 35 90
15 84 57 71 -6 0 6 0.00 M M 7.3 17 130 M M 1 18 23 130
16 87 66 77 -1 0 12 0.00 M M 13.7 21 160 M M 1 3 30 190
17 89 64 77 -1 0 12 0.00 M M 8.9 18 150 M M 0 3 24 140
18 89 71 80 2 0 15 0.00 M M 12.2 18 140 M M 2 1 27 110
19 90 67 79 1 0 14 0.00 M M 10.4 17 120 M M 1 24 160
20 90 65 78 0 0 13 0.00 M M 12.1 21 170 M M 0 27 180
21 94 68 81 3 0 16 T M M 19.9 29 180 M M 0 41 180
22 99 73 86 8 0 21 0.00 M M 15.6 25 200 M M 0 33 200
23 98 72 85 7 0 20 T M M 8.5 21 340 M M 1 28 340
24 97 65 81 3 0 16 0.00 M M 7.2 15 330 M M 0 19 340
25 98 65 82 4 0 17 T M M 15.2 29 190 M M 1 38 190
26 98 71 85 7 0 20 0.00 M M 16.8 25 180 M M 0 35 150
27 106 73 90 12 0 25 0.00 M M 13.1 22 200 M M 0 31 180
28 107 77 92 14 0 27 0.00 M M 12.8 23 50 M M 0 33 200
29 88 64 76 -2 0 11 0.00 M M 10.6 18 40 M M 5 8 24 30
30 71 61 66 -12 0 1 0.14 M M 9.9 21 120 M M 10 1238 28 120
31 90 58 74 -3 0 9 0.00 M M 7.0 18 10 M M 5 128 26 360
================================================================================
SM 2823 2038 0 423 1.99 M 343.4 M 64
================================================================================
AV 91.1 65.7 11.1 FASTST M M 2 MAX(MPH)
MISC ----> 32 40 # 45 40
================================================================================
NOTES:
# LAST OF SEVERAL OCCURRENCES
COLUMN 17 PEAK WIND IN M.P.H.
PRELIMINARY LOCAL CLIMATOLOGICAL DATA (WS FORM: F-6) , PAGE 2
STATION: WINNER REGIONAL AIRPORT SD
MONTH: JULY
YEAR: 2021
LATITUDE: 43 23 N
LONGITUDE: 99 50 W
[TEMPERATURE DATA] [PRECIPITATION DATA] SYMBOLS USED IN COLUMN 16
AVERAGE MONTHLY: 78.4 TOTAL FOR MONTH: 1.99 1 = FOG OR MIST
DPTR FM NORMAL: 1.4 DPTR FM NORMAL: -0.37 2 = FOG REDUCING VISIBILITY
HIGHEST: 107 ON 28 GRTST 24HR 0.80 ON 13-14 TO 1/4 MILE OR LESS
LOWEST: 56 ON 11 3 = THUNDER
SNOW, ICE PELLETS, HAIL 4 = ICE PELLETS
TOTAL MONTH: M 5 = HAIL
GRTST 24HR M ON M 6 = FREEZING RAIN OR DRIZZLE
GRTST DEPTH: M ON M 7 = DUSTSTORM OR SANDSTORM:
VSBY 1/2 MILE OR LESS
8 = SMOKE OR HAZE
[NO. OF DAYS WITH] [WEATHER - DAYS WITH] 9 = BLOWING SNOW
X = TORNADO
MAX 32 OR BELOW: 0 0.01 INCH OR MORE: 8
MAX 90 OR ABOVE: 18 0.10 INCH OR MORE: 6
MIN 32 OR BELOW: 0 0.50 INCH OR MORE: 2
MIN 0 OR BELOW: 0 1.00 INCH OR MORE: 0
[HDD (BASE 65) ]
TOTAL THIS MO. 0 CLEAR (SCALE 0-3) 23
DPTR FM NORMAL -3 PTCLDY (SCALE 4-7) 7
TOTAL FM JUL 1 0 CLOUDY (SCALE 8-10) 1
DPTR FM NORMAL 0
[CDD (BASE 65) ]
TOTAL THIS MO. 423
DPTR FM NORMAL 50 [PRESSURE DATA]
TOTAL FM JAN 1 767 HIGHEST SLP 30.22 ON 31
DPTR FM NORMAL 164 LOWEST SLP 29.73 ON 9
[REMARKS]
#FINAL-07-21#