000
CXUS53 KUNR 010930
CF6ICR
PRELIMINARY LOCAL CLIMATOLOGICAL DATA (WS FORM: F-6)
STATION: WINNER REGIONAL AIRPORT SD
MONTH: MARCH
YEAR: 2021
LATITUDE: 43 23 N
LONGITUDE: 99 50 W
TEMPERATURE IN F: :PCPN: SNOW: WIND :SUNSHINE: SKY :PK WND
================================================================================
1 2 3 4 5 6A 6B 7 8 9 10 11 12 13 14 15 16 17 18
12Z AVG MX 2MIN
DY MAX MIN AVG DEP HDD CDD WTR SNW DPTH SPD SPD DIR MIN PSBL S-S WX SPD DR
================================================================================
1 46 16 31 0 34 0 0.00 M M 10.9 21 190 M M 2 12 28 190
2 59 39 49 17 16 0 0.00 M M 15.0 26 200 M M 0 35 200
3 65 31 48 16 17 0 0.00 M M 5.7 12 220 M M 0 16 220
4 68 27 48 16 17 0 0.00 M M 6.6 15 110 M M 0 26 110
5 68 34 51 18 14 0 0.00 M M 6.8 15 120 M M 0 1 18 120
6 76 29 53 20 12 0 0.00 M M 14.9 29 180 M M 0 18 39 180
7 69 42 56 23 9 0 0.00 M M 14.1 30 180 M M 0 43 170
8 72 36 54 20 11 0 0.00 M M 15.9 29 150 M M 0 41 130
9 77 44 61 27 4 0 0.00 M M 16.0 22 300 M M 0 38 180
10 44 30 37 3 28 0 0.13 M M 17.9 31 330 M M 10 12 42 320
11 45 24 35 0 30 0 T M M 7.8 15 290 M M 2 1 21 290
12 58 27 43 8 22 0 0.00 M M 8.3 17 120 M M 2 22 130
13 53 33 43 7 22 0 T M M 8.3 16 60 M M 7 8 20 70
14 44 32 38 2 27 0 0.61 M M 21.4 33 80 M M 10 12 45 80
15 37 30 34 -2 31 0 0.05 M M 8.5 25 80 M M 9 12 32 70
16 35 32 34 -3 31 0 0.08 M M 6.4 13 320 M M 10 128 17 310
17 38 30 34 -3 31 0 0.01 M M 10.3 21 330 M M 10 18 25 320
18 43 29 36 -2 29 0 0.00 M M 6.5 14 40 M M 7 1 16 10
19 59 27 43 5 22 0 0.00 M M 20.2 30 180 M M 0 42 180
20 69 44 57 19 8 0 0.00 M M 29.1 37 180 M M 0 52 170
21 58 39 49 10 16 0 0.00 M M 16.6 33 320 M M 1 44 320
22 59 29 44 5 21 0 0.00 M M 7.1 20 110 M M 0 25 90
23 43 36 40 1 25 0 0.20 M M 14.3 29 30 M M 9 1 39 360
24 50 33 42 2 23 0 0.00 M M 12.4 25 330 M M 5 35 340
25 59 33 46 6 19 0 0.00 M M 16.5 26 180 M M 1 35 150
26 58 40 49 9 16 0 T M M 13.0 30 190 M M 8 38 150
27 50 30 40 -1 25 0 0.15 M M 14.1 41 310 M M 7 1 50 320
28 73 25 49 8 16 0 0.00 M M 10.6 24 250 M M 0 33 200
29 82 42 62 20 3 0 T M M 27.1 43 310 M M 1 61 320
30 46 21 34 -8 31 0 T M M 21.1 39 310 M M 1 48 310
31 48 18 33 -9 32 0 0.00 M M 13.0 25 330 M M 2 37 340
================================================================================
SM 1751 982 642 0 1.23 M 416.4 M 104
================================================================================
AV 56.5 31.7 13.4 FASTST M M 3 MAX(MPH)
MISC ----> 43 310 61 320
================================================================================
NOTES:
# LAST OF SEVERAL OCCURRENCES
COLUMN 17 PEAK WIND IN M.P.H.
PRELIMINARY LOCAL CLIMATOLOGICAL DATA (WS FORM: F-6) , PAGE 2
STATION: WINNER REGIONAL AIRPORT SD
MONTH: MARCH
YEAR: 2021
LATITUDE: 43 23 N
LONGITUDE: 99 50 W
[TEMPERATURE DATA] [PRECIPITATION DATA] SYMBOLS USED IN COLUMN 16
AVERAGE MONTHLY: 44.1 TOTAL FOR MONTH: 1.23 1 = FOG OR MIST
DPTR FM NORMAL: 7.4 DPTR FM NORMAL: -0.15 2 = FOG REDUCING VISIBILITY
HIGHEST: 82 ON 29 GRTST 24HR 0.65 ON 14-15 TO 1/4 MILE OR LESS
LOWEST: 16 ON 1 3 = THUNDER
SNOW, ICE PELLETS, HAIL 4 = ICE PELLETS
TOTAL MONTH: M 5 = HAIL
GRTST 24HR M ON M 6 = FREEZING RAIN OR DRIZZLE
GRTST DEPTH: M ON M 7 = DUSTSTORM OR SANDSTORM:
VSBY 1/2 MILE OR LESS
8 = SMOKE OR HAZE
[NO. OF DAYS WITH] [WEATHER - DAYS WITH] 9 = BLOWING SNOW
X = TORNADO
MAX 32 OR BELOW: 0 0.01 INCH OR MORE: 7
MAX 90 OR ABOVE: 0 0.10 INCH OR MORE: 4
MIN 32 OR BELOW: 18 0.50 INCH OR MORE: 1
MIN 0 OR BELOW: 0 1.00 INCH OR MORE: 0
[HDD (BASE 65) ]
TOTAL THIS MO. 642 CLEAR (SCALE 0-3) 20
DPTR FM NORMAL -234 PTCLDY (SCALE 4-7) 4
TOTAL FM JUL 1 5324 CLOUDY (SCALE 8-10) 7
DPTR FM NORMAL -560
[CDD (BASE 65) ]
TOTAL THIS MO. 0
DPTR FM NORMAL 0 [PRESSURE DATA]
TOTAL FM JAN 1 0 HIGHEST SLP 30.51 ON 31
DPTR FM NORMAL 0 LOWEST SLP 29.26 ON 29
[REMARKS]
#FINAL-03-21#