144
CXUS53 KUNR 011711
CF6ICR
PRELIMINARY LOCAL CLIMATOLOGICAL DATA (WS FORM: F-6)
STATION: WINNER REGIONAL AIRPORT SD
MONTH: FEBRUARY
YEAR: 2021
LATITUDE: 43 23 N
LONGITUDE: 99 50 W
TEMPERATURE IN F: :PCPN: SNOW: WIND :SUNSHINE: SKY :PK WND
================================================================================
1 2 3 4 5 6A 6B 7 8 9 10 11 12 13 14 15 16 17 18
12Z AVG MX 2MIN
DY MAX MIN AVG DEP HDD CDD WTR SNW DPTH SPD SPD DIR MIN PSBL S-S WX SPD DR
================================================================================
1 43 14 29 4 36 0 0.00 M M 11.3 18 130 M M 0 1 23 130
2 41 17 29 4 36 0 T M M 8.3 17 110 M M 4 1268 22 110
3 67 24 46 21 19 0 0.05 M M 13.1 35 320 M M 6 128 43 320
4 34 15 25 0 40 0 0.00 M M 19.0 32 330 M M 3 41 320
5 24 12 18 -7 47 0 0.05 M M 11.4 20 320 M M 5 8 25 260
6 11 -2 5 -21 60 0 T M M 10.3 21 320 M M 6 8 26 320
7 6 -8 -1 -27 66 0 0.03 M M 12.8 20 110 M M 9 8 25 100
8 9 -10 0 -26 65 0 T M M 5.4 9 180 M M 3 12 180
9 7 -5 1 -25 64 0 T M M 5.8 15 330 M M 6 8 18 320
10 9 1 5 -21 60 0 0.02 M M 5.1 12 360 M M 8 8 16 290
11 6 -8 -1 -27 66 0 0.06 M M 8.0 16 100 M M 10 89 21 90
12 -1 -12 -6 -32 71 0 0.06 M M 7.4 18 340 M M 9 8 23 330
13 0 -11 -5 -32 70 0 T M M 8.4 20 330 M M 5 8 27 330
14 -5 -21 -13 -40 78 0 0.00 M M 4.3 12 10 M M 0 14 10
15 1 -19 -9 -36 74 0 0.00 M M 10.4 17 160 M M 0 21 160
16 6 -10 -2 -29 67 0 0.00 M M 14.5 24 150 M M 7 8 31 150
17 17 4 11 -17 54 0 T M M 7.4 18 190 M M 9 8 26 190
18 25 8 17 -11 48 0 T M M 9.4 21 290 M M 8 27 290
19 27 -1 13 -15 52 0 0.00 M M 8.3 14 190 M M 0 17 190
20 38 16 27 -1 38 0 0.00 M M 8.0 16 210 M M 3 22 190
21 42 22 32 3 33 0 0.00 M M 12.5 21 290 M M 1 18 27 260
22 59 36 48 19 17 0 0.00 M M 18.0 29 310 M M 1 42 310
23 57 35 46 17 19 0 T M M 19.8 36 310 M M 3 49 300
24 46 26 36 6 29 0 T M M 11.2 28 310 M M 8 1 35 300
25 49 19 34 4 31 0 0.00 M M 15.0 32 190 M M 0 43 180
26 53 32 43 13 22 0 0.00 M M 11.1 29 190 M M 2 39 190
27 49 27 38 8 27 0 0.28 M M 8.8 20 20 M M 5 26 10
28 32 19 26 -5 39 0 0.03 M M 12.6 23 320 M M 4 18 30 310
================================================================================
SM 752 220 1328 0 0.58 M 297.6 M 125
================================================================================
AV 26.9 7.9 10.6 FASTST M M 4 MAX(MPH)
MISC ----> 36 310 49 300
================================================================================
NOTES:
# LAST OF SEVERAL OCCURRENCES
COLUMN 17 PEAK WIND IN M.P.H.
PRELIMINARY LOCAL CLIMATOLOGICAL DATA (WS FORM: F-6) , PAGE 2
STATION: WINNER REGIONAL AIRPORT SD
MONTH: FEBRUARY
YEAR: 2021
LATITUDE: 43 23 N
LONGITUDE: 99 50 W
[TEMPERATURE DATA] [PRECIPITATION DATA] SYMBOLS USED IN COLUMN 16
AVERAGE MONTHLY: 17.4 TOTAL FOR MONTH: 0.58 1 = FOG OR MIST
DPTR FM NORMAL: -9.9 DPTR FM NORMAL: 0.07 2 = FOG REDUCING VISIBILITY
HIGHEST: 67 ON 3 GRTST 24HR 0.28 ON 27-27 TO 1/4 MILE OR LESS
LOWEST: -21 ON 14 3 = THUNDER
SNOW, ICE PELLETS, HAIL 4 = ICE PELLETS
TOTAL MONTH: M 5 = HAIL
GRTST 24HR M ON M 6 = FREEZING RAIN OR DRIZZLE
GRTST DEPTH: M ON M 7 = DUSTSTORM OR SANDSTORM:
VSBY 1/2 MILE OR LESS
8 = SMOKE OR HAZE
[NO. OF DAYS WITH] [WEATHER - DAYS WITH] 9 = BLOWING SNOW
X = TORNADO
MAX 32 OR BELOW: 16 0.01 INCH OR MORE: 8
MAX 90 OR ABOVE: 0 0.10 INCH OR MORE: 1
MIN 32 OR BELOW: 26 0.50 INCH OR MORE: 0
MIN 0 OR BELOW: 11 1.00 INCH OR MORE: 0
[HDD (BASE 65) ]
TOTAL THIS MO. 1328 CLEAR (SCALE 0-3) 11
DPTR FM NORMAL 274 PTCLDY (SCALE 4-7) 13
TOTAL FM JUL 1 4682 CLOUDY (SCALE 8-10) 4
DPTR FM NORMAL -327
[CDD (BASE 65) ]
TOTAL THIS MO. 0
DPTR FM NORMAL 0 [PRESSURE DATA]
TOTAL FM JAN 1 0 HIGHEST SLP 30.84 ON 14
DPTR FM NORMAL 0 LOWEST SLP 29.48 ON 3
[REMARKS]
#FINAL-02-21#