000
CXUS53 KICT 021859
CF6ICT
PRELIMINARY LOCAL CLIMATOLOGICAL DATA (WS FORM: F-6)
STATION: WICHITA EISENHOWER NATIONAL
MONTH: JUNE
YEAR: 2021
LATITUDE: 37 39 N
LONGITUDE: 97 25 W
TEMPERATURE IN F: :PCPN: SNOW: WIND :SUNSHINE: SKY :PK WND
================================================================================
1 2 3 4 5 6A 6B 7 8 9 10 11 12 13 14 15 16 17 18
12Z AVG MX 2MIN
DY MAX MIN AVG DEP HDD CDD WTR SNW DPTH SPD SPD DIR MIN PSBL S-S WX SPD DR
================================================================================
1 73 53 63 -10 2 0 0.00 0.0 0 6.1 13 50 M M 8 17 70
2 76 60 68 -5 0 3 0.04 0.0 0 3.3 15 280 M M 7 13 19 280
3 83 53 68 -5 0 3 0.00 0.0 0 3.5 13 180 M M 4 12 16 180
4 87 60 74 0 0 9 0.00 0.0 0 9.7 17 170 M M 3 22 190
5 83 62 73 -1 0 8 0.00 0.0 0 12.1 22 170 M M 5 28 180
6 83 67 75 1 0 10 0.00 0.0 0 10.7 21 170 M M 7 27 170
7 82 67 75 0 0 10 0.00 0.0 0 8.7 20 150 M M 6 27 140
8 86 65 76 1 0 11 0.00 0.0 0 6.9 14 130 M M 5 1 18 120
9 90 70 80 5 0 15 0.00 0.0 0 9.8 18 130 M M 4 26 140
10 92 74 83 7 0 18 0.00 0.0 0 9.2 20 140 M M 4 1 25 140
11 94 70 82 6 0 17 0.88 0.0 0 10.2 33 90 M M 5 138 46 110
12 88 70 79 3 0 14 0.00 0.0 0 8.1 16 40 M M 5 20 40
13 89 69 79 3 0 14 0.00 0.0 0 7.4 16 60 M M 5 21 70
14 92 60 76 -1 0 11 0.00 0.0 0 4.7 12 140 M M 2 17 170
15 95 62 79 2 0 14 0.00 0.0 0 4.9 13 140 M M 2 18 120
16 98 66 82 5 0 17 0.00 0.0 0 8.7 17 180 M M 1 22 170
17 100 70 85 7 0 20 0.00 0.0 0 11.5 23 180 M M 2 32 180
18 99 71 85 7 0 20 0.00 0.0 0 15.9 26 190 M M 2 36 190
19 98 74 86 8 0 21 0.00 0.0 0 12.8 23 180 M M 4 30 170
20 102 67 85 7 0 20 0.23 0.0 0 14.4 37 20 M M 6 3 50 20
21 82 62 72 -6 0 7 0.94 0.0 0 10.7 29 10 M M 6 13 44 20
22 85 58 72 -7 0 7 0.00 0.0 0 14.3 28 180 M M 1 36 160
23 93 67 80 1 0 15 T 0.0 0 18.1 28 170 M M 4 39 150
24 99 76 88 9 0 23 0.00 0.0 0 20.4 33 200 M M 5 46 200
25 95 73 84 5 0 19 0.91 0.0 0 16.2 44 330 M M 8 138 56 330
26 85 68 77 -3 0 12 0.49 0.0 0 6.7 15 190 M M 8 13 19 190
27 79 69 74 -6 0 9 0.04 0.0 0 6.2 14 110 M M 8 1 17 120
28 82 68 75 -5 0 10 0.01 0.0 0 6.6 15 130 M M 8 3 21 130
29 77 70 74 -6 0 9 0.64 0.0 0 5.8 10 120 M M 10 1 13 110
30 84 71 78 -2 0 13 2.18 0.0 0 5.3 16 200 M M 9 13 20 230
================================================================================
SM 2651 1992 2 379 6.36 0.0 288.9 M 154
================================================================================
AV 88.4 66.4 9.6 FASTST M M 5 MAX(MPH)
MISC ----> 44 330 56 330
================================================================================
NOTES:
# LAST OF SEVERAL OCCURRENCES
COLUMN 17 PEAK WIND IN M.P.H.
PRELIMINARY LOCAL CLIMATOLOGICAL DATA (WS FORM: F-6) , PAGE 2
STATION: WICHITA EISENHOWER NATIONAL
MONTH: JUNE
YEAR: 2021
LATITUDE: 37 39 N
LONGITUDE: 97 25 W
[TEMPERATURE DATA] [PRECIPITATION DATA] SYMBOLS USED IN COLUMN 16
AVERAGE MONTHLY: 77.4 TOTAL FOR MONTH: 6.36 1 = FOG OR MIST
DPTR FM NORMAL: 0.5 DPTR FM NORMAL: 1.43 2 = FOG REDUCING VISIBILITY
HIGHEST: 102 ON 20 GRTST 24HR 2.22 ON 29-30 TO 1/4 MILE OR LESS
LOWEST: 53 ON 3, 1 3 = THUNDER
SNOW, ICE PELLETS, HAIL 4 = ICE PELLETS
TOTAL MONTH: 0.0 INCH 5 = HAIL
GRTST 24HR 0.0 6 = FREEZING RAIN OR DRIZZLE
GRTST DEPTH: 0 7 = DUSTSTORM OR SANDSTORM:
VSBY 1/2 MILE OR LESS
8 = SMOKE OR HAZE
[NO. OF DAYS WITH] [WEATHER - DAYS WITH] 9 = BLOWING SNOW
X = TORNADO
MAX 32 OR BELOW: 0 0.01 INCH OR MORE: 10
MAX 90 OR ABOVE: 13 0.10 INCH OR MORE: 7
MIN 32 OR BELOW: 0 0.50 INCH OR MORE: 5
MIN 0 OR BELOW: 0 1.00 INCH OR MORE: 1
[HDD (BASE 65) ]
TOTAL THIS MO. 2 CLEAR (SCALE 0-3) 7
DPTR FM NORMAL -2 PTCLDY (SCALE 4-7) 20
TOTAL FM JUL 1 4509 CLOUDY (SCALE 8-10) 3
DPTR FM NORMAL 100
[CDD (BASE 65) ]
TOTAL THIS MO. 379
DPTR FM NORMAL 19 [PRESSURE DATA]
TOTAL FM JAN 1 457 HIGHEST SLP 30.18 ON 1
DPTR FM NORMAL -62 LOWEST SLP 29.51 ON 20
[REMARKS]
#FINAL-06-21#