000
CXUS53 KICT 031117
CF6ICT
PRELIMINARY LOCAL CLIMATOLOGICAL DATA (WS FORM: F-6)
STATION: WICHITA EISENHOWER NATIONAL
MONTH: JANUARY
YEAR: 2024
LATITUDE: 37 39 N
LONGITUDE: 97 25 W
TEMPERATURE IN F: :PCPN: SNOW: WIND :SUNSHINE: SKY :PK WND
================================================================================
1 2 3 4 5 6A 6B 7 8 9 10 11 12 13 14 15 16 17 18
12Z AVG MX 2MIN
DY MAX MIN AVG DEP HDD CDD WTR SNW DPTH SPD SPD DIR MIN PSBL S-S WX SPD DR
================================================================================
1 31 22 27 -6 38 0 0.00 0.0 0 6.2 13 200 M M 9 16 200
2 44 23 34 1 31 0 0.00 0.0 0 5.7 16 200 M M 5 1 20 200
3 49 23 36 3 29 0 0.00 0.0 0 3.9 9 350 M M 1 1 12 350
4 45 28 37 4 28 0 0.00 0.0 0 9.9 18 90 M M 6 24 90
5 35 32 34 1 31 0 0.45 3.3 2 7.7 15 330 M M 10 12 21 100
6 41 29 35 2 30 0 0.00 0.0 2 7.6 15 310 M M 9 1 18 310
7 46 21 34 1 31 0 0.00 0.0 T 10.8 20 140 M M 6 29 150
8 42 30 36 3 29 0 1.07 2.0 0 15.8 29 340 M M 10 1 37 330
9 31 15 23 -10 42 0 0.02 1.0 3 20.7 36 330 M M 7 189 52 320
10 43 17 30 -3 35 0 0.00 0.0 2 9.6 18 160 M M 3 24 160
11 49 13 31 -2 34 0 T T T 12.7 33 330 M M 6 1 43 330
12 22 9 16 -17 49 0 T T T 20.2 36 330 M M 5 89 47 320
13 10 -2 4 -29 61 0 T T T 17.4 29 350 M M 3 89 37 350
14 6 -4 1 -32 64 0 T T T 10.5 17 350 M M 6 23 20
15 7 1 4 -29 61 0 T T T 13.5 24 330 M M 7 8 33 340
16 25 -2 12 -21 53 0 0.00 0.0 T 10.6 18 200 M M 1 24 220
17 41 14 28 -5 37 0 0.00 0.0 T 14.7 31 180 M M 5 38 170
18 41 11 26 -7 39 0 T T T 11.6 36 340 M M 4 9 49 330
19 16 5 11 -22 54 0 T T T 14.0 29 360 M M 5 9 40 20
20 23 4 14 -19 51 0 0.00 0.0 T 8.2 16 160 M M 5 20 140
21 36 16 26 -7 39 0 T 0.0 T 20.3 32 190 M M 7 40 200
22 33 28 31 -2 34 0 0.08 0.0 0 11.5 24 170 M M 10 126 30 180
23 40 33 37 4 28 0 0.01 0.0 0 4.4 9 110 M M 10 12 12 40
24 40 33 37 3 28 0 0.05 0.0 0 5.8 10 360 M M 10 12 15 360
25 42 35 39 5 26 0 0.08 0.0 0 3.0 15 190 M M 10 1 17 190
26 42 32 37 3 28 0 0.00 0.0 0 7.2 14 360 M M 10 12 18 10
27 40 29 35 1 30 0 T 0.0 0 10.7 17 340 M M 7 1 21 10
28 55 25 40 6 25 0 0.00 0.0 0 4.5 12 180 M M 0 1 14 160
29 68 26 47 13 18 0 0.00 0.0 0 4.4 14 280 M M 2 1 19 270
30 65 35 50 16 15 0 0.00 0.0 0 7.2 16 310 M M 1 20 310
31 69 30 50 16 15 0 0.00 0.0 0 8.5 18 190 M M 2 12 23 190
================================================================================
SM 1177 611 1113 0 1.76 6.3 318.8 M 182
================================================================================
AV 38.0 19.7 10.3 FASTST M M 6 MAX(MPH)
MISC ----> # 36 330 52 320
================================================================================
NOTES:
# LAST OF SEVERAL OCCURRENCES
COLUMN 17 PEAK WIND IN M.P.H.
PRELIMINARY LOCAL CLIMATOLOGICAL DATA (WS FORM: F-6) , PAGE 2
STATION: WICHITA EISENHOWER NATIONAL
MONTH: JANUARY
YEAR: 2024
LATITUDE: 37 39 N
LONGITUDE: 97 25 W
[TEMPERATURE DATA] [PRECIPITATION DATA] SYMBOLS USED IN COLUMN 16
AVERAGE MONTHLY: 28.8 TOTAL FOR MONTH: 1.76 1 = FOG OR MIST
DPTR FM NORMAL: -4.4 DPTR FM NORMAL: 0.91 2 = FOG REDUCING VISIBILITY
HIGHEST: 69 ON 31 GRTST 24HR 1.07 ON 8- 8 TO 1/4 MILE OR LESS
LOWEST: -4 ON 14 3 = THUNDER
SNOW, ICE PELLETS, HAIL 4 = ICE PELLETS
TOTAL MONTH: 6.3 INCHES 5 = HAIL
GRTST 24HR 3.3 ON 5- 5 6 = FREEZING RAIN OR DRIZZLE
GRTST DEPTH: 3 ON 9 7 = DUSTSTORM OR SANDSTORM:
VSBY 1/2 MILE OR LESS
8 = SMOKE OR HAZE
[NO. OF DAYS WITH] [WEATHER - DAYS WITH] 9 = BLOWING SNOW
X = TORNADO
MAX 32 OR BELOW: 9 0.01 INCH OR MORE: 7
MAX 90 OR ABOVE: 0 0.10 INCH OR MORE: 2
MIN 32 OR BELOW: 27 0.50 INCH OR MORE: 1
MIN 0 OR BELOW: 3 1.00 INCH OR MORE: 1
[HDD (BASE 65) ]
TOTAL THIS MO. 1113 CLEAR (SCALE 0-3) 7
DPTR FM NORMAL 127 PTCLDY (SCALE 4-7) 15
TOTAL FM JUL 1 2621 CLOUDY (SCALE 8-10) 9
DPTR FM NORMAL -114
[CDD (BASE 65) ]
TOTAL THIS MO. 0
DPTR FM NORMAL 0 [PRESSURE DATA]
TOTAL FM JAN 1 0 HIGHEST SLP 30.73 ON 19
DPTR FM NORMAL 0 LOWEST SLP 29.39 ON 8
[REMARKS]
#FINAL-01-24#