000
CXUS53 KICT 021529
CF6ICT
PRELIMINARY LOCAL CLIMATOLOGICAL DATA (WS FORM: F-6)
STATION: WICHITA EISENHOWER NATIONAL
MONTH: SEPTEMBER
YEAR: 2020
LATITUDE: 37 39 N
LONGITUDE: 97 25 W
TEMPERATURE IN F: :PCPN: SNOW: WIND :SUNSHINE: SKY :PK WND
================================================================================
1 2 3 4 5 6A 6B 7 8 9 10 11 12 13 14 15 16 17 18
12Z AVG MX 2MIN
DY MAX MIN AVG DEP HDD CDD WTR SNW DPTH SPD SPD DIR MIN PSBL S-S WX SPD DR
================================================================================
1 86 70 78 1 0 13 0.07 0.0 0 7.0 16 190 M M 9 1 21 170
2 84 66 75 -2 0 10 T 0.0 0 4.5 14 140 M M 7 1 18 140
3 94 63 79 3 0 14 0.00 0.0 0 9.1 20 360 M M 4 12 28 30
4 90 65 78 2 0 13 0.00 0.0 0 7.6 15 60 M M 3 20 60
5 93 67 80 4 0 15 0.00 0.0 0 10.4 22 210 M M 1 1 29 180
6 97 71 84 9 0 19 0.00 0.0 0 18.0 32 200 M M 2 42 200
7 98 69 84 9 0 19 0.00 0.0 0 16.2 33 190 M M 3 45 210
8 74 47 61 -13 4 0 0.02 0.0 0 16.4 29 20 M M 8 18 40 10
9 50 47 49 -25 16 0 1.28 0.0 0 14.6 23 30 M M 10 1 30 10
10 58 47 53 -21 12 0 0.16 0.0 0 11.9 21 350 M M 10 1 28 10
11 64 53 59 -14 6 0 0.02 0.0 0 3.9 9 210 M M 9 1 12 240
12 80 53 67 -6 0 2 0.00 0.0 0 6.4 14 200 M M 5 12 19 250
13 82 55 69 -3 0 4 0.00 0.0 0 4.0 12 340 M M 3 15 340
14 78 56 67 -5 0 2 0.00 0.0 0 4.9 15 90 M M 6 21 90
15 81 56 69 -2 0 4 0.00 0.0 0 2.6 12 190 M M 5 15 200
16 83 62 73 2 0 8 0.00 0.0 0 4.0 14 20 M M 7 18 20
17 80 58 69 -1 0 4 0.00 0.0 0 8.1 15 30 M M 5 18 19 30
18 77 54 66 -4 0 1 0.00 0.0 0 6.2 12 100 M M 3 8 14 80
19 79 56 68 -2 0 3 0.00 0.0 0 9.5 15 150 M M 2 24 160
20 77 52 65 -4 0 0 0.00 0.0 0 9.9 20 170 M M 2 1 26 160
21 80 56 68 0 0 3 0.00 0.0 0 9.1 17 140 M M 4 18 25 190
22 73 59 66 -2 0 1 T 0.0 0 7.1 15 140 M M 9 1 18 140
23 78 58 68 0 0 3 0.00 0.0 0 5.0 13 190 M M 7 19 180
24 86 53 70 3 0 5 0.00 0.0 0 10.1 18 200 M M 0 1 33 180
25 93 62 78 11 0 13 0.00 0.0 0 13.6 22 180 M M 1 33 210
26 94 63 79 13 0 14 0.00 0.0 0 17.4 31 190 M M 4 39 190
27 73 52 63 -3 2 0 0.03 0.0 0 12.8 31 40 M M 9 1 48 30
28 72 45 59 -6 6 0 0.00 0.0 0 12.0 25 330 M M 3 35 310
29 80 41 61 -4 4 0 0.00 0.0 0 7.0 20 290 M M 2 24 290
30 84 46 65 1 0 0 0.00 M M 10.1 24 360 M M 0 32 360
================================================================================
SM 2418 1702 50 170 1.58 0.0 279.4 M 143
================================================================================
AV 80.6 56.7 9.3 FASTST M M 5 MAX(MPH)
MISC ----> 33 190 48 30
================================================================================
NOTES:
# LAST OF SEVERAL OCCURRENCES
COLUMN 17 PEAK WIND IN M.P.H.
PRELIMINARY LOCAL CLIMATOLOGICAL DATA (WS FORM: F-6) , PAGE 2
STATION: WICHITA EISENHOWER NATIONAL
MONTH: SEPTEMBER
YEAR: 2020
LATITUDE: 37 39 N
LONGITUDE: 97 25 W
[TEMPERATURE DATA] [PRECIPITATION DATA] SYMBOLS USED IN COLUMN 16
AVERAGE MONTHLY: 68.7 TOTAL FOR MONTH: 1.58 1 = FOG OR MIST
DPTR FM NORMAL: -2.3 DPTR FM NORMAL: -1.56 2 = FOG REDUCING VISIBILITY
HIGHEST: 98 ON 7 GRTST 24HR 1.28 ON 9- 9 TO 1/4 MILE OR LESS
LOWEST: 41 ON 29 3 = THUNDER
SNOW, ICE PELLETS, HAIL 4 = ICE PELLETS
TOTAL MONTH: 0.0 INCH 5 = HAIL
GRTST 24HR 0.0 6 = FREEZING RAIN OR DRIZZLE
GRTST DEPTH: 0 7 = DUSTSTORM OR SANDSTORM:
VSBY 1/2 MILE OR LESS
8 = SMOKE OR HAZE
[NO. OF DAYS WITH] [WEATHER - DAYS WITH] 9 = BLOWING SNOW
X = TORNADO
MAX 32 OR BELOW: 0 0.01 INCH OR MORE: 6
MAX 90 OR ABOVE: 7 0.10 INCH OR MORE: 2
MIN 32 OR BELOW: 0 0.50 INCH OR MORE: 1
MIN 0 OR BELOW: 0 1.00 INCH OR MORE: 1
[HDD (BASE 65) ]
TOTAL THIS MO. 50 CLEAR (SCALE 0-3) 12
DPTR FM NORMAL 8 PTCLDY (SCALE 4-7) 11
TOTAL FM JUL 1 50 CLOUDY (SCALE 8-10) 7
DPTR FM NORMAL 8
[CDD (BASE 65) ]
TOTAL THIS MO. 170
DPTR FM NORMAL -52 [PRESSURE DATA]
TOTAL FM JAN 1 1720 HIGHEST SLP 30.34 ON 10
DPTR FM NORMAL 71 LOWEST SLP 29.60 ON 7
[REMARKS]
#FINAL-09-20#