000
CXUS53 KICT 020130
CF6ICT
PRELIMINARY LOCAL CLIMATOLOGICAL DATA (WS FORM: F-6)
STATION: WICHITA EISENHOWER NATIONAL
MONTH: OCTOBER
YEAR: 2023
LATITUDE: 37 39 N
LONGITUDE: 97 25 W
TEMPERATURE IN F: :PCPN: SNOW: WIND :SUNSHINE: SKY :PK WND
================================================================================
1 2 3 4 5 6A 6B 7 8 9 10 11 12 13 14 15 16 17 18
12Z AVG MX 2MIN
DY MAX MIN AVG DEP HDD CDD WTR SNW DPTH SPD SPD DIR MIN PSBL S-S WX SPD DR
================================================================================
1 93 64 79 13 0 14 0.00 0.0 0 12.6 24 170 M M 4 33 160
2 90 61 76 11 0 11 0.00 0.0 0 10.9 21 140 M M 5 29 180
3 86 65 76 11 0 11 0.24 0.0 0 15.5 36 300 M M 7 13 45 300
4 77 63 70 6 0 5 0.71 0.0 0 9.3 22 20 M M 8 13 28 30
5 83 53 68 4 0 3 0.00 0.0 0 8.2 24 330 M M 2 34 350
6 60 39 50 -13 15 0 T 0.0 0 9.1 26 10 M M 5 38 20
7 64 36 50 -13 15 0 0.00 0.0 0 5.0 10 220 M M 0 15 300
8 79 43 61 -1 4 0 0.00 0.0 0 6.3 13 200 M M 0 19 210
9 77 51 64 2 1 0 0.00 0.0 0 7.4 10 360 M M 0 M M
10 81 50 66 4 0 1 0.00 0.0 0 11.6 21 130 M M 1 26 140
11 85 60 73 12 0 8 0.00 0.0 0 18.9 31 180 M M 3 40 180
12 75 64 70 9 0 5 0.00 0.0 0 21.7 32 170 M M 8 43 160
13 65 49 57 -3 8 0 0.00 0.0 0 19.2 36 300 M M 5 46 300
14 58 48 53 -7 12 0 0.00 0.0 0 17.0 29 340 M M 9 38 340
15 61 49 55 -4 10 0 T 0.0 0 14.5 23 330 M M 8 29 360
16 64 40 52 -7 13 0 0.00 0.0 0 7.3 17 350 M M 3 8 22 330
17 76 37 57 -2 8 0 0.00 0.0 0 9.9 21 170 M M 2 28 180
18 75 47 61 3 4 0 0.00 0.0 0 9.2 23 360 M M 3 30 350
19 82 47 65 7 0 0 0.00 0.0 0 8.1 20 320 M M 2 26 320
20 86 48 67 10 0 2 0.00 0.0 0 6.6 15 240 M M 0 19 240
21 89 48 69 12 0 4 0.00 0.0 0 8.2 17 80 M M 1 23 90
22 87 57 72 16 0 7 0.00 0.0 0 15.0 26 170 M M 1 33 170
23 87 63 75 19 0 10 0.00 0.0 0 18.6 31 200 M M 3 41 200
24 70 61 66 10 0 1 0.29 0.0 0 10.4 24 180 M M 9 1 30 190
25 70 63 67 12 0 2 4.24 0.0 0 10.3 26 140 M M 10 13 35 150
26 79 65 72 17 0 7 T 0.0 0 15.9 26 170 M M 5 1 35 190
27 68 40 54 0 11 0 0.00 0.0 0 17.7 26 360 M M 6 39 10
28 40 34 37 -17 28 0 0.47 0.0 0 13.5 21 20 M M 10 13 31 30
29 37 32 35 -18 30 0 0.03 T 0 16.5 24 340 M M 9 14 32 360
30 45 26 36 -17 29 0 0.00 0.0 0 8.5 15 320 M M 1 21 340
31 41 23 32 -20 33 0 0.00 0.0 0 10.4 28 360 M M 0 34 360
================================================================================
SM 2230 1526 221 91 5.98 T 373.3 M 130
================================================================================
AV 71.9 49.2 12.0 FASTST M M 4 MAX(MPH)
MISC ----> # 36 300 46 300
================================================================================
NOTES:
# LAST OF SEVERAL OCCURRENCES
COLUMN 17 PEAK WIND IN M.P.H.
PRELIMINARY LOCAL CLIMATOLOGICAL DATA (WS FORM: F-6) , PAGE 2
STATION: WICHITA EISENHOWER NATIONAL
MONTH: OCTOBER
YEAR: 2023
LATITUDE: 37 39 N
LONGITUDE: 97 25 W
[TEMPERATURE DATA] [PRECIPITATION DATA] SYMBOLS USED IN COLUMN 16
AVERAGE MONTHLY: 60.6 TOTAL FOR MONTH: 5.98 1 = FOG OR MIST
DPTR FM NORMAL: 1.6 DPTR FM NORMAL: 3.13 2 = FOG REDUCING VISIBILITY
HIGHEST: 93 ON 1 GRTST 24HR 4.25 ON 24-25 TO 1/4 MILE OR LESS
LOWEST: 23 ON 31 3 = THUNDER
SNOW, ICE PELLETS, HAIL 4 = ICE PELLETS
TOTAL MONTH: T 5 = HAIL
GRTST 24HR T ON 29-29 6 = FREEZING RAIN OR DRIZZLE
GRTST DEPTH: 0 7 = DUSTSTORM OR SANDSTORM:
VSBY 1/2 MILE OR LESS
8 = SMOKE OR HAZE
[NO. OF DAYS WITH] [WEATHER - DAYS WITH] 9 = BLOWING SNOW
X = TORNADO
MAX 32 OR BELOW: 0 0.01 INCH OR MORE: 6
MAX 90 OR ABOVE: 2 0.10 INCH OR MORE: 5
MIN 32 OR BELOW: 3 0.50 INCH OR MORE: 2
MIN 0 OR BELOW: 0 1.00 INCH OR MORE: 1
[HDD (BASE 65) ]
TOTAL THIS MO. 221 CLEAR (SCALE 0-3) 16
DPTR FM NORMAL -10 PTCLDY (SCALE 4-7) 10
TOTAL FM JUL 1 221 CLOUDY (SCALE 8-10) 5
DPTR FM NORMAL -41
[CDD (BASE 65) ]
TOTAL THIS MO. 91
DPTR FM NORMAL 46 [PRESSURE DATA]
TOTAL FM JAN 1 2003 HIGHEST SLP 30.57 ON 31
DPTR FM NORMAL 232 LOWEST SLP 29.37 ON 12
[REMARKS]
#FINAL-10-23#