000
CXUS53 KUNR 010930
CF6IEN
PRELIMINARY LOCAL CLIMATOLOGICAL DATA (WS FORM: F-6)
STATION: PINE RIDGE SD
MONTH: AUGUST
YEAR: 2021
LATITUDE: 43 1 N
LONGITUDE: 102 31 W
TEMPERATURE IN F: :PCPN: SNOW: WIND :SUNSHINE: SKY :PK WND
================================================================================
1 2 3 4 5 6A 6B 7 8 9 10 11 12 13 14 15 16 17 18
12Z AVG MX 2MIN
DY MAX MIN AVG DEP HDD CDD WTR SNW DPTH SPD SPD DIR MIN PSBL S-S WX SPD DR
================================================================================
1 91 53 72 -3 0 7 0.00 M M 4.5 13 130 M M 0 8 20 140
2 95 57 76 1 0 11 0.00 M M 5.6 17 80 M M 0 8 26 80
3 98 54 76 1 0 11 0.00 M M 6.2 20 150 M M 1 18 29 130
4 90 60 75 0 0 10 T M M 4.5 14 10 M M 2 8 22 340
5 99 57 78 3 0 13 T M M 5.1 39 310 M M 1 8 57 310
6 98 51 75 1 0 10 0.49 M M 7.8 43 270 M M 1 13 59 270
7 87 58 73 -1 0 8 0.00 M M 4.3 14 20 M M 0 19 30
8 98 53 76 2 0 11 0.00 M M 4.1 15 170 M M 0 8 23 170
9 88 57 73 -1 0 8 0.00 M M 8.1 24 240 M M 0 35 290
10 95 49 72 -2 0 7 0.00 M M 4.5 18 10 M M 0 8 26 240
11 97 48 73 -1 0 8 0.00 M M 4.6 17 220 M M 0 8 25 220
12 87 55 71 -3 0 6 0.00 M M 8.3 21 20 M M 0 29 30
13 88 47 68 -5 0 3 0.00 M M 6.0 17 190 M M 1 26 180
14 95 69 82 9 0 17 0.00 M M 14.9 24 180 M M 0 38 160
15 96 62 79 6 0 14 0.00 M M 7.5 22 180 M M 0 33 180
16 99 66 83 10 0 18 0.00 M M 8.1 22 190 M M 0 8 34 180
17 104 61 83 11 0 18 0.00 M M 14.3 28 180 M M 0 39 180
18 100 68 84 12 0 19 0.00 M M 12.6 26 180 M M 0 3 39 180
19 M M M M M M M M M M M M M M M M M
20 76 49 63 -9 2 0 0.09 M M 12.2 30 270 M M 4 1 42 260
21 83 42 63 -8 2 0 0.00 M M 12.0 29 150 M M 0 43 140
22 90 49 70 -1 0 5 0.00 M M 15.5 36 180 M M 1 38 58 160
23 101 47 74 3 0 9 T M M 7.7 29 250 M M 0 46 260
24 94 55 75 4 0 10 0.00 M M 7.3 20 20 M M 0 28 20
25 87 51 69 -1 0 4 T M M 9.2 21 120 M M 3 3 31 110
26 96 62 79 9 0 14 T M M 9.0 20 270 M M 2 3 28 30
27 93 57 75 5 0 10 0.00 M M 5.8 18 140 M M 2 1 25 120
28 83 47 65 -5 0 0 0.00 M M 7.6 25 360 M M 5 18 41 360
29 84 39 62 -7 3 0 0.00 M M 7.5 18 190 M M 2 27 160
30 87 61 74 5 0 9 0.00 M M 9.2 24 180 M M 0 8 34 180
31 90 60 75 6 0 10 0.00 M M 12.4 23 70 M M 0 36 70
================================================================================
SM 2769 1644 7 270 0.58 M 246.4 M 25
================================================================================
AV 92.3 54.8 8.2 FASTST M M 1 MAX(MPH)
MISC ----> 43 270 59 270
================================================================================
NOTES:
# LAST OF SEVERAL OCCURRENCES
COLUMN 17 PEAK WIND IN M.P.H.
PRELIMINARY LOCAL CLIMATOLOGICAL DATA (WS FORM: F-6) , PAGE 2
STATION: PINE RIDGE SD
MONTH: AUGUST
YEAR: 2021
LATITUDE: 43 1 N
LONGITUDE: 102 31 W
[TEMPERATURE DATA] [PRECIPITATION DATA] SYMBOLS USED IN COLUMN 16
AVERAGE MONTHLY: 73.6 TOTAL FOR MONTH: 0.58 1 = FOG OR MIST
DPTR FM NORMAL: 1.2 DPTR FM NORMAL: -0.90 2 = FOG REDUCING VISIBILITY
HIGHEST: 104 ON 17 GRTST 24HR 0.49 ON 6- 6 TO 1/4 MILE OR LESS
LOWEST: 39 ON 29 3 = THUNDER
SNOW, ICE PELLETS, HAIL 4 = ICE PELLETS
TOTAL MONTH: M 5 = HAIL
GRTST 24HR M ON M 6 = FREEZING RAIN OR DRIZZLE
GRTST DEPTH: M ON M 7 = DUSTSTORM OR SANDSTORM:
VSBY 1/2 MILE OR LESS
8 = SMOKE OR HAZE
[NO. OF DAYS WITH] [WEATHER - DAYS WITH] 9 = BLOWING SNOW
X = TORNADO
MAX 32 OR BELOW: 0 0.01 INCH OR MORE: 2
MAX 90 OR ABOVE: 20 0.10 INCH OR MORE: 1
MIN 32 OR BELOW: 0 0.50 INCH OR MORE: 0
MIN 0 OR BELOW: 0 1.00 INCH OR MORE: 0
[HDD (BASE 65) ]
TOTAL THIS MO. 7 CLEAR (SCALE 0-3) 28
DPTR FM NORMAL -15 PTCLDY (SCALE 4-7) 2
TOTAL FM JUL 1 7 CLOUDY (SCALE 8-10) 1
DPTR FM NORMAL -20
[CDD (BASE 65) ]
TOTAL THIS MO. 270
DPTR FM NORMAL 20 [PRESSURE DATA]
TOTAL FM JAN 1 922 HIGHEST SLP 30.27 ON 13
DPTR FM NORMAL 225 LOWEST SLP 29.55 ON 17
[REMARKS]
#FINAL-08-21#