000
CXUS53 KUNR 011549
CLMIEN
CLIMATE REPORT
NATIONAL WEATHER SERVICE RAPID CITY SD
849 AM MST MON JAN 01 2024
...................................
...THE PINE RIDGE SD CLIMATE SUMMARY FOR THE MONTH OF DECEMBER 2023...
CLIMATE NORMAL PERIOD 1991 TO 2020
CLIMATE RECORD PERIOD 9999 TO 9999
WEATHER OBSERVED NORMAL DEPART LAST YEAR`S
VALUE DATE(S) VALUE FROM VALUE DATE(S)
NORMAL
................................................................
TEMPERATURE (F)
HIGHEST 63 12/07 55 12/04
LOWEST -3 12/28 -36 12/22
AVG. MAXIMUM 44.8 37.9 6.9 30.0
AVG. MINIMUM 15.8 12.7 3.1 4.3
MEAN 30.3 25.3 5.0 17.1
DAYS MAX >= 90 0 0
DAYS MAX <= 32 5 13
DAYS MIN <= 32 31 31
DAYS MIN <= 0 2 10
PRECIPITATION (INCHES)
TOTALS 0.17 0.37 -0.20 1.69
DAILY AVG. 0.01 0.01 -0.00 0.05
DAYS >= .01 3 MM
DAYS >= .10 1 MM
DAYS >= .50 0 MM
DAYS >= 1.00 0 MM
GREATEST
24 HR. TOTAL 0.11 12/04 TO 12/04 0.04
DEGREE DAYS
HEATING TOTAL 1067 1230 -163 1476
SINCE 7/1 2593 2871 -278 MM
COOLING TOTAL 0 0 0 0
SINCE 1/1 604 785 -181 MM
................................................................
WIND (MPH)
AVERAGE WIND SPEED 6.7
HIGHEST WIND SPEED/DIRECTION 32/270 DATE 12/07
HIGHEST GUST SPEED/DIRECTION 49/270 DATE 12/07
AVERAGE RH (PERCENT) 67
WEATHER CONDITIONS. NUMBER OF DAYS WITH
THUNDERSTORM 0 MIXED PRECIP 0
HEAVY RAIN 0 RAIN 0
LIGHT RAIN 1 FREEZING RAIN 0
LT FREEZING RAIN 0 HAIL 0
HEAVY SNOW 0 SNOW 2
LIGHT SNOW 7 SLEET 0
FOG 9 FOG W/VIS <= 1/4 MILE 1
HAZE 1
- INDICATES NEGATIVE NUMBERS.
R INDICATES RECORD WAS SET OR TIED.
MM INDICATES DATA IS MISSING.
T INDICATES TRACE AMOUNT.
$$