000
CXUS54 KFWD 010830
CF6ILE
PRELIMINARY LOCAL CLIMATOLOGICAL DATA (WS FORM: F-6)
STATION: KILLEEN SKYLARK
MONTH: FEBRUARY
YEAR: 2021
LATITUDE: 31 4 N
LONGITUDE: 97 41 W
TEMPERATURE IN F: :PCPN: SNOW: WIND :SUNSHINE: SKY :PK WND
================================================================================
1 2 3 4 5 6A 6B 7 8 9 10 11 12 13 14 15 16 17 18
12Z AVG MX 2MIN
DY MAX MIN AVG DEP HDD CDD WTR SNW DPTH SPD SPD DIR MIN PSBL S-S WX SPD DR
================================================================================
1 62 32 47 -1 18 0 0.00 M M 6.2 14 360 M M 0 20 10
2 67 35 51 2 14 0 0.00 M M 4.7 14 160 M M 0 M M
3 74 43 59 10 6 0 0.00 M M 11.6 21 180 M M 0 27 180
4 79 49 64 15 1 0 0.00 M M 13.6 20 360 M M 4 31 190
5 58 42 50 1 15 0 0.02 M M 8.4 15 30 M M 4 M M
6 71 43 57 8 8 0 0.00 M M 10.1 23 320 M M 4 33 330
7 67 31 49 0 16 0 0.00 M M 8.3 17 160 M M 0 1 22 160
8 75 50 63 14 2 0 0.00 M M 10.6 16 180 M M 5 12 23 190
9 53 38 46 -4 19 0 M M M 9.6 12 10 M M 8 M M
10 40 31 36 -14 29 0 0.01 M M 10.8 15 360 M M 10 1 21 360
11 31 27 29 -21 36 0 T 0.0 0 12.9 20 350 M M 10 1 24 350
12 29 25 27 -23 38 0 0.00 0.0 0 12.5 17 10 M M 10 1 23 10
13 30 23 27 -23 38 0 T M M 11.5 15 360 M M 10 1 20 360
14 28 12 20 -30 45 0 T M M 14.8 23 360 M M 10 1 28 360
15 20 5 13 -37 52 0 T M M 12.1 18 330 M M 2 1 26 330
16 25 2 14 -37 51 0 T M M 5.3 12 130 M M 4 14 M M
17 28 22 25 -26 40 0 T M M 11.1 16 20 M M 10 1 20 350
18 31 23 27 -24 38 0 0.00 M M 11.6 16 350 M M 5 22 360
19 43 16 30 -21 35 0 0.00 M M 5.1 9 320 M M 0 M M
20 57 25 41 -10 24 0 0.00 M M 9.2 18 150 M M 0 24 150
21 74 44 59 7 6 0 0.00 M M 11.5 18 200 M M 3 31 200
22 73 35 54 2 11 0 0.00 M M 5.0 8 150 M M 0 M M
23 80 46 63 11 2 0 0.00 0.0 M 11.5 21 180 M M 0 31 190
24 79 56 68 16 0 3 0.00 M M 9.8 18 190 M M 3 26 190
25 58 44 51 -1 14 0 0.06 M M 9.3 13 20 M M 10 1 M M
26 60 44 52 -1 13 0 0.04 M M 4.9 10 330 M M 10 1 M M
27 76 55 66 13 0 1 0.02 M M 7.5 21 160 M M 9 12 27 160
28 75 55 65 12 0 0 0.00 M M 11.8 17 180 M M 10 1 23 360
================================================================================
SM 1543 953 571 4 0.15 0.0 271.2 M 141
================================================================================
AV 55.1 34.0 9.7 FASTST M M 5 MAX(MPH)
MISC ----> 23 320 33 330
================================================================================
NOTES:
# LAST OF SEVERAL OCCURRENCES
COLUMN 17 PEAK WIND IN M.P.H.
PRELIMINARY LOCAL CLIMATOLOGICAL DATA (WS FORM: F-6) , PAGE 2
STATION: KILLEEN SKYLARK
MONTH: FEBRUARY
YEAR: 2021
LATITUDE: 31 4 N
LONGITUDE: 97 41 W
[TEMPERATURE DATA] [PRECIPITATION DATA] SYMBOLS USED IN COLUMN 16
AVERAGE MONTHLY: 44.6 TOTAL FOR MONTH: 0.15 1 = FOG OR MIST
DPTR FM NORMAL: -5.9 DPTR FM NORMAL: -2.27 2 = FOG REDUCING VISIBILITY
HIGHEST: 80 ON 23 GRTST 24HR 0.06 ON 25-25 TO 1/4 MILE OR LESS
LOWEST: 2 ON 16 3 = THUNDER
SNOW, ICE PELLETS, HAIL 4 = ICE PELLETS
TOTAL MONTH: 0.0 INCH 5 = HAIL
GRTST 24HR 0.0 6 = FREEZING RAIN OR DRIZZLE
GRTST DEPTH: 0 7 = DUSTSTORM OR SANDSTORM:
VSBY 1/2 MILE OR LESS
8 = SMOKE OR HAZE
[NO. OF DAYS WITH] [WEATHER - DAYS WITH] 9 = BLOWING SNOW
X = TORNADO
MAX 32 OR BELOW: 8 0.01 INCH OR MORE: 5
MAX 90 OR ABOVE: 0 0.10 INCH OR MORE: 0
MIN 32 OR BELOW: 13 0.50 INCH OR MORE: 0
MIN 0 OR BELOW: 0 1.00 INCH OR MORE: 0
[HDD (BASE 65) ]
TOTAL THIS MO. 571 CLEAR (SCALE 0-3) 10
DPTR FM NORMAL 159 PTCLDY (SCALE 4-7) 8
TOTAL FM JUL 1 1250 CLOUDY (SCALE 8-10) 10
DPTR FM NORMAL -561
[CDD (BASE 65) ]
TOTAL THIS MO. 4
DPTR FM NORMAL -2 [PRESSURE DATA]
TOTAL FM JAN 1 6 HIGHEST SLP M ON M
DPTR FM NORMAL 4 LOWEST SLP M ON M
[REMARKS]
#FINAL-02-21#