000
CXUS51 KPHI 010815
CF6ILG
PRELIMINARY LOCAL CLIMATOLOGICAL DATA (WS FORM: F-6)
STATION: WILMINGTON DE
MONTH: MARCH
YEAR: 2020
LATITUDE: 39 40 N
LONGITUDE: 75 36 W
TEMPERATURE IN F: :PCPN: SNOW: WIND :SUNSHINE: SKY :PK WND
================================================================================
1 2 3 4 5 6A 6B 7 8 9 10 11 12 13 14 15 16 17 18
12Z AVG MX 2MIN
DY MAX MIN AVG DEP HDD CDD WTR SNW DPTH SPD SPD DIR MIN PSBL S-S WX SPD DR
================================================================================
1 48 24 36 -2 29 0 0.00 0.0 0 9.6 21 280 M M 1 31 280
2 65 29 47 8 18 0 0.04 0.0 0 10.6 26 250 M M 3 37 220
3 58 40 49 10 16 0 0.17 0.0 0 6.9 39 300 M M 6 128 55 300
4 61 43 52 13 13 0 0.00 0.0 0 12.7 28 290 M M 2 38 290
5 54 37 46 6 19 0 0.00 0.0 0 9.0 26 340 M M 0 34 340
6 43 34 39 -1 26 0 0.30 0.0 0 8.8 17 320 M M 7 1 22 320
7 49 33 41 1 24 0 T 0.0 0 15.0 29 320 M M 3 38 330
8 60 27 44 4 21 0 0.00 0.0 0 7.8 17 240 M M 0 21 230
9 72 35 54 13 11 0 0.00 0.0 M 6.3 17 230 M M 0 23 250
10 70 49 60 19 5 0 0.03 0.0 0 11.3 24 220 M M 5 31 200
11 57 40 49 8 16 0 T 0.0 0 7.3 17 300 M M 4 23 310
12 56 38 47 5 18 0 0.01 0.0 0 5.5 14 100 M M 9 1 18 90
13 75 50 63 21 2 0 0.33 0.0 0 12.6 31 280 M M 5 12 39 290
14 58 42 50 8 15 0 0.02 0.0 0 10.4 20 320 M M 3 24 310
15 57 37 47 4 18 0 0.03 0.0 0 6.0 17 20 M M 6 20 20
16 52 36 44 1 21 0 0.00 0.0 0 11.1 22 170 M M 4 26 170
17 59 42 51 8 14 0 0.07 0.0 0 5.4 10 330 M M 9 M M
18 57 34 46 2 19 0 0.11 0.0 0 8.9 18 160 M M 3 1 22 170
19 56 44 50 6 15 0 0.63 0.0 0 5.4 12 90 M M 10 1 13 100
20 80 51 66 22 0 1 T 0.0 0 10.0 30 230 M M 6 12 39 240
21 66 40 53 8 12 0 T 0.0 0 10.3 26 340 M M 2 33 340
22 49 33 41 -4 24 0 0.00 0.0 0 11.7 20 60 M M 4 24 60
23 47 37 42 -3 23 0 0.83 0.0 0 11.2 17 20 M M 10 1 22 80
24 58 41 50 4 15 0 0.00 0.0 0 7.5 20 340 M M 6 24 350
25 49 39 44 -2 21 0 0.04 0.0 0 12.1 25 50 M M 9 30 60
26 59 33 46 0 19 0 0.00 0.0 0 6.9 17 210 M M 1 22 200
27 70 49 60 13 5 0 0.01 0.0 0 6.8 16 330 M M 5 1 21 320
28 56 48 52 5 13 0 0.57 0.0 0 7.2 15 340 M M 10 13 19 80
29 55 48 52 5 13 0 0.02 0.0 0 7.9 20 70 M M 10 18 23 80
30 64 45 55 7 10 0 0.08 0.0 0 6.1 14 340 M M 7 13 17 160
31 49 42 46 -2 19 0 0.05 0.0 M 9.3 17 100 M M 10 1 22 100
================================================================================
SM 1809 1220 494 1 3.34 0.0 277.6 M 160
================================================================================
AV 58.4 39.4 9.0 FASTST M M 5 MAX(MPH)
MISC ----> 39 300 55 300
================================================================================
NOTES:
# LAST OF SEVERAL OCCURRENCES
COLUMN 17 PEAK WIND IN M.P.H.
PRELIMINARY LOCAL CLIMATOLOGICAL DATA (WS FORM: F-6) , PAGE 2
STATION: WILMINGTON DE
MONTH: MARCH
YEAR: 2020
LATITUDE: 39 40 N
LONGITUDE: 75 36 W
[TEMPERATURE DATA] [PRECIPITATION DATA] SYMBOLS USED IN COLUMN 16
AVERAGE MONTHLY: 48.9 TOTAL FOR MONTH: 3.34 1 = FOG OR MIST
DPTR FM NORMAL: 5.9 DPTR FM NORMAL: -0.58 2 = FOG REDUCING VISIBILITY
HIGHEST: 80 ON 20 GRTST 24HR 0.83 ON 23-23 TO 1/4 MILE OR LESS
LOWEST: 24 ON 1 3 = THUNDER
SNOW, ICE PELLETS, HAIL 4 = ICE PELLETS
TOTAL MONTH: 0.0 INCH 5 = HAIL
GRTST 24HR 0.0 6 = FREEZING RAIN OR DRIZZLE
GRTST DEPTH: 0 7 = DUSTSTORM OR SANDSTORM:
VSBY 1/2 MILE OR LESS
8 = SMOKE OR HAZE
[NO. OF DAYS WITH] [WEATHER - DAYS WITH] 9 = BLOWING SNOW
X = TORNADO
MAX 32 OR BELOW: 0 0.01 INCH OR MORE: 18
MAX 90 OR ABOVE: 0 0.10 INCH OR MORE: 7
MIN 32 OR BELOW: 3 0.50 INCH OR MORE: 3
MIN 0 OR BELOW: 0 1.00 INCH OR MORE: 0
[HDD (BASE 65) ]
TOTAL THIS MO. 494 CLEAR (SCALE 0-3) 11
DPTR FM NORMAL -189 PTCLDY (SCALE 4-7) 12
TOTAL FM JUL 1 3633 CLOUDY (SCALE 8-10) 8
DPTR FM NORMAL -671
[CDD (BASE 65) ]
TOTAL THIS MO. 1
DPTR FM NORMAL 0 [PRESSURE DATA]
TOTAL FM JAN 1 1 HIGHEST SLP 30.63 ON 22
DPTR FM NORMAL 0 LOWEST SLP 29.48 ON 3
[REMARKS]
#FINAL-03-20#