000
CXUS55 KLBF 011410
CF6IML
PRELIMINARY LOCAL CLIMATOLOGICAL DATA (WS FORM: F-6)
STATION: IMPERIAL
MONTH: AUGUST
YEAR: 2021
LATITUDE: 40 31 N
LONGITUDE: 101 37 W
TEMPERATURE IN F: :PCPN: SNOW: WIND :SUNSHINE: SKY :PK WND
================================================================================
1 2 3 4 5 6A 6B 7 8 9 10 11 12 13 14 15 16 17 18
12Z AVG MX 2MIN
DY MAX MIN AVG DEP HDD CDD WTR SNW DPTH SPD SPD DIR MIN PSBL S-S WX SPD DR
================================================================================
1 87 58 73 -4 0 8 0.00 M M 6.3 14 190 M M 1 1 18 180
2 92 58 75 -2 0 10 0.00 M M 8.2 18 170 M M 0 39 190
3 95 59 77 1 0 12 0.00 M M 7.4 15 190 M M 1 27 200
4 89 61 75 -1 0 10 T M M 9.8 16 330 M M 2 33 310
5 95 57 76 0 0 11 0.00 M M 5.4 15 170 M M 0 26 190
6 103 64 84 8 0 19 0.01 M M 9.9 24 170 M M 0 3 39 280
7 93 63 78 2 0 13 0.00 M M 8.3 20 320 M M 1 8 27 320
8 98 59 79 3 0 14 0.00 M M 6.5 13 280 M M 0 18 180
9 103 61 82 6 0 17 0.09 M M 8.6 39 190 M M 1 38 61 200
10 95 65 80 4 0 15 T M M 8.7 28 160 M M 0 44 150
11 95 61 78 3 0 13 0.00 M M 8.9 17 310 M M 0 28 300
12 92 57 75 0 0 10 0.00 M M 9.4 21 40 M M 1 38 40
13 86 62 74 -1 0 9 0.00 M M 6.9 15 140 M M 5 M M
14 94 64 79 4 0 14 T M M 12.0 23 150 M M 2 3 36 140
15 93 62 78 3 0 13 0.00 M M 10.5 23 160 M M 1 3 40 150
16 96 64 80 6 0 15 0.00 M M 10.6 17 200 M M 0 32 210
17 95 61 78 4 0 13 0.00 M M 12.3 21 160 M M 0 36 140
18 94 64 79 5 0 14 0.00 M M 15.0 25 150 M M 0 45 140
19 91 62 77 3 0 12 1.88 M M 16.9 49 300 M M 6 13 71 300
20 84 55 70 -4 0 5 0.91 M M 9.1 21 330 M M 3 1 30 290
21 80 53 67 -6 0 2 T M M 8.4 18 150 M M 2 31 120
22 92 62 77 4 0 12 0.00 M M 8.7 24 170 M M 2 39 140
23 95 62 79 6 0 14 T M M 5.3 20 320 M M 0 38 33 330
24 98 65 82 9 0 17 T M M 6.2 14 70 M M 0 21 60
25 81 63 72 0 0 7 0.02 M M 7.9 16 30 M M 6 3 23 20
26 93 63 78 6 0 13 0.01 M M 8.4 21 300 M M 1 13 31 60
27 95 63 79 7 0 14 0.00 M M 8.3 18 280 M M 0 25 280
28 92 66 79 7 0 14 0.00 M M 8.9 17 30 M M 0 37 50
29 80 55 68 -3 0 3 0.00 M M 8.9 21 30 M M 8 39 50
30 95 63 79 8 0 14 0.00 M M 10.8 22 210 M M 1 37 220
31 89 59 74 3 0 9 0.00 M M 8.5 17 110 M M 1 25 110
================================================================================
SM 2860 1891 0 366 2.92 M 281.0 M 45
================================================================================
AV 92.3 61.0 9.1 FASTST M M 1 MAX(MPH)
MISC ----> 49 300 71 300
================================================================================
NOTES:
# LAST OF SEVERAL OCCURRENCES
COLUMN 17 PEAK WIND IN M.P.H.
PRELIMINARY LOCAL CLIMATOLOGICAL DATA (WS FORM: F-6) , PAGE 2
STATION: IMPERIAL
MONTH: AUGUST
YEAR: 2021
LATITUDE: 40 31 N
LONGITUDE: 101 37 W
[TEMPERATURE DATA] [PRECIPITATION DATA] SYMBOLS USED IN COLUMN 16
AVERAGE MONTHLY: 76.6 TOTAL FOR MONTH: 2.92 1 = FOG OR MIST
DPTR FM NORMAL: 2.4 DPTR FM NORMAL: 0.76 2 = FOG REDUCING VISIBILITY
HIGHEST: 103 ON 9, 6 GRTST 24HR 1.88 ON 19-19 TO 1/4 MILE OR LESS
LOWEST: 53 ON 21 3 = THUNDER
SNOW, ICE PELLETS, HAIL 4 = ICE PELLETS
TOTAL MONTH: M 5 = HAIL
GRTST 24HR M ON M 6 = FREEZING RAIN OR DRIZZLE
GRTST DEPTH: M ON M 7 = DUSTSTORM OR SANDSTORM:
VSBY 1/2 MILE OR LESS
8 = SMOKE OR HAZE
[NO. OF DAYS WITH] [WEATHER - DAYS WITH] 9 = BLOWING SNOW
X = TORNADO
MAX 32 OR BELOW: 0 0.01 INCH OR MORE: 6
MAX 90 OR ABOVE: 23 0.10 INCH OR MORE: 2
MIN 32 OR BELOW: 0 0.50 INCH OR MORE: 2
MIN 0 OR BELOW: 0 1.00 INCH OR MORE: 1
[HDD (BASE 65) ]
TOTAL THIS MO. 0 CLEAR (SCALE 0-3) 26
DPTR FM NORMAL -7 PTCLDY (SCALE 4-7) 5
TOTAL FM JUL 1 0 CLOUDY (SCALE 8-10) 0
DPTR FM NORMAL -6
[CDD (BASE 65) ]
TOTAL THIS MO. 366
DPTR FM NORMAL 74 [PRESSURE DATA]
TOTAL FM JAN 1 1063 HIGHEST SLP 30.30 ON 1
DPTR FM NORMAL 160 LOWEST SLP 29.65 ON 31
[REMARKS]
#FINAL-08-21#