000
CXUS54 KFWD 010730
CF6INJ
PRELIMINARY LOCAL CLIMATOLOGICAL DATA (WS FORM: F-6)
STATION: HILLSBORO
MONTH: JUNE
YEAR: 2023
LATITUDE: 32 0 N
LONGITUDE: 97 6 W
TEMPERATURE IN F: :PCPN: SNOW: WIND :SUNSHINE: SKY :PK WND
================================================================================
1 2 3 4 5 6A 6B 7 8 9 10 11 12 13 14 15 16 17 18
12Z AVG MX 2MIN
DY MAX MIN AVG DEP HDD CDD WTR SNW DPTH SPD SPD DIR MIN PSBL S-S WX SPD DR
================================================================================
1 91 68 80 3 0 15 0.00 M M 6.9 14 140 M M 2 18 140
2 93 69 81 4 0 16 0.00 M M 6.6 13 170 M M 3 17 160
3 93 66 80 2 0 15 0.00 M M 7.0 21 60 M M 1 36 60
4 92 64 78 0 0 13 0.13 M M 4.4 10 340 M M 4 3 20 190
5 87 64 76 -2 0 11 0.00 M M 5.5 15 50 M M 5 18 50
6 93 66 80 2 0 15 0.03 M M 2.5 8 100 M M 2 M M
7 95 67 81 3 0 16 0.00 M M 4.0 16 60 M M 1 1 24 60
8 95 67 81 3 0 16 0.08 M M 2.9 18 190 M M 2 3 24 160
9 99 66 83 4 0 18 0.00 M M 2.4 6 150 M M 1 1 M M
10 103 70 87 8 0 22 0.24 M M 10.6 17 90 M M 1 3 23 240
11 99 68 84 5 0 19 1.20 M M 7.9 18 50 M M 2 3 38 150
12 89 67 78 -1 0 13 0.01 M M 8.9 16 30 M M 4 25 80
13 87 73 80 1 0 15 0.00 M M 6.3 12 90 M M 6 18 M M
14 96 76 86 6 0 21 0.00 M M 6.5 13 190 M M 6 1 18 170
15 98 76 87 7 0 22 0.00 M M 8.1 15 160 M M 4 18 22 160
16 104 73 89 9 0 24 0.00 M M 8.6 16 200 M M 7 29 80
17 99 73 86 6 0 21 0.00 M M 6.6 12 120 M M 2 1 22 180
18 100 80 90 10 0 25 0.00 M M 7.2 16 200 M M 4 21 190
19 101 77 89 9 0 24 0.00 M M 8.5 13 160 M M 2 1 21 170
20 101 78 90 10 0 25 0.00 M M 8.4 15 170 M M 2 18 170
21 97 74 86 5 0 21 0.00 M M 8.2 23 80 M M 3 37 80
22 93 76 85 4 0 20 0.00 M M 6.3 13 110 M M 2 23 170
23 98 76 87 6 0 22 0.00 M M 10.0 18 180 M M 4 1 25 180
24 101 77 89 8 0 24 0.00 M M 12.5 21 190 M M 0 26 190
25 102 76 89 8 0 24 0.00 M M 12.3 17 170 M M 0 25 170
26 102 79 91 10 0 26 0.00 M M 10.5 15 190 M M 0 22 160
27 102 77 90 9 0 25 0.00 M M 11.0 16 200 M M 0 24 200
28 102 76 89 7 0 24 0.00 M M 11.4 17 170 M M 0 22 160
29 102 77 90 8 0 25 0.00 M M 11.4 17 180 M M 0 23 150
30 100 75 88 6 0 23 0.00 M M 11.0 15 140 M M 0 21 190
================================================================================
SM 2914 2171 0 600 1.69 M 234.6 M 70
================================================================================
AV 97.1 72.4 7.8 FASTST M M 2 MAX(MPH)
MISC ----> 23 80 38 150
================================================================================
NOTES:
# LAST OF SEVERAL OCCURRENCES
COLUMN 17 PEAK WIND IN M.P.H.
PRELIMINARY LOCAL CLIMATOLOGICAL DATA (WS FORM: F-6) , PAGE 2
STATION: HILLSBORO
MONTH: JUNE
YEAR: 2023
LATITUDE: 32 0 N
LONGITUDE: 97 6 W
[TEMPERATURE DATA] [PRECIPITATION DATA] SYMBOLS USED IN COLUMN 16
AVERAGE MONTHLY: 84.8 TOTAL FOR MONTH: 1.69 1 = FOG OR MIST
DPTR FM NORMAL: 5.1 DPTR FM NORMAL: -2.65 2 = FOG REDUCING VISIBILITY
HIGHEST: 104 ON 16 GRTST 24HR 1.20 ON 11-11 TO 1/4 MILE OR LESS
LOWEST: 64 ON 5, 4 3 = THUNDER
SNOW, ICE PELLETS, HAIL 4 = ICE PELLETS
TOTAL MONTH: M 5 = HAIL
GRTST 24HR M ON M 6 = FREEZING RAIN OR DRIZZLE
GRTST DEPTH: M ON M 7 = DUSTSTORM OR SANDSTORM:
VSBY 1/2 MILE OR LESS
8 = SMOKE OR HAZE
[NO. OF DAYS WITH] [WEATHER - DAYS WITH] 9 = BLOWING SNOW
X = TORNADO
MAX 32 OR BELOW: 0 0.01 INCH OR MORE: 6
MAX 90 OR ABOVE: 27 0.10 INCH OR MORE: 3
MIN 32 OR BELOW: 0 0.50 INCH OR MORE: 1
MIN 0 OR BELOW: 0 1.00 INCH OR MORE: 1
[HDD (BASE 65) ]
TOTAL THIS MO. 0 CLEAR (SCALE 0-3) 21
DPTR FM NORMAL 0 PTCLDY (SCALE 4-7) 9
TOTAL FM JUL 1 1896 CLOUDY (SCALE 8-10) 0
DPTR FM NORMAL -318
[CDD (BASE 65) ]
TOTAL THIS MO. 600
DPTR FM NORMAL 160 [PRESSURE DATA]
TOTAL FM JAN 1 1033 HIGHEST SLP M ON M
DPTR FM NORMAL 197 LOWEST SLP M ON M
[REMARKS]
#FINAL-06-23#