000
CXUS54 KFWD 010731
CF6INJ
PRELIMINARY LOCAL CLIMATOLOGICAL DATA (WS FORM: F-6)
STATION: HILLSBORO
MONTH: SEPTEMBER
YEAR: 2022
LATITUDE: 32 0 N
LONGITUDE: 97 6 W
TEMPERATURE IN F: :PCPN: SNOW: WIND :SUNSHINE: SKY :PK WND
================================================================================
1 2 3 4 5 6A 6B 7 8 9 10 11 12 13 14 15 16 17 18
12Z AVG MX 2MIN
DY MAX MIN AVG DEP HDD CDD WTR SNW DPTH SPD SPD DIR MIN PSBL S-S WX SPD DR
================================================================================
1 87 73 80 -2 0 15 0.24 M M 2.8 17 60 M M 3 28 350
2 81 70 76 -5 0 11 0.87 M M 3.9 10 310 M M 3 3 M M
3 91 73 82 1 0 17 0.02 M M 2.6 9 180 M M 2 13 22 180
4 95 68 82 1 0 17 0.02 M M 2.3 23 10 M M 2 39 10
5 92 66 79 -1 0 14 0.00 M M 5.8 14 180 M M 2 17 180
6 95 73 84 4 0 19 0.00 M M 4.7 10 150 M M 2 16 110
7 93 73 83 3 0 18 0.00 M M 3.4 12 40 M M 2 16 40
8 90 72 81 1 0 16 0.00 M M 6.1 12 80 M M 3 16 90
9 90 71 81 2 0 16 0.00 M M 7.6 12 60 M M 1 M M
10 90 71 81 2 0 16 0.00 M M 5.3 8 90 M M 3 9 40
11 84 65 75 -4 0 10 0.00 M M 8.3 15 330 M M 0 25 340
12 85 63 74 -4 0 9 0.00 M M 3.0 8 110 M M 1 M M
13 91 66 79 1 0 14 0.00 M M 6.6 10 100 M M 2 M M
14 89 66 78 0 0 13 0.00 M M 7.5 12 110 M M 1 16 110
15 89 57 73 -4 0 8 0.00 M M 6.0 12 110 M M 0 M M
16 91 70 81 4 0 16 0.00 M M 7.7 10 140 M M 2 20 170
17 94 76 85 8 0 20 0.00 M M 10.1 14 180 M M 6 21 180
18 94 73 84 8 0 19 0.00 M M 7.7 10 200 M M 1 16 150
19 95 73 84 8 0 19 0.00 M M 6.3 10 140 M M 1 9 140
20 97 73 85 9 0 20 0.00 M M 6.0 10 170 M M 1 M M
21 98 70 84 9 0 19 0.00 M M 4.3 10 200 M M 0 17 200
22 98 66 82 7 0 17 0.00 M M 3.2 9 20 M M 1 M M
23 98 69 84 9 0 19 0.00 M M 5.8 14 210 M M 1 18 210
24 96 74 85 11 0 20 0.00 M M 7.3 12 170 M M 0 18 180
25 98 72 85 11 0 20 0.00 M M 3.6 10 40 M M 2 26 50
26 86 58 72 -2 0 7 0.00 M M 8.1 15 360 M M 0 8 24 360
27 90 51 71 -2 0 6 0.00 M M 4.6 9 100 M M 0 18 110
28 91 59 75 2 0 10 0.00 M M 6.9 13 200 M M 0 17 200
29 88 65 77 4 0 12 0.00 M M 10.0 16 130 M M 0 24 130
30 83 52 68 -4 0 3 0.00 M M 5.8 12 90 M M 0 M M
================================================================================
SM 2739 2028 0 440 1.15 M 173.4 M 42
================================================================================
AV 91.3 67.6 5.8 FASTST M M 1 MAX(MPH)
MISC ----> 23 10 39 10
================================================================================
NOTES:
# LAST OF SEVERAL OCCURRENCES
COLUMN 17 PEAK WIND IN M.P.H.
PRELIMINARY LOCAL CLIMATOLOGICAL DATA (WS FORM: F-6) , PAGE 2
STATION: HILLSBORO
MONTH: SEPTEMBER
YEAR: 2022
LATITUDE: 32 0 N
LONGITUDE: 97 6 W
[TEMPERATURE DATA] [PRECIPITATION DATA] SYMBOLS USED IN COLUMN 16
AVERAGE MONTHLY: 79.5 TOTAL FOR MONTH: 1.15 1 = FOG OR MIST
DPTR FM NORMAL: 2.3 DPTR FM NORMAL: -1.88 2 = FOG REDUCING VISIBILITY
HIGHEST: 98 ON 25,23 GRTST 24HR 0.87 ON 2- 2 TO 1/4 MILE OR LESS
LOWEST: 51 ON 27 3 = THUNDER
SNOW, ICE PELLETS, HAIL 4 = ICE PELLETS
TOTAL MONTH: M 5 = HAIL
GRTST 24HR M ON M 6 = FREEZING RAIN OR DRIZZLE
GRTST DEPTH: M ON M 7 = DUSTSTORM OR SANDSTORM:
VSBY 1/2 MILE OR LESS
8 = SMOKE OR HAZE
[NO. OF DAYS WITH] [WEATHER - DAYS WITH] 9 = BLOWING SNOW
X = TORNADO
MAX 32 OR BELOW: 0 0.01 INCH OR MORE: 4
MAX 90 OR ABOVE: 21 0.10 INCH OR MORE: 2
MIN 32 OR BELOW: 0 0.50 INCH OR MORE: 1
MIN 0 OR BELOW: 0 1.00 INCH OR MORE: 0
[HDD (BASE 65) ]
TOTAL THIS MO. 0 CLEAR (SCALE 0-3) 28
DPTR FM NORMAL -7 PTCLDY (SCALE 4-7) 2
TOTAL FM JUL 1 0 CLOUDY (SCALE 8-10) 0
DPTR FM NORMAL -5
[CDD (BASE 65) ]
TOTAL THIS MO. 440
DPTR FM NORMAL 70 [PRESSURE DATA]
TOTAL FM JAN 1 2987 HIGHEST SLP M ON M
DPTR FM NORMAL 627 LOWEST SLP M ON M
[REMARKS]
#FINAL-09-22#