000
CXUS54 KFWD 010731
CF6INJ
PRELIMINARY LOCAL CLIMATOLOGICAL DATA (WS FORM: F-6)
STATION: HILLSBORO
MONTH: SEPTEMBER
YEAR: 2021
LATITUDE: 32 0 N
LONGITUDE: 97 6 W
TEMPERATURE IN F: :PCPN: SNOW: WIND :SUNSHINE: SKY :PK WND
================================================================================
1 2 3 4 5 6A 6B 7 8 9 10 11 12 13 14 15 16 17 18
12Z AVG MX 2MIN
DY MAX MIN AVG DEP HDD CDD WTR SNW DPTH SPD SPD DIR MIN PSBL S-S WX SPD DR
================================================================================
1 98 77 88 6 0 23 0.00 M M 7.2 12 150 M M 0 16 190
2 97 76 87 6 0 22 0.00 M M 7.9 13 150 M M 1 1 17 130
3 96 76 86 5 0 21 0.00 M M 8.5 13 140 M M 2 18 160
4 97 76 87 6 0 22 0.00 M M 7.7 12 200 M M 1 20 210
5 98 76 87 7 0 22 0.00 M M 8.3 17 330 M M 1 21 330
6 96 76 86 6 0 21 0.00 M M 7.3 10 50 M M 1 17 70
7 95 69 82 2 0 17 0.00 M M 6.5 10 90 M M 1 M M
8 94 65 80 0 0 15 0.00 M M 4.2 14 360 M M 1 23 0
9 92 64 78 -1 0 13 0.00 M M 8.8 15 50 M M 0 18 80
10 92 70 81 2 0 16 0.00 M M 8.7 12 130 M M 0 18 140
11 91 66 79 0 0 14 0.00 M M 7.1 10 110 M M 0 17 200
12 91 65 78 0 0 13 0.00 M M 7.3 12 150 M M 0 16 80
13 91 72 82 4 0 17 0.00 M M 8.4 15 170 M M 7 20 140
14 83 67 75 -3 0 10 0.00 M M 6.8 16 50 M M 8 1 22 60
15 88 69 79 2 0 14 0.00 M M 7.7 16 30 M M 5 20 10
16 92 70 81 4 0 16 0.00 M M 7.2 13 50 M M 2 16 70
17 92 66 79 2 0 14 0.00 M M 3.9 10 30 M M 1 M M
18 94 69 82 6 0 17 0.00 M M 5.9 12 360 M M 2 17 350
19 95 71 83 7 0 18 0.00 M M 3.6 8 110 M M 2 M M
20 100 75 88 12 0 23 0.00 M M 10.9 15 150 M M 0 8 22 190
21 83 70 77 2 0 12 0.03 M M 7.2 12 340 M M 4 3 21 340
22 82 68 75 0 0 10 0.00 M M 9.4 15 360 M M 0 23 10
23 M 51 M M M M M M M 3.9 8 70 M M 0 M M
24 M M M M M M M M M M M M M M M M M
25 M M M M M M M M M M M M M M M M M
26 M M M M M M M M M M M M M M M M M
27 M M M M M M M M M M M M M M M M M
28 M M M M M M M M M M M M M M M M M
29 M M M M M M M M M M M M M M M M M
30 M M M M M M M M M M M M M M M M M
================================================================================
SM 2037 1604 0 370 0.03 M 164.6 M 39
================================================================================
AV 92.6 69.7 7.2 FASTST M M 2 MAX(MPH)
MISC ----> 17 330 # 23 0
================================================================================
NOTES:
# LAST OF SEVERAL OCCURRENCES
COLUMN 17 PEAK WIND IN M.P.H.
PRELIMINARY LOCAL CLIMATOLOGICAL DATA (WS FORM: F-6) , PAGE 2
STATION: HILLSBORO
MONTH: SEPTEMBER
YEAR: 2021
LATITUDE: 32 0 N
LONGITUDE: 97 6 W
[TEMPERATURE DATA] [PRECIPITATION DATA] SYMBOLS USED IN COLUMN 16
AVERAGE MONTHLY: 81.2 TOTAL FOR MONTH: 0.03 1 = FOG OR MIST
DPTR FM NORMAL: 4.1 DPTR FM NORMAL: -3.00 2 = FOG REDUCING VISIBILITY
HIGHEST: 100 ON 20 GRTST 24HR 0.03 ON 21-21 TO 1/4 MILE OR LESS
LOWEST: 51 ON 23 3 = THUNDER
SNOW, ICE PELLETS, HAIL 4 = ICE PELLETS
TOTAL MONTH: M 5 = HAIL
GRTST 24HR M ON M 6 = FREEZING RAIN OR DRIZZLE
GRTST DEPTH: M ON M 7 = DUSTSTORM OR SANDSTORM:
VSBY 1/2 MILE OR LESS
8 = SMOKE OR HAZE
[NO. OF DAYS WITH] [WEATHER - DAYS WITH] 9 = BLOWING SNOW
X = TORNADO
MAX 32 OR BELOW: 0 0.01 INCH OR MORE: 1
MAX 90 OR ABOVE: 18 0.10 INCH OR MORE: 0
MIN 32 OR BELOW: 0 0.50 INCH OR MORE: 0
MIN 0 OR BELOW: 0 1.00 INCH OR MORE: 0
[HDD (BASE 65) ]
TOTAL THIS MO. 0 CLEAR (SCALE 0-3) 19
DPTR FM NORMAL -7 PTCLDY (SCALE 4-7) 4
TOTAL FM JUL 1 0 CLOUDY (SCALE 8-10) 7
DPTR FM NORMAL -5
[CDD (BASE 65) ]
TOTAL THIS MO. 370
DPTR FM NORMAL 0 [PRESSURE DATA]
TOTAL FM JAN 1 2293 HIGHEST SLP M ON M
DPTR FM NORMAL -67 LOWEST SLP M ON M
[REMARKS]
#FINAL-09-21#