000
CXUS54 KFWD 251721
CF6INJ
PRELIMINARY LOCAL CLIMATOLOGICAL DATA (WS FORM: F-6)
STATION: HILLSBORO
MONTH: MARCH
YEAR: 2021
LATITUDE: 32 0 N
LONGITUDE: 97 6 W
TEMPERATURE IN F: :PCPN: SNOW: WIND :SUNSHINE: SKY :PK WND
================================================================================
1 2 3 4 5 6A 6B 7 8 9 10 11 12 13 14 15 16 17 18
12Z AVG MX 2MIN
DY MAX MIN AVG DEP HDD CDD WTR SNW DPTH SPD SPD DIR MIN PSBL S-S WX SPD DR
================================================================================
1 55 44 50 -4 15 0 0.46 M M 11.0 20 350 M M 10 28 350
2 62 35 49 -5 16 0 0.00 M M 3.9 10 340 M M 1 M M
3 68 35 52 -2 13 0 0.00 M M 5.4 12 190 M M 0 9 200
4 72 45 59 5 6 0 0.00 M M 11.3 18 130 M M 0 24 130
5 73 53 63 8 2 0 0.00 M M 12.9 23 290 M M 5 30 290
6 64 41 53 -2 12 0 0.00 M M 8.7 14 40 M M 0 18 40
7 67 39 53 -2 12 0 0.00 M M 8.6 14 110 M M 0 23 120
8 70 41 56 0 9 0 0.00 M M 9.4 14 160 M M 1 22 170
9 73 56 65 9 0 0 0.00 M M 16.6 24 180 M M 7 28 170
10 75 61 68 12 0 3 0.00 M M 18.7 25 170 M M 9 33 180
11 81 67 74 18 0 9 0.00 M M 17.0 24 170 M M 8 31 170
12 79 66 73 16 0 8 0.00 M M 14.3 22 160 M M 9 1 29 130
13 76 65 71 14 0 6 0.00 M M 15.0 22 140 M M 9 32 140
14 74 51 63 6 2 0 0.01 M M 7.8 22 140 M M 6 29 140
15 83 44 64 7 1 0 0.00 M M 7.8 21 230 M M 0 29 230
16 79 56 68 10 0 3 M M M 11.1 17 140 M M 6 1 24 140
17 72 46 59 1 6 0 0.05 M M 18.7 31 290 M M 4 3 44 270
18 62 42 52 -6 13 0 0.00 M M 15.5 23 290 M M 1 32 310
19 64 35 50 -8 15 0 0.00 M M 8.0 16 360 M M 0 28 350
20 69 37 53 -6 12 0 0.00 M M 3.5 9 110 M M 0 M M
21 69 40 55 -4 10 0 0.00 M M 10.6 15 140 M M 1 25 170
22 66 55 61 2 4 0 0.27 M M 13.3 22 130 M M 7 3 36 120
23 74 44 59 -1 6 0 0.00 M M 6.7 12 270 M M 1 1 17 260
24 75 48 62 2 3 0 0.04 M M 9.9 17 80 M M 4 13 24 80
25 69 48 59 -1 6 0 0.75 M M 8.2 23 320 M M 5 3 36 330
26 77 47 62 2 3 0 0.00 M M 9.0 15 130 M M 0 23 130
27 78 54 66 5 0 1 0.00 M M 7.9 21 350 M M 6 1 29 340
28 72 49 61 0 4 0 0.00 M M 11.4 23 350 M M 0 33 350
29 75 40 58 -3 7 0 0.00 M M 8.6 16 150 M M 0 24 160
30 81 58 70 9 0 5 0.00 M M 12.4 21 170 M M 8 28 200
31 67 49 58 -4 7 0 0.00 M M 14.3 21 360 M M 5 33 360
================================================================================
SM 2221 1491 184 35 1.58 M 337.6 M 113
================================================================================
AV 71.6 48.1 10.9 FASTST M M 4 MAX(MPH)
MISC ----> 31 290 44 270
================================================================================
NOTES:
# LAST OF SEVERAL OCCURRENCES
COLUMN 17 PEAK WIND IN M.P.H.
PRELIMINARY LOCAL CLIMATOLOGICAL DATA (WS FORM: F-6) , PAGE 2
STATION: HILLSBORO
MONTH: MARCH
YEAR: 2021
LATITUDE: 32 0 N
LONGITUDE: 97 6 W
[TEMPERATURE DATA] [PRECIPITATION DATA] SYMBOLS USED IN COLUMN 16
AVERAGE MONTHLY: 59.9 TOTAL FOR MONTH: 1.58 1 = FOG OR MIST
DPTR FM NORMAL: 2.2 DPTR FM NORMAL: -2.20 2 = FOG REDUCING VISIBILITY
HIGHEST: 83 ON 15 GRTST 24HR 0.75 ON 25-25 TO 1/4 MILE OR LESS
LOWEST: 35 ON 19, 3 3 = THUNDER
SNOW, ICE PELLETS, HAIL 4 = ICE PELLETS
TOTAL MONTH: M 5 = HAIL
GRTST 24HR M ON M 6 = FREEZING RAIN OR DRIZZLE
GRTST DEPTH: M ON M 7 = DUSTSTORM OR SANDSTORM:
VSBY 1/2 MILE OR LESS
8 = SMOKE OR HAZE
[NO. OF DAYS WITH] [WEATHER - DAYS WITH] 9 = BLOWING SNOW
X = TORNADO
MAX 32 OR BELOW: 0 0.01 INCH OR MORE: 6
MAX 90 OR ABOVE: 0 0.10 INCH OR MORE: 3
MIN 32 OR BELOW: 0 0.50 INCH OR MORE: 1
MIN 0 OR BELOW: 0 1.00 INCH OR MORE: 0
[HDD (BASE 65) ]
TOTAL THIS MO. 184 CLEAR (SCALE 0-3) 15
DPTR FM NORMAL -73 PTCLDY (SCALE 4-7) 11
TOTAL FM JUL 1 2114 CLOUDY (SCALE 8-10) 5
DPTR FM NORMAL -3
[CDD (BASE 65) ]
TOTAL THIS MO. 35
DPTR FM NORMAL 6 [PRESSURE DATA]
TOTAL FM JAN 1 37 HIGHEST SLP M ON M
DPTR FM NORMAL 0 LOWEST SLP M ON M
[REMARKS]
#FINAL-03-21#