640
CXUS54 KFWD 010141
CF6INJ
PRELIMINARY LOCAL CLIMATOLOGICAL DATA (WS FORM: F-6)
STATION: HILLSBORO
MONTH: DECEMBER
YEAR: 2020
LATITUDE: 32 0 N
LONGITUDE: 97 6 W
TEMPERATURE IN F: :PCPN: SNOW: WIND :SUNSHINE: SKY :PK WND
================================================================================
1 2 3 4 5 6A 6B 7 8 9 10 11 12 13 14 15 16 17 18
12Z AVG MX 2MIN
DY MAX MIN AVG DEP HDD CDD WTR SNW DPTH SPD SPD DIR MIN PSBL S-S WX SPD DR
================================================================================
1 57 29 43 -8 22 0 0.00 M M 11.2 21 170 M M 1 25 150
2 59 38 49 -1 16 0 0.00 M M 10.2 16 300 M M 4 23 300
3 47 30 39 -11 26 0 0.00 M M 8.6 17 300 M M 8 22 300
4 57 29 43 -7 22 0 0.00 M M 3.6 12 340 M M 2 1 M M
5 62 29 46 -4 19 0 0.00 M M 1.6 6 220 M M 3 M M
6 61 35 48 -1 17 0 0.00 M M 5.8 17 310 M M 3 23 330
7 64 32 48 -1 17 0 0.00 M M 3.8 13 340 M M 0 18 350
8 74 34 54 5 11 0 0.00 M M 1.5 7 260 M M 0 M M
9 79 33 56 7 9 0 0.00 M M 3.2 8 230 M M 0 M M
10 77 41 59 11 6 0 0.00 M M 10.1 22 170 M M 0 27 170
11 69 45 57 9 8 0 M M M 7.8 14 170 M M 7 1 17 160
12 57 35 46 -2 19 0 0.00 M M 4.7 14 340 M M 0 18 340
13 46 37 42 -6 23 0 M M M 14.7 25 300 M M 10 33 330
14 51 34 43 -5 22 0 0.00 M M 6.9 15 350 M M 4 18 350
15 46 35 41 -6 24 0 0.00 M M 6.7 13 290 M M 8 1 18 270
16 48 32 40 -7 25 0 0.00 M M 8.8 16 330 M M 4 20 330
17 60 26 43 -4 22 0 0.00 M M 3.7 12 150 M M 0 18 150
18 62 37 50 3 15 0 0.00 M M 12.4 23 160 M M 5 31 160
19 62 38 50 3 15 0 M M M 6.0 17 290 M M 6 1 20 250
20 65 32 49 2 16 0 0.00 M M 2.3 9 310 M M 0 M M
21 72 34 53 6 12 0 0.00 M M 4.6 14 210 M M 0 M M
22 69 45 57 10 8 0 0.00 M M 11.7 21 160 M M 1 26 170
23 75 37 56 9 9 0 0.00 M M 18.9 31 330 M M 3 39 330
24 55 26 41 -5 24 0 0.00 M M 10.2 23 340 M M 0 28 340
25 62 27 45 -1 20 0 0.00 M M 3.8 9 140 M M 0 M M
26 69 33 51 5 14 0 0.00 M M 8.8 21 200 M M 0 28 200
27 76 49 63 17 2 0 0.00 M M 11.8 20 200 M M 0 29 200
28 60 48 54 8 11 0 0.02 M M 11.0 17 60 M M 7 21 70
29 71 56 64 18 1 0 M M M 15.1 22 150 M M 9 1 30 150
30 64 39 52 6 13 0 0.50 M M 15.4 26 340 M M 10 35 0
31 40 35 38 -8 27 0 1.30 M M 15.5 25 10 M M 10 33 10
================================================================================
SM 1916 1110 495 0 1.82 M 260.4 M 105
================================================================================
AV 61.8 35.8 8.4 FASTST M M 3 MAX(MPH)
MISC ----> 31 330 39 330
================================================================================
NOTES:
# LAST OF SEVERAL OCCURRENCES
COLUMN 17 PEAK WIND IN M.P.H.
PRELIMINARY LOCAL CLIMATOLOGICAL DATA (WS FORM: F-6) , PAGE 2
STATION: HILLSBORO
MONTH: DECEMBER
YEAR: 2020
LATITUDE: 32 0 N
LONGITUDE: 97 6 W
[TEMPERATURE DATA] [PRECIPITATION DATA] SYMBOLS USED IN COLUMN 16
AVERAGE MONTHLY: 48.8 TOTAL FOR MONTH: 1.82 1 = FOG OR MIST
DPTR FM NORMAL: 1.0 DPTR FM NORMAL: -1.27 2 = FOG REDUCING VISIBILITY
HIGHEST: 79 ON 9 GRTST 24HR 1.30 ON 31-31 TO 1/4 MILE OR LESS
LOWEST: 26 ON 24,17 3 = THUNDER
SNOW, ICE PELLETS, HAIL 4 = ICE PELLETS
TOTAL MONTH: M 5 = HAIL
GRTST 24HR M ON M 6 = FREEZING RAIN OR DRIZZLE
GRTST DEPTH: M ON M 7 = DUSTSTORM OR SANDSTORM:
VSBY 1/2 MILE OR LESS
8 = SMOKE OR HAZE
[NO. OF DAYS WITH] [WEATHER - DAYS WITH] 9 = BLOWING SNOW
X = TORNADO
MAX 32 OR BELOW: 0 0.01 INCH OR MORE: 3
MAX 90 OR ABOVE: 0 0.10 INCH OR MORE: 2
MIN 32 OR BELOW: 10 0.50 INCH OR MORE: 2
MIN 0 OR BELOW: 0 1.00 INCH OR MORE: 1
[HDD (BASE 65) ]
TOTAL THIS MO. 495 CLEAR (SCALE 0-3) 16
DPTR FM NORMAL -45 PTCLDY (SCALE 4-7) 10
TOTAL FM JUL 1 778 CLOUDY (SCALE 8-10) 5
DPTR FM NORMAL -110
[CDD (BASE 65) ]
TOTAL THIS MO. 0
DPTR FM NORMAL -5 [PRESSURE DATA]
TOTAL FM JAN 1 2731 HIGHEST SLP M ON M
DPTR FM NORMAL 188 LOWEST SLP M ON M
[REMARKS]
#FINAL-12-20#